{"id":866,"date":"2013-09-28T00:30:14","date_gmt":"2013-09-28T00:30:14","guid":{"rendered":"http:\/\/www.ceadin.org\/b\/"},"modified":"2023-09-10T08:30:23","modified_gmt":"2023-09-10T08:30:23","slug":"alcoholismo","status":"publish","type":"page","link":"https:\/\/www.ceadin.org\/b\/alcoholismo\/","title":{"rendered":"Alcoholismo"},"content":{"rendered":"<blockquote>\n<blockquote>\n<h3><\/h3>\n<h3 style=\"text-align: center;\"><span style=\"color: #008080;\"><em><strong>\u2014 Depresi\u00f3n Enmascarada \u2014<\/strong><\/em><\/span><\/h3>\n<h3 style=\"text-align: center;\"><span style=\"color: #d15021;\"><em><strong>\u2014 Alcoholismo \u2014<br \/>\n<\/strong><\/em><\/span><\/h3>\n<p><a href=\"http:\/\/www.ceadin.org\/b\/wp-content\/uploads\/2023\/08\/FABIAN-PEREZ-47.jpg\"><img decoding=\"async\" loading=\"lazy\" class=\"size-full wp-image-7387\" src=\"http:\/\/www.ceadin.org\/b\/wp-content\/uploads\/2023\/08\/FABIAN-PEREZ-47.jpg\" alt=\"\" width=\"800\" height=\"600\" srcset=\"https:\/\/www.ceadin.org\/b\/wp-content\/uploads\/2023\/08\/FABIAN-PEREZ-47.jpg 800w, https:\/\/www.ceadin.org\/b\/wp-content\/uploads\/2023\/08\/FABIAN-PEREZ-47-300x225.jpg 300w, https:\/\/www.ceadin.org\/b\/wp-content\/uploads\/2023\/08\/FABIAN-PEREZ-47-768x576.jpg 768w, https:\/\/www.ceadin.org\/b\/wp-content\/uploads\/2023\/08\/FABIAN-PEREZ-47-619x464.jpg 619w\" sizes=\"(max-width: 800px) 100vw, 800px\" \/><\/a><\/p>\n<h3 style=\"text-align: center;\"><span style=\"color: #008080;\"><em><strong>&#8211; La Depresi\u00f3n adopta algunas mascaras &#8211;<\/strong><\/em><\/span><\/h3>\n<h3 style=\"text-align: left;\"><em><strong><span style=\"color: #d15021;\">1.- Alco<\/span><span style=\"color: #d15021;\">holis<\/span><span style=\"color: #d15021;\">mo: <\/span><span style=\"color: #008080;\">Al no reconocer que se padece una enfermedad, el hombre oculta su malestar bebiendo alcohol, pues con el alcohol desaparece su sensaci\u00f3n de inferioridad, incapacidad, o baja autoestima y as\u00ed se enga\u00f1a sinti\u00e9ndose pleno, autosuficiente y con una autoestima alta, que durar\u00e1 un tiempo corto y volver\u00e1 a tomar alcohol para as\u00ed seguir el circulo vicioso hasta tocar fondo.<\/span><\/strong><\/em><\/h3>\n<h3 style=\"text-align: left;\"><em><strong><a href=\"http:\/\/www.ceadin.org\/b\/neurosis\/\"><span style=\"color: #d15021;\">\u2217 2.-Neurosis<\/span><\/a><span style=\"color: #008000;\"><span style=\"color: #d15021;\">: <\/span><span style=\"color: #008080;\">La persona se vuelve agresiva e intolerante, al no reconocer que padece una depresi\u00f3n, su parte interna no comprende lo que le pasa y se enoja y vuelca su enojo fuera de s\u00ed y lo descarga contra los dem\u00e1s, volvi\u00e9ndose una persona que tiene arranques de furia incontrolable, se vuelven golpeadores con su familia y agresivos con las personas con qui\u00e9n se topan por la vida.<\/span><\/span><\/strong><\/em><\/h3>\n<h3 style=\"text-align: left;\"><em><strong><span style=\"color: #d15021;\">3.- Adicciones<\/span><span style=\"color: #008000;\"><span style=\"color: #d15021;\">: <\/span><span style=\"color: #008080;\">Las personas se sienten incapaces de resolver situaciones en su vida, provienen de familias disfuncionales, sufren falta de amor (no se sienten queridos), abandonados (los padres nunca los nutren de seguridad, padres ausentes) y eligen desesperadamente como \u00fanico camino, fugarse y consumir drogas.<\/span><\/span><\/strong><\/em><\/h3>\n<h3 style=\"text-align: left;\"><span style=\"color: #008080;\"><em><strong>Es m\u00e1s dif\u00edcil que los hombres admitan que est\u00e1n deprimidos, e<\/strong><\/em><\/span><em><strong><span style=\"color: #008080;\">n cambio es m\u00e1s probable que oculten sus padecimientos tras el alcohol, las drogas o conductas agresivas. Pero lo que no saben es que el alcohol agrava (empeora) la depresi\u00f3n.<\/span><br \/>\n<\/strong><\/em><\/h3>\n<p style=\"text-align: center;\"><span style=\"color: #008080;\"><strong>&#8212;\/&#8212;<\/strong><\/span><\/p>\n<div class=\"entry\">\n<h3 style=\"text-align: center;\"><span style=\"color: #d15021;\"><em><strong><a href=\"http:\/\/www.ceadin.org\/b\/alcoholismo\/\"><span style=\"color: #d15021;\">\u2014\u00a0 \u2217 Alcoholismo \u2014<\/span><\/a><br \/>\n\u00bfUna mascara para ocultar la depresi\u00f3n?<br \/>\nM<span style=\"color: #d15021;\">uchos hombres buscan en las bebidas alcoh\u00f3licas<\/span><br \/>\n<span style=\"color: #d15021;\">un escape a sus<\/span> problemas.<\/strong><\/em><\/span><\/h3>\n<h3 style=\"text-align: center;\"><span style=\"color: #d15021;\"><em><strong>\u00bfPor qu\u00e9?<\/strong><\/em><\/span><\/h3>\n<blockquote>\n<h3><span style=\"color: #d15021;\"><em><strong>\u00bfAlcoh\u00f3lico yo?<\/strong><\/em><\/span><em><strong><span style=\"color: #666699;\"><br \/>\n\u00a1Pero si tomar un par de copas no le hace da\u00f1o a nadie!\u00a0 dijo Julio cuando le preguntaron si ten\u00eda alg\u00fan problema con los tragos. Es cierto, -un par de copas- pueden hasta tener beneficios para la salud. Pero no m\u00e1s que eso. <\/span><\/strong><\/em><\/h3>\n<h3><em><strong><span style=\"color: #666699;\">Esta excusa es usada con frecuencia, por los hombres y mujeres que buscan en el alcohol una tranquilidad para ocultar su depresi\u00f3n que en realidad, los pone en riesgo de desarrollar una adicci\u00f3n que despu\u00e9s no pueden controlar.<a href=\"http:\/\/www.ceadin.org\/b\/wp-content\/uploads\/2023\/09\/6HR-Ryan48-2-FUMANDO.jpg\"><img decoding=\"async\" loading=\"lazy\" class=\"alignright size-full wp-image-7398\" src=\"http:\/\/www.ceadin.org\/b\/wp-content\/uploads\/2023\/09\/6HR-Ryan48-2-FUMANDO.jpg\" alt=\"\" width=\"800\" height=\"787\" srcset=\"https:\/\/www.ceadin.org\/b\/wp-content\/uploads\/2023\/09\/6HR-Ryan48-2-FUMANDO.jpg 800w, https:\/\/www.ceadin.org\/b\/wp-content\/uploads\/2023\/09\/6HR-Ryan48-2-FUMANDO-300x295.jpg 300w, https:\/\/www.ceadin.org\/b\/wp-content\/uploads\/2023\/09\/6HR-Ryan48-2-FUMANDO-768x756.jpg 768w, https:\/\/www.ceadin.org\/b\/wp-content\/uploads\/2023\/09\/6HR-Ryan48-2-FUMANDO-619x609.jpg 619w\" sizes=\"(max-width: 800px) 100vw, 800px\" \/><\/a><\/span><\/strong><\/em><span id=\"more-15214\" style=\"color: #008000;\"> <\/span><\/h3>\n<h3 style=\"text-align: center;\"><span style=\"color: #d15021;\"><em><strong>El alcohol afecta al sistema ner<span style=\"color: #d15021;\">vioso central y act\u00faa co<\/span>mo depresor, por eso disminuye la ansiedad, las inhibiciones y la tensi\u00f3n, sin embargo tambi\u00e9n tiene efectos negativos.<\/strong><\/em><\/span><\/h3>\n<h3><span style=\"color: #008080;\"><em><strong>Unos cuantos tragos pueden modificar el comportamiento, disminuir el equilibrio (el balance del cuerpo al caminar) y la capacidad de pensar con claridad. Adem\u00e1s, pueden alterar la concentraci\u00f3n y la capacidad de discernimiento. Beber de m\u00e1s puede provocar intoxicaci\u00f3n (embriaguez), y cuando tomar bebidas alcoh\u00f3licas se convierte en un h\u00e1bito puede llevar al alcoholismo.<\/strong><\/em><\/span><\/h3>\n<h3><em><strong><span style=\"color: #008000;\"><span style=\"color: #008080;\">A veces, el alcoholismo puede venir de la mano de otro padecimiento, como la<\/span> <span style=\"color: #d15021;\">DEPRESI\u00d3N,<\/span><span style=\"color: #008080;\"> a la que de alg\u00fan modo oculta. Si bien esto puede ocurrirles tanto a los hombres como a las mujeres, en general se tiende a creer err\u00f3neamente que la depresi\u00f3n es algo que tiende a pasarles a las mujeres.<\/span><\/span> <\/strong><\/em><\/h3>\n<h3><span style=\"color: #d15021;\"><em><strong>Por eso, los hombres son m\u00e1s propensos a no admitir que tienen problemas emocionales, y es entonces cuando corren el riesgo de ocultarlos tras el alcohol. Adem\u00e1s, quienes est\u00e1n muy deprimidos o sufren des\u00f3rdenes de ansiedad (como p\u00e1nico o fobia social) y beben de manera frecuente, est\u00e1n m\u00e1s expuestos a que el alcohol los domine (as\u00ed como tambi\u00e9n a adquirir otro tipo de adicciones, como el tabaco).<\/strong><\/em><\/span><\/h3>\n<h3><em><strong><span style=\"color: #d15021;\">Las estad\u00edsticas indican que un gran porcentaje de alcoh\u00f3licos sufre alg\u00fan desorden psiqui\u00e1trico. Pero al mismo tiempo, algunos estudios indican que la dependencia al alcohol a largo plazo produce este tipo de des\u00f3rdenes emocionales. Por eso, a veces es dif\u00edcil determinar si la bebida se usa para disminuir la depresi\u00f3n o si es su causa.<\/span><\/strong><\/em><\/h3>\n<h3 style=\"text-align: center;\"><span style=\"color: #d15021;\">\u2014\/\u2014<a href=\"http:\/\/www.ceadin.org\/b\/wp-content\/uploads\/2023\/08\/Victor-Bauer-\u30ab\u30a4-45.jpg\"><img decoding=\"async\" loading=\"lazy\" class=\"alignright size-full wp-image-7388\" src=\"http:\/\/www.ceadin.org\/b\/wp-content\/uploads\/2023\/08\/Victor-Bauer-\u30ab\u30a4-45.jpg\" alt=\"\" width=\"800\" height=\"554\" srcset=\"https:\/\/www.ceadin.org\/b\/wp-content\/uploads\/2023\/08\/Victor-Bauer-\u30ab\u30a4-45.jpg 800w, https:\/\/www.ceadin.org\/b\/wp-content\/uploads\/2023\/08\/Victor-Bauer-\u30ab\u30a4-45-300x208.jpg 300w, https:\/\/www.ceadin.org\/b\/wp-content\/uploads\/2023\/08\/Victor-Bauer-\u30ab\u30a4-45-768x532.jpg 768w, https:\/\/www.ceadin.org\/b\/wp-content\/uploads\/2023\/08\/Victor-Bauer-\u30ab\u30a4-45-619x429.jpg 619w\" sizes=\"(max-width: 800px) 100vw, 800px\" \/><\/a><\/span><\/h3>\n<h3 style=\"text-align: center;\"><span style=\"color: #808000;\"><em><strong>As\u00ed que si piensas que el beber alcohol te<br \/>\nayuda a que salgas de la depresi\u00f3n, piensa de nuevo. <\/strong><\/em><\/span><\/h3>\n<h3><span style=\"color: #808000;\"><em><strong>En la mayor\u00eda de los casos los hombres que padecen de depresi\u00f3n (y en general cualquier persona) debe mantenerse alejado del alcohol por varias razones: Como mencion\u00e9 antes, el alcohol causa depresi\u00f3n y puede hacer que la tristeza y la ansiedad empeoren, puede ser peligroso si est\u00e1s tomando medicamentos para la depresi\u00f3n porque puede causar interacciones perjudiciales para la salud.<\/strong><\/em><\/span><\/h3>\n<h3><span style=\"color: #0000ff;\"><em><strong><span style=\"color: #808000;\">El alcohol afecta la capacidad para conciliar el sue\u00f1o, que tambi\u00e9n se agrava por la depresi\u00f3n. El alcohol afecta la percepci\u00f3n y la capacidad de juzgar las diferentes situaciones. Por eso, si t\u00fa (o un familiar) abusas de las bebidas alcoh\u00f3licas, debes buscar ayuda profesional, antes de que esto te empiece a afectar todos los aspectos de tu vida.<\/span> <\/strong><\/em><\/span><\/h3>\n<h3 style=\"text-align: center;\"><span style=\"color: #d15021;\"><em><strong>Hay quien dice que como los hombres<br \/>\nhan sido entrenados para no llorar, buscan desahogo en una sustancia que les haga olvidar lo que les preocupa. <\/strong><\/em><\/span><\/h3>\n<h3 style=\"text-align: center;\"><span style=\"color: #808000;\"><em><strong>Otros dicen que beben para ahogar sus penas\u2026.<br \/>\npero las penas aprenden a nadar!<br \/>\n<\/strong><\/em><\/span><\/h3>\n<h3 style=\"text-align: center;\"><span style=\"color: #808000;\"><em><strong>Si est\u00e1s deprimido, busca ayuda profesional, es la mejor terapia y mucho m\u00e1s sano que emborracharte hasta perder el sentido.<\/strong><\/em><\/span><\/h3>\n<h3><em><strong>\u00a0<\/strong><\/em><span style=\"color: #808000;\"><em>Por\u00a0 Doctora Aliza \u2022 10 de marzo de 2011<\/em><\/span><\/h3>\n<h3><span style=\"color: #d15021;\"><em><strong>Busca Ayuda:<\/strong><\/em><\/span><\/h3>\n<h3><em><span style=\"color: #008080;\">Central Mexicana de Alcoh\u00f3licos An\u00f3nimos A.C.<\/span><\/em><\/h3>\n<div class=\"TbwUpd NJjxre iUh30 ojE3Fb\">\n<h3 class=\"eqA2re NjwKYd Vwoesf\" aria-hidden=\"true\"><span style=\"color: #008080;\"><em><img decoding=\"async\" class=\"XNo5Ab\" src=\"data:image\/png;base64,iVBORw0KGgoAAAANSUhEUgAAACAAAAAaCAMAAADhRa4NAAAAV1BMVEVHcEwICxIAAAAAAAAAAAAAAAAAAAAAAAAAAAAZJj0BBAoAAAAAAAAAAAAVLWgcNG4QKGMAHlwKI2AbMmsNJ2QUK2UbM2wGIV4QKGQWLGcKJWIKJWIVLGZ73LJYAAAAHXRSTlMAFi9KZD8iO0QIHBBYUEYv2P\/rpJCzs\/bLwb96Wll\/8TgAAAEmSURBVHgBlZIHYuMgFERpouMwiPZl3\/+cS7zpSn3q4tGH\/QgXUgop1Ca1McJILY3YjNXGbtZI6xjTngftgudcr4s7H4IP3mmuued+CYughIpWqSijVknFmKJPRrA33MUPP9Z5wl0uD\/enY59xySg7UBnjSzvTAPQxgflpMdv7AA00jD75Z+3PCRCwDHT6RKAOtJlHo4LySScu5\/V\/HgeOZdL1JDyMgo5jLqFkUD0LwCyYj8IScZy7ABpG3dvRAMLOThQCnlpYwuUs3HYiaq1Ro2Pu7BMyMv5D+Hwp806llJH3fGOfUwt16vnTrXjidq1Xz\/6OkSuu1m488mTFJoxXZiXWbvpJ4Fwbrrl26+AhcP+YXO295+wFr7RaUY332EaVUlKO\/Y5\/22UThWgcl+UAAAAASUVORK5CYII=\" alt=\"\" data-atf=\"1\" data-frt=\"0\" \/><\/em><span class=\"VuuXrf\"><br \/>\n<em>Alcoh\u00f3licos An\u00f3nimos<\/em><br \/>\n<\/span><a style=\"color: #008080;\" href=\"https:\/\/www.aamexico.org.mx\"><cite class=\"tjvcx GvPZzd cHaqb\" role=\"text\"><span style=\"text-decoration: underline;\">https:\/\/www.aamexico.org.mx<\/span><\/cite><\/a><\/span><\/h3>\n<div>\n<h3><span style=\"color: #008080;\"><a style=\"color: #008080;\" href=\"http:\/\/www.aamexico.org.mx\/aa_mexico\" data-jsarwt=\"1\" data-usg=\"AOvVaw2NzG6STDKo2GSvZEYaoY6k\" data-ved=\"2ahUKEwisuIDysJ-BAxXmkWoFHaZeAowQ0gIoAHoECBAQAQ\"><em><span style=\"text-decoration: underline;\">\u2217AA en M\u00e9xico<\/span><\/em><\/a><span style=\"text-decoration: underline;\"><em> \u200e<\/em><\/span><\/span><br \/>\n<em><span style=\"color: #008080;\"><a style=\"color: #008080;\" href=\"https:\/\/www.aamexico.org.mx\/aa\" data-jsarwt=\"1\" data-usg=\"AOvVaw1kSEKsZr3-8XkbLt0o3vR5\" data-ved=\"2ahUKEwisuIDysJ-BAxXmkWoFHaZeAowQ0gIoAXoECBAQAg\"><span style=\"text-decoration: underline;\">\u2217\u00bfQu\u00e9 es AA?<\/span><\/a><span style=\"text-decoration: underline;\">\u00a0 \u200e<\/span><a style=\"color: #008080;\" href=\"https:\/\/www.aamexico.org.mx\/diagnostico_auto\" data-jsarwt=\"1\" data-usg=\"AOvVaw3rjbenLVfUitGa6ilFp_7R\" data-ved=\"2ahUKEwisuIDysJ-BAxXmkWoFHaZeAowQ0gIoAnoECBAQAw\"><br \/>\n<span style=\"text-decoration: underline;\">\u2217\u00bfEs AA para usted?<\/span><\/a><span style=\"text-decoration: underline;\">\u00a0 \u200e<\/span><\/span><\/em><br \/>\n<em><span style=\"color: #008080;\"><a style=\"color: #008080;\" href=\"http:\/\/www.aamexico.org.mx\/osg_literatura\" data-jsarwt=\"1\" data-usg=\"AOvVaw2kaMmqi7wd__GMkfdCZSRH\" data-ved=\"2ahUKEwisuIDysJ-BAxXmkWoFHaZeAowQ0gIoA3oECBAQBA\"><span style=\"text-decoration: underline;\">\u2217\u00bfC\u00f3mo hacer pedidos?<\/span><\/a><\/span><\/em><\/h3>\n<\/div>\n<\/div>\n<div class=\"B6fmyf byrV5b Mg1HEd\">\n<div class=\"TbwUpd iUh30 ojE3Fb\">\n<h3 class=\"eqA2re NjwKYd\"><span style=\"color: #d15021;\"><em>\u00bfC\u00f3mo ingreso a un grupo?<\/em><\/span><span class=\"ILfuVd\" lang=\"es\"><span class=\"hgKElc\"><br \/>\n<span style=\"color: #008080;\"><em>Solo busca en nuestro Directorio Nacional de Grupos el grupo m\u00e1s cercano a tu domicilio, verifica la hora y d\u00edas de sesi\u00f3n, y pres\u00e9ntate mencionando que deseas informaci\u00f3n para dejar de beber, si es para alg\u00fan familiar menciona que deseas informaci\u00f3n sobre AA para un ser querido o amigo.<\/em><\/span><\/span><\/span><\/h3>\n<h3 class=\"eqA2re NjwKYd\"><span style=\"color: #d15021;\"><em>\u00bfQu\u00e9 es lo que AA no hace?<span class=\"ILfuVd\" lang=\"es\"><span class=\"hgKElc\"><br \/>\n<span style=\"color: #008080;\">No proporciona medicamentos ni diagn\u00f3sticos, ni servicios psiqui\u00e1tricos. No dirige ni tiene hospitales o centros sanitarios; no suministra servicios de hospitalizaci\u00f3n. No est\u00e1 afiliada a ninguna otra organizaci\u00f3n. Pero coopera con organizaciones que combaten el alcoholismo.<\/span><\/span><\/span><\/em><\/span><\/h3>\n<h3 class=\"eqA2re NjwKYd\"><span style=\"color: #d15021;\"><em>\u00bfC\u00f3mo funciona Alcoh\u00f3licos An\u00f3nimos?<span class=\"ILfuVd\" lang=\"es\"><span class=\"hgKElc\"><br \/>\n<span style=\"color: #008080;\">Si su forma de beber est\u00e1 fuera de control, A.A. puede ayudarlo. Alcoh\u00f3licos An\u00f3nimos \u00ae es una comunidad de personas que comparten su mutua experiencia, fortaleza y esperanza para resolver su problema com\u00fan y ayudar a otros a recuperarse del alcoholismo.<\/span><\/span><\/span><\/em><\/span><\/h3>\n<h3 class=\"eqA2re NjwKYd\"><span style=\"color: #d15021;\"><em><span style=\"color: #d15021;\">\u00bfC\u00f3mo encontrar una reuni\u00f3n de AA?<\/span><br \/>\n<span style=\"color: #008080;\">Para encontrar la entidad de AA m\u00e1s cercana a usted,<br \/>\nutilice la b\u00fasqueda en: <a style=\"color: #008080;\" href=\"https:\/\/www.aa.org\/es\/find-aa\"><br \/>\n<span style=\"text-decoration: underline;\">\u2217AA cerca de usted<\/span><\/a><\/span><br \/>\n<\/em><\/span><\/h3>\n<h3><span style=\"color: #d15021;\"><em><strong>Informaci\u00f3n sobre reuniones:<\/strong><\/em><\/span><a href=\"https:\/\/www.aa.org\/es\/faq\/como-puedo-hallar-informacion-sobre-reuniones\"><span style=\"color: #d15021;\"><em><br \/>\n<span style=\"color: #008080;\">https:\/\/www.aa.org\/es\/faq\/como-puedo-hallar-informacion-sobre-reuniones<\/span><\/em><\/span><\/a><\/h3>\n<\/div>\n<\/div>\n<div class=\"kb0PBd cvP2Ce\" data-sncf=\"2\" data-snf=\"mCCBcf\">\n<div class=\"fG8Fp uo4vr\"><\/div>\n<\/div>\n<div class=\"kb0PBd cvP2Ce\" data-sncf=\"3\" data-snf=\"gdePb\">\n<div class=\"HiHjCd\">\u200e<\/div>\n<\/div>\n<p>&nbsp;<\/p>\n<p><span style=\"color: #808000;\"><em>Artista-Fabian P\u00e9rez<\/em><\/span><br \/>\n<span style=\"color: #808000;\"><em>Artista-Victor Bauer<\/em><\/span><br \/>\n<span style=\"color: #808000;\"><em>Artista-6HR Ryan<\/em><\/span><\/p><\/blockquote>\n<\/div>\n<\/blockquote>\n<\/blockquote>\n","protected":false},"excerpt":{"rendered":"<p>\u2014 Depresi\u00f3n Enmascarada \u2014 \u2014 Alcoholismo \u2014 &#8211; La Depresi\u00f3n adopta algunas mascaras &#8211; 1.- Alcoholismo: Al no reconocer que se padece una enfermedad, el hombre oculta su malestar bebiendo alcohol, pues con el alcohol desaparece su sensaci\u00f3n de inferioridad, incapacidad, o baja autoestima y as\u00ed se enga\u00f1a sinti\u00e9ndose pleno, autosuficiente y con una autoestima [&hellip;]<\/p>\n","protected":false},"author":2,"featured_media":0,"parent":0,"menu_order":25,"comment_status":"open","ping_status":"closed","template":"","meta":[],"_links":{"self":[{"href":"https:\/\/www.ceadin.org\/b\/wp-json\/wp\/v2\/pages\/866"}],"collection":[{"href":"https:\/\/www.ceadin.org\/b\/wp-json\/wp\/v2\/pages"}],"about":[{"href":"https:\/\/www.ceadin.org\/b\/wp-json\/wp\/v2\/types\/page"}],"author":[{"embeddable":true,"href":"https:\/\/www.ceadin.org\/b\/wp-json\/wp\/v2\/users\/2"}],"replies":[{"embeddable":true,"href":"https:\/\/www.ceadin.org\/b\/wp-json\/wp\/v2\/comments?post=866"}],"version-history":[{"count":0,"href":"https:\/\/www.ceadin.org\/b\/wp-json\/wp\/v2\/pages\/866\/revisions"}],"wp:attachment":[{"href":"https:\/\/www.ceadin.org\/b\/wp-json\/wp\/v2\/media?parent=866"}],"curies":[{"name":"wp","href":"https:\/\/api.w.org\/{rel}","templated":true}]}}