{"id":5364,"date":"2019-03-13T19:29:04","date_gmt":"2019-03-13T19:29:04","guid":{"rendered":"http:\/\/www.ceadin.org\/b\/?page_id=5364"},"modified":"2019-03-13T19:29:04","modified_gmt":"2019-03-13T19:29:04","slug":"ayudeme-dr-solo-quiero-dormir","status":"publish","type":"page","link":"https:\/\/www.ceadin.org\/b\/ayudeme-dr-solo-quiero-dormir\/","title":{"rendered":"AY\u00daDEME Dr: -S\u00f3lo quiero dormir"},"content":{"rendered":"<blockquote>\n<h3 style=\"text-align: center;\"><span style=\"color: #008000;\"><em><strong><br \/>\nAy\u00fademe doctor&#8230;<\/strong><\/em><\/span><\/h3>\n<h3 style=\"text-align: center;\"><span style=\"color: #0000ff;\"><em><strong>Solo quiero dormir..!<\/strong><\/em><\/span><\/h3>\n<h3 style=\"text-align: center;\"><a href=\"http:\/\/www.ceadin.org\/b\/wp-content\/uploads\/2019\/03\/fb-el-milagro-23.jpg\"><img decoding=\"async\" loading=\"lazy\" class=\"aligncenter size-full wp-image-5419\" src=\"http:\/\/www.ceadin.org\/b\/wp-content\/uploads\/2019\/03\/fb-el-milagro-23.jpg\" alt=\"\" width=\"810\" height=\"959\" srcset=\"https:\/\/www.ceadin.org\/b\/wp-content\/uploads\/2019\/03\/fb-el-milagro-23.jpg 810w, https:\/\/www.ceadin.org\/b\/wp-content\/uploads\/2019\/03\/fb-el-milagro-23-253x300.jpg 253w, https:\/\/www.ceadin.org\/b\/wp-content\/uploads\/2019\/03\/fb-el-milagro-23-768x909.jpg 768w, https:\/\/www.ceadin.org\/b\/wp-content\/uploads\/2019\/03\/fb-el-milagro-23-619x733.jpg 619w\" sizes=\"(max-width: 810px) 100vw, 810px\" \/><\/a><em><strong><span style=\"color: #800080;\">Presta atenci\u00f3n, vamos a explicarte por qu\u00e9<\/span><\/strong><\/em><br \/>\n<em><strong><span style=\"color: #800080;\">te pasa esto y qu\u00e9 es lo que te puede estar ocurriendo.<\/span> <\/strong><\/em><\/h3>\n<h4 style=\"text-align: left;\"><strong><em><span style=\"color: #008000;\">Los estados de apat\u00eda extrema y prolongados, sumados al acto de solo querer dormir o encontrar en la cama el refugio ideal para evadirse de todo, en la mayor\u00eda de casos, <span style=\"color: #800080;\">-son un indicio del sufrimiento de un trastorno depresivo-.<\/span> Estos signos, adem\u00e1s pueden ir acompa\u00f1ados de otros como, ganas de llorar sin motivo aparente, tristeza, angustia, culpabilidad, falta de apetito, debilidad, etc.<\/span> <\/em><\/strong><\/h4>\n<h3 style=\"text-align: center;\"><em><strong><span style=\"color: #800080;\">Son muchos los pacientes que sufren de depresi\u00f3n mayor, los que aseguran solo querer dormir y pasar el d\u00eda as\u00ed.<\/span> <\/strong><\/em><\/h3>\n<h4><em><strong><span style=\"color: #008000;\">Es cierto que cada individuo es distinto y que la depresi\u00f3n puede afectar de diferente forma a cada uno de ellos, no obstante hay una serie de s\u00edntomas depresivos comunes y frecuentes y este, del que hablamos<\/span> <span style=\"color: #800080;\">-solo querer dormir-<\/span> <span style=\"color: #008000;\">es uno de ellos.<\/span><\/strong><\/em><\/h4>\n<h4><em><strong><span style=\"color: #800080;\">La hipersomnia: (s\u00f3lo querer dormir).<\/span><br \/>\n<span style=\"color: #008000;\">La hipersomnia, hace referencia a la somnolencia excesiva a\u00fan habiendo dormido unas 7 horas seguidas. Este exceso de sue\u00f1o durante el d\u00eda y el hecho de querer seguir durmiendo, puede ser consecuencia de la depresi\u00f3n por diferentes motivos.<\/span> <\/strong><\/em><\/h4>\n<h4><em><strong><span style=\"color: #008000;\">Por un lado, los trastornos depresivos pueden traer consigo<\/span> <span style=\"color: #800080;\">-pesadillas, insomnio, despertares nocturnos continuos, mal descanso&#8230;, y esto derivar posteriormente, en una fatiga y somnolencia diurna considerables-.<\/span> <\/strong><\/em><\/h4>\n<h4 style=\"text-align: center;\"><span style=\"color: #800080;\"><em><strong>Por otro lado, hay pacientes con depresi\u00f3n que encuentran en su dormitorio y en el acto de dormir, un refugio para dejar de pensar en lo que les afecta emocionalmente y librarse de la profunda tristeza, angustia y dem\u00e1s s\u00edntomas depresivos que experimentan.<\/strong><\/em><\/span><\/h4>\n<h4><em><strong><span style=\"color: #800080;\">Se\u00f1ales para saber si sufre de depresi\u00f3n mayor:<\/span><br \/>\n<span style=\"color: #800080;\">-La depresi\u00f3n mayor es un trastorno del estado de \u00e1nimo en el cual la persona afectada presenta uno o varios episodios depresivos, con una duraci\u00f3n m\u00ednima de 2 semanas-.<\/span> <span style=\"color: #008000;\">Seguidamente, vamos a detallar cu\u00e1les son los s\u00edntomas que pueden indicar que una persona padece de depresi\u00f3n mayor y por ende, deber\u00e1 ponerse en manos de psic\u00f3logos y psiquiatras profesionales.<\/span> <\/strong><\/em><\/h4>\n<h4><span style=\"color: #0000ff;\"><em><strong>Seg\u00fan el DSM-5 (Manual Diagn\u00f3stico y estad\u00edstico de Trastornos Mentales), para diagnosticar la depresi\u00f3n mayor, la persona debe manifestar al menos 5 o m\u00e1s de los s\u00edntomas que enumeramos a continuaci\u00f3n durante un periodo m\u00ednimo de 2 semanas: <\/strong><\/em><\/span><\/h4>\n<h4><span style=\"color: #0000ff;\"><em><strong><span style=\"color: #008000;\">1.-<\/span> Estado de \u00e1nimo depresivo gran parte del d\u00eda y casi a diario.<\/strong><\/em><\/span><br \/>\n<span style=\"color: #0000ff;\"> <em><strong><span style=\"color: #008000;\"> 2.-<\/span> Apat\u00eda o falta de inter\u00e9s ante la realizaci\u00f3n de acciones y actividades que anteriormente resultaban placenteras y gratificantes.<\/strong><\/em><\/span><br \/>\n<span style=\"color: #0000ff;\"> <em><strong><span style=\"color: #008000;\"> 3.-<\/span> Alteraciones del sue\u00f1o, como insomnio o hipersomnia.<\/strong><\/em><\/span><br \/>\n<span style=\"color: #0000ff;\"> <em><strong><span style=\"color: #008000;\"> 4.-<\/span> Aumento o p\u00e9rdida de peso.<\/strong><\/em><\/span><br \/>\n<span style=\"color: #0000ff;\"> <em><strong><span style=\"color: #008000;\"> 5.-<\/span> Autoestima baja.<\/strong><\/em><\/span><br \/>\n<span style=\"color: #0000ff;\"> <em><strong><span style=\"color: #008000;\"> 6.-<\/span> Dificultades para concentrarse.<\/strong><\/em><\/span><br \/>\n<span style=\"color: #0000ff;\"> <em><strong><span style=\"color: #008000;\"> 7.-<\/span> Dificultades para tomar decisiones.<\/strong><\/em><\/span><br \/>\n<span style=\"color: #0000ff;\"> <em><strong><span style=\"color: #008000;\"> 8.-<\/span> Sentirse culpable.<\/strong><\/em><\/span><br \/>\n<span style=\"color: #0000ff;\"> <em><strong><span style=\"color: #008000;\"> 9.-<\/span> Tener pensamientos suicidas.<\/strong><\/em><\/span><br \/>\n<span style=\"color: #0000ff;\"> <em><strong><span style=\"color: #008000;\"> 10.-<\/span> Fatiga, cansancio y falta de energ\u00eda.<\/strong><\/em><\/span><br \/>\n<span style=\"color: #0000ff;\"> <em><strong><span style=\"color: #008000;\"> 11.-<\/span> Retraso psicomotor o agitaci\u00f3n.<\/strong><\/em><\/span><\/h4>\n<h4><em><strong><span style=\"color: #008000;\">Sin embargo todo organismo es diferente y la cantidad de horas de sue\u00f1o requeridas para reposar adecuadamente var\u00edan en cada individuo. Hablando en t\u00e9rminos globales:<br \/>\n<span style=\"color: #800080;\">Los beb\u00e9s pueden dormir hasta 20 horas.<\/span><br \/>\n<span style=\"color: #800080;\"> Los ni\u00f1os menores de 10 a\u00f1os, entre 10 y 12 horas.<\/span><br \/>\n<span style=\"color: #800080;\"> Los mayores de 10 a\u00f1os, de 9 a 10 horas.<\/span><br \/>\n<span style=\"color: #800080;\"> Los adolescentes precisan de 7 a 8 horas.<\/span><br \/>\n<span style=\"color: #800080;\"> Y a los adultos les bastan 6 para recuperar la energ\u00eda.<\/span><\/span><\/strong><\/em><\/h4>\n<h4><span style=\"color: #008000;\"><em><strong>Desde luego esto no es una regla \u00fanica, hay quien se siente bien durmiendo menos o por el contrario necesita m\u00e1s tiempo en la cama. Incluso existen casos excepcionales en los que alguien duerme \u00fanicamente 4 horas y con ello logra un descanso \u00f3ptimo.<\/strong><\/em><\/span><\/h4>\n<h4><em><strong><span style=\"color: #008000;\">No obstante, muchos conocemos a personas que aseguran haber dormido el tiempo suficiente y sin embargo lucen somnolientas gran parte del d\u00eda, bostezan constantemente o<\/span> <span style=\"color: #800080;\">-se les cierran los ojos-.<\/span> <span style=\"color: #008000;\">Gente que sin desvelarse tiende a quedarse<\/span> <span style=\"color: #800080;\">-en brazos de Morfeo-<\/span> <span style=\"color: #008000;\">a la primera oportunidad, en ocasiones sin importar el lugar o la situaci\u00f3n donde se encuentre:<\/span><span style=\"color: #800080;\"> -la casa, la escuela, el trabajo, el cine, las fiestas, en medio de una conversaci\u00f3n, etc\u00e9tera-.<\/span><\/strong><\/em><\/h4>\n<h4><span style=\"color: #800080;\"><em><strong>-Me muero de sue\u00f1o-<\/strong><\/em><\/span><br \/>\n<strong><em><span style=\"color: #008000;\"><span style=\"color: #800080;\"> -La somnolencia diurna-<\/span> excesiva, es una queja frecuente en los consultorios m\u00e9dicos. Una de las causas comunes es la ingesta de medicamentos<\/span> <span style=\"color: #800080;\">-antihistam\u00ednicos o antidepresivos-.<\/span> <span style=\"color: #008000;\">Otra raz\u00f3n puede ser una <span style=\"color: #800080;\">-infecci\u00f3n viral como la mononucleosis (fiebre glandular)-,<\/span> o<\/span> <span style=\"color: #800080;\">-infecciones respiratorias e intestinales-<\/span> <span style=\"color: #008000;\">que con sus diarreas y v\u00f3mitos deshidratan al individuo, provocando que se sienta agotado y con sue\u00f1o.<\/span><\/em><\/strong><\/h4>\n<h4><em><strong><span style=\"color: #008000;\">Hay asimismo<\/span> <span style=\"color: #800080;\">-enfermedades neurol\u00f3gicas-<\/span> <span style=\"color: #008000;\">que causan somnolencia diurna, entre ellas:<\/span> <span style=\"color: #800080;\">-la esclerosis m\u00faltiple, la demencia tipo Alzheimer y como anteriormente dijimos la depresi\u00f3n, o trastornos metab\u00f3licos como el hipotiroidismo. Adem\u00e1s existen malestares infecciosos en el cerebro (como la encefalitis) que suelen provocar adormecimiento en el d\u00eda-.<\/span><\/strong><\/em><\/h4>\n<h4><span style=\"color: #008000;\"><em><strong>Tambi\u00e9n debemos mencionar algunas enfermedades o patolog\u00edas que pueden provocar en la persona que las sufre un exceso de sue\u00f1o, el sentirse muy cansado durante el d\u00eda y la p\u00e9rdida de energ\u00eda vital. Entre estas afecciones, se encuentran las siguientes:<\/strong><\/em><\/span><\/h4>\n<h4 class=\"apartado\"><em><span style=\"color: #0000ff;\"><strong>Diabetes:<\/strong> <\/span><strong><span style=\"color: #008000;\">causa una significativa debilidad y fatiga debido a que los niveles elevados de glucosa, permanecen en la sangre y no se adentran en las c\u00e9lulas para proporcionarnos energ\u00eda.<\/span><\/strong><\/em><\/h4>\n<h4 class=\"apartado\"><em><span style=\"color: #0000ff;\"><strong>Anemia:<\/strong> <\/span><strong><span style=\"color: #008000;\">la falta de hierro en la sangre puede provocar s\u00edntomas como fatiga, somnolencia y des\u00e1nimo.<\/span><\/strong><\/em><\/h4>\n<h4 class=\"apartado\"><em><span style=\"color: #0000ff;\"><strong>Problemas tiroideos:<\/strong> <\/span><strong><span style=\"color: #008000;\">las enfermedades que afectan a la tiroides pueden provocar fatiga, apat\u00eda, debilidad muscular, cambios en el estado de \u00e1nimo, entre otros s\u00edntomas.<\/span><\/strong><\/em><\/h4>\n<h4 class=\"apartado\"><em><span style=\"color: #0000ff;\"><strong>Enfermedades card\u00edacas:<\/strong> <\/span><strong><span style=\"color: #008000;\">un coraz\u00f3n que se encuentra debilitado no puede satisfacer la demanda de energ\u00eda del cuerpo. Cuando se sufre de problemas card\u00edacos, es normal el cansancio y la debilidad extrema.<\/span><\/strong><\/em><\/h4>\n<h4><em><strong><span style=\"color: #008000;\">Tambi\u00e9n quien sufre<\/span> <span style=\"color: #0000ff;\">-Apnea del Sue\u00f1o (la apnea del sue\u00f1o es un trastorno com\u00fan en donde la respiraci\u00f3n se interrumpe o se hace muy superficial)-,<\/span> <span style=\"color: #008000;\">tiene deseos de dormir durante toda la jornada. \u00c9sta se define como la interrupci\u00f3n completa del flujo nasobucal y la hay de dos tipos:<\/span> <span style=\"color: #0000ff;\">-obstructiva y central-. <span style=\"color: #800080;\">La primera,<\/span> obstaculiza las v\u00edas respiratorias por un crecimiento anormal de la campanilla o la lengua, mientras que:<span style=\"color: #800080;\"> La segunda,<\/span> se da en personas que tienen ciertas afecciones m\u00e9dicas, por ejemplo problemas en el tronco encef\u00e1lico.<\/span><\/strong><\/em><\/h4>\n<h4><span style=\"color: #008000;\"><em><strong><span style=\"color: #800080;\">-Si ya descartamos medicamentos, trastornos metab\u00f3licos, depresi\u00f3n, cuestiones neurol\u00f3gicas, etc\u00e9tera, y no encontramos una causa para el sue\u00f1o excesivo, entonces el problema se clasifica como: <span style=\"color: #0000ff;\">-sue\u00f1o idiop\u00e1tico-<\/span><\/span><\/strong><\/em><\/span><\/h4>\n<h4><em><strong><span style=\"color: #0000ff;\">-El sue\u00f1o idiop\u00e1tico, llamado tambi\u00e9n hipersomnia-,<\/span> <span style=\"color: #008000;\">suele constituir un grave conflicto para quien lo presenta. Debido a la frecuente somnolencia, es poca la atenci\u00f3n que el individuo afectado, presta a las conversaciones que sostiene con otros.<\/span> <span style=\"color: #800080;\">-Si estudia-,<span style=\"color: #008000;\"> alcanza poca capacidad de concentraci\u00f3n en las clases y ello le acarrea problemas de aprendizaje.<\/span><\/span> <span style=\"color: #800080;\">-Si trabaja-, <span style=\"color: #008000;\">el adormecimiento le impide dar el rendimiento adecuado-.<\/span><\/span> <span style=\"color: #800080;\">&#8211;<\/span><span style=\"color: #0000ff;\"><span style=\"color: #800080;\">Y trat\u00e1ndose de relaciones interpersonales con pareja,<\/span> <span style=\"color: #800080;\">familiares o amigos-,<\/span> <span style=\"color: #008000;\">el escenario tampoco es alentador pues adem\u00e1s de la mala calidad en la comunicaci\u00f3n, tener sue\u00f1o con tal frecuencia le har\u00e1 propenso a mostrarse <span style=\"color: #800080;\">-enojado o irritable-.<\/span><\/span><\/span><\/strong><\/em><\/h4>\n<h4><em><strong><span style=\"color: #008000;\">Usualmente son los neur\u00f3logos y los psiquiatras<\/span> <span style=\"color: #800080;\">-y en ocasiones los otorrinolaring\u00f3logos-<\/span> <span style=\"color: #008000;\">los encargados de diagnosticar y tratar este tipo de padecimiento, que no es muy com\u00fan.<\/span><\/strong><\/em><\/h4>\n<h4><em><strong><span style=\"color: #008000;\">Es importante diferenciar:<\/span> <span style=\"color: #800080;\">-la hipersomnia de la narcolepsia-,<\/span><span style=\"color: #0000ff;\"> enfermedad en donde resulta inevitable quedarse dormido incluso encontr\u00e1ndose en lugares y posiciones altamente inc\u00f3modas, mientras que en la somnolencia diurna excesiva el sue\u00f1o s\u00ed logra evitarse.<\/span><\/strong><\/em><\/h4>\n<h4><span style=\"color: #800080;\"><em><strong>-Ay\u00fadese a despertar-<\/strong><\/em><\/span><br \/>\n<span style=\"color: #008000;\"><strong><em> Para enfrentar el sue\u00f1o en el transcurso del d\u00eda, <span style=\"color: #800080;\">-lo primero que se requiere hacer es determinar qu\u00e9 lo origina-.<\/span> El neur\u00f3logo explica que si el problema lo ocasiona <span style=\"color: #800080;\">-alg\u00fan f\u00e1rmaco-<\/span> consumido por el paciente, ser\u00e1 preciso suprimir dicha sustancia.<\/em><\/strong><\/span><\/h4>\n<h4><strong><em><span style=\"color: #008000;\">Cuando la somnolencia resulta ser s\u00edntoma de:<\/span> <span style=\"color: #0000ff;\">-depresi\u00f3n-, el tratamiento con antidepresivos le ayudar\u00e1 a combatir el malestar; igualmente si se trata de -esclerosis m\u00faltiple- tambi\u00e9n se podr\u00edan utilizar medicamentos antidepresivos-.<\/span><\/em><\/strong><\/h4>\n<h4><em><strong><span style=\"color: #008000;\">En el mismo contexto, si lo que est\u00e1 provocando el letargo es una<\/span><span style=\"color: #0000ff;\"> -apnea del sue\u00f1o-,<\/span> <span style=\"color: #008000;\">habr\u00e1 que catalogar de qu\u00e9 tipo es \u00e9sta.<\/span> <span style=\"color: #0000ff;\">-La obstructiva a menudo se presenta en gente obesa y con cuello corto, en cuyo caso el m\u00e9dico suele pedir al paciente que baje de peso-.<\/span> <span style=\"color: #008000;\">Al eliminar la apnea el individuo tendr\u00e1 mejor calidad de sue\u00f1o y en consecuencia es de esperarse que deje de sufrir sopor diurno.<\/span><\/strong><\/em><\/h4>\n<h4><em><strong><span style=\"color: #008000;\">Asimismo, si el especialista determina que la persona padece<\/span> <span style=\"color: #0000ff;\">-hipersomnia idiop\u00e1tica-,<\/span><span style=\"color: #008000;\"> proceder\u00e1 a prescribirle un tratamiento farmacol\u00f3gico. Tambi\u00e9n se sugieren ciertos cambios de h\u00e1bitos, como <span style=\"color: #800080;\">-evitar el consumo de alcohol-.<\/span><\/span><\/strong><\/em><\/h4>\n<h4><span style=\"color: #008000;\"><em><strong>Lo m\u00e1s importante, es no ignorar el problema. Si usted siente un nivel exagerado de sue\u00f1o durante el d\u00eda pese a que haya dormido lo suficiente la noche anterior, es momento de acudir a consulta para que sepa cuanto antes qu\u00e9 medidas seguir.<\/strong><\/em><\/span><\/h4>\n<p>Doctor Francisco C\u00e9spedes.<br \/>\nDoctor Mario Alan\u00eds.<\/p>\n<p>Artista-Ricardo Fernandez Ortega<\/p><\/blockquote>\n<p>&nbsp;<\/p>\n","protected":false},"excerpt":{"rendered":"<p>Ay\u00fademe doctor&#8230; Solo quiero dormir..! Presta atenci\u00f3n, vamos a explicarte por qu\u00e9 te pasa esto y qu\u00e9 es lo que te puede estar ocurriendo. Los estados de apat\u00eda extrema y prolongados, sumados al acto de solo querer dormir o encontrar en la cama el refugio ideal para evadirse de todo, en la mayor\u00eda de casos, [&hellip;]<\/p>\n","protected":false},"author":2,"featured_media":0,"parent":0,"menu_order":0,"comment_status":"closed","ping_status":"closed","template":"","meta":[],"_links":{"self":[{"href":"https:\/\/www.ceadin.org\/b\/wp-json\/wp\/v2\/pages\/5364"}],"collection":[{"href":"https:\/\/www.ceadin.org\/b\/wp-json\/wp\/v2\/pages"}],"about":[{"href":"https:\/\/www.ceadin.org\/b\/wp-json\/wp\/v2\/types\/page"}],"author":[{"embeddable":true,"href":"https:\/\/www.ceadin.org\/b\/wp-json\/wp\/v2\/users\/2"}],"replies":[{"embeddable":true,"href":"https:\/\/www.ceadin.org\/b\/wp-json\/wp\/v2\/comments?post=5364"}],"version-history":[{"count":0,"href":"https:\/\/www.ceadin.org\/b\/wp-json\/wp\/v2\/pages\/5364\/revisions"}],"wp:attachment":[{"href":"https:\/\/www.ceadin.org\/b\/wp-json\/wp\/v2\/media?parent=5364"}],"curies":[{"name":"wp","href":"https:\/\/api.w.org\/{rel}","templated":true}]}}