{"id":5301,"date":"2019-02-17T03:14:27","date_gmt":"2019-02-17T03:14:27","guid":{"rendered":"http:\/\/www.ceadin.org\/b\/?page_id=5301"},"modified":"2024-01-22T19:06:25","modified_gmt":"2024-01-22T19:06:25","slug":"ayudeme-dr-no-puedo-dormir","status":"publish","type":"page","link":"https:\/\/www.ceadin.org\/b\/ayudeme-dr-no-puedo-dormir\/","title":{"rendered":"AY\u00daDEME Dr: -No puedo dormir"},"content":{"rendered":"<blockquote>\n<h3 style=\"text-align: center;\"><span style=\"color: #008000;\"><em><strong><br \/>\nAy\u00fademe doctor..<\/strong><\/em><\/span><\/h3>\n<h3 style=\"text-align: center;\"><span style=\"color: #0000ff;\"><em><strong>No puedo dormir..!<\/strong><\/em><\/span><\/h3>\n<h3 style=\"text-align: center;\"><span style=\"color: #008000;\"><em><strong>\u00bfSe pone excesivamente nervioso\/a al ponerse a dormir?<\/strong><\/em><\/span><br \/>\n<span style=\"color: #800080;\"><em><strong>Si usted no logra dormirse, podr\u00eda<br \/>\nparecer razonable preguntar a alguien c\u00f3mo lo consigue \u00e9l.<\/strong><\/em><\/span><\/h3>\n<h3 style=\"text-align: center;\"><a href=\"http:\/\/www.ceadin.org\/b\/wp-content\/uploads\/2019\/03\/Jean-Christophe-Gondouin.png\"><img decoding=\"async\" loading=\"lazy\" class=\"aligncenter size-full wp-image-5422\" src=\"http:\/\/www.ceadin.org\/b\/wp-content\/uploads\/2019\/03\/Jean-Christophe-Gondouin.png\" alt=\"\" width=\"1231\" height=\"827\" srcset=\"https:\/\/www.ceadin.org\/b\/wp-content\/uploads\/2019\/03\/Jean-Christophe-Gondouin.png 1231w, https:\/\/www.ceadin.org\/b\/wp-content\/uploads\/2019\/03\/Jean-Christophe-Gondouin-300x202.png 300w, https:\/\/www.ceadin.org\/b\/wp-content\/uploads\/2019\/03\/Jean-Christophe-Gondouin-768x516.png 768w, https:\/\/www.ceadin.org\/b\/wp-content\/uploads\/2019\/03\/Jean-Christophe-Gondouin-1024x688.png 1024w, https:\/\/www.ceadin.org\/b\/wp-content\/uploads\/2019\/03\/Jean-Christophe-Gondouin-619x416.png 619w\" sizes=\"(max-width: 1231px) 100vw, 1231px\" \/><\/a><span style=\"color: #800080;\"><em><strong>Entonces, seguramente todo<\/strong><\/em><\/span><br \/>\n<span style=\"color: #800080;\"><em><strong>lo que tendr\u00eda que hacer es seguir su ejemplo.<\/strong><\/em><\/span><\/h3>\n<h3 style=\"text-align: center;\"><span style=\"color: #008000;\"><em><strong>El problema es que siempre que<\/strong><\/em><\/span><br \/>\n<span style=\"color: #008000;\"><em><strong>pregunta obtiene la misma respuesta, algo parecido a:<\/strong><\/em><\/span><\/h3>\n<h3 style=\"text-align: center;\"><span style=\"color: #993300;\"><em><strong>Yo me duermo, eso es todo..<\/strong><\/em><\/span><br \/>\n<span style=\"color: #993300;\"> <em><strong> (felizmente de espaldas).. es f\u00e1cil:<\/strong><\/em><\/span><br \/>\n<span style=\"color: #993300;\"> <em><strong> apago la luz y cierro los ojos..!<\/strong><\/em><\/span><\/h3>\n<h4><em><strong><span style=\"color: #008000;\">Le parecer\u00e1 que no es una informaci\u00f3n suficiente, pero sin embargo no hay otro secreto. Esto es, el buen durmiente no hace nada en especial para dormirse.<\/span><\/strong><\/em><\/h4>\n<h4><span style=\"color: #008000;\"><em><strong>El sue\u00f1o es un proceso natural, que aparece de forma involuntaria. Los que duermen bien no hacen llegar el sue\u00f1o, y usted tampoco lo har\u00e1. De hecho, por mucho que lo intente, s\u00f3lo agravar\u00e1 su problema de sue\u00f1o. Todo lo que usted logre ser\u00e1 darse cuenta que no consigue dormirse y se sentir\u00e1 todav\u00eda m\u00e1s frustrado.<\/strong><\/em><\/span><\/h4>\n<h4><em><strong><span style=\"color: #008000;\">En la persona con insomnio se produce un c\u00edrculo vicioso. En vez del regocijo por poder descansar y disfrutar una noche de sue\u00f1o, los temores se amplifican a medida que se aproxima la hora de acostarse.<\/span> <\/strong><\/em><\/h4>\n<h4><em><strong><span style=\"color: #008000;\">Resurgen en la mente los recuerdos desagradables, creados durante tantas horas en las que ha girado y regirado en la cama, y usted teme que esto se repita cada noche, lo cual se convierte en una especie de profec\u00eda auto-realizada.<\/span> <\/strong><\/em><\/h4>\n<h4><em><strong><span style=\"color: #008000;\">Usted est\u00e1 de tal forma deseando dormirse que hace demasiados esfuerzos y aparentemente tales esfuerzos<\/span> <span style=\"color: #800080;\">-volverse del lado de aqu\u00ed, luego del lado de all\u00e1, pensar en esto y luego en lo otro-<\/span> <span style=\"color: #008000;\">no hacen sino ponerle m\u00e1s alerta.<\/span> <\/strong><\/em><\/h4>\n<h4><span style=\"color: #800080;\"><em><strong>Uno de los problemas fundamentales es que sus esfuerzos intentando controlar el proceso del sue\u00f1o forman parte del problema y no de la soluci\u00f3n.<\/strong><\/em><\/span><\/h4>\n<h4><span style=\"color: #800080;\"><em><strong>Esto le recuerda algo?<\/strong><\/em><\/span><br \/>\n<span style=\"color: #008000;\"><em><strong> Pues bien, nos tememos que no hay nada que hacer, excepto abandonar.<\/strong><\/em><\/span><\/h4>\n<h4><span style=\"color: #800080;\"><em><strong>Si, se trata de esto:<\/strong><\/em><\/span><br \/>\n<span style=\"color: #008000;\"><em><strong> Usted debe parar de intentar dormir.<\/strong><\/em><\/span><br \/>\n<span style=\"color: #008000;\"><em><strong> Eso no sirve de nada.<\/strong><\/em><\/span><\/h4>\n<h4><span style=\"color: #800080;\"><em><strong>Usted deber\u00eda, m\u00e1s bien, intentar permanecer despierto.<\/strong><\/em><\/span><br \/>\n<span style=\"color: #008000;\"><em><strong> Es el \u00fanico medio cierto que le permite con seguridad cesar de interferir en su sue\u00f1o natural. <\/strong><\/em><em><strong>Despu\u00e9s de todo, si est\u00e1 usted en la cama, est\u00e1 oscuro y est\u00e1 usted verdaderamente fatigado, no podr\u00e1 permanecer despierto por mucho tiempo.<\/strong><\/em><\/span><\/h4>\n<h3 style=\"text-align: center;\"><span style=\"color: #008000;\"><em><strong>Permanecer despierto le har\u00e1,<br \/>\nprobablemente, dormirse m\u00e1s r\u00e1pidamente porque<br \/>\nesto le hace parar de darse a la tarea de intentar dormirse.<\/strong><\/em><\/span><\/h3>\n<h3 style=\"text-align: center;\"><em><strong><span style=\"color: #008000;\">Usted se dice sin duda:<\/span><br \/>\n<span style=\"color: #800080;\">Por tanto, es necesario que siga, que acepte el<\/span><br \/>\n<span style=\"color: #800080;\"> insomnio, que, precisamente, permanezca despierto..!<\/span><\/strong><\/em><\/h3>\n<h3 style=\"text-align: center;\"><span style=\"color: #800080;\"><em><strong>Usted tiene raz\u00f3n. Parad\u00f3jico, no ?<\/strong><\/em><\/span><\/h3>\n<p><span style=\"color: #800080;\"><em>Asistencia Psicol\u00f3gica Ramon Llull<\/em><\/span><br \/>\n<span style=\"color: #800080;\"><em>Artista-Jean-Christophe Gondouin<\/em><\/span><\/p>\n<h3 style=\"text-align: center;\"><span style=\"color: #800080;\">\u2014\/\u2014<\/span><\/h3>\n<h4><span style=\"color: #800080;\">(humor):<\/span><br \/>\n<span style=\"color: #800080;\"><em>A la se\u00f1ora que ten\u00eda insomnio, el m\u00e9dico le mand\u00f3 tomar<br \/>\npastillas para poder dormir, y poder levantarse temprano, para ir a su trabajo:<\/em><\/span><\/h4>\n<h4><span style=\"color: #800080;\"><em>Una noche cansada de tener que tomar dichas pastillas,<br \/>\ndecidi\u00f3 no tomarlas para ver si conciliaba el sue\u00f1o ella sola.<\/em><\/span><\/h4>\n<h4><span style=\"color: #800080;\"><em>Se acost\u00f3 a las 9:00 p.m. y al dar las 10:00 p.m. y no poder dormir decidi\u00f3 que<br \/>\niba a sacar su costurero y ocuparse en pegar botones y coser algo de ropa y as\u00ed lo hizo.<\/em><\/span><\/h4>\n<h4><span style=\"color: #800080;\"><em>Dieron las 11:00 p.m. las 12:00 p.m. y no pod\u00eda dormir; ella pensaba:<\/em><\/span><br \/>\n<span style=\"color: #800080;\"> <em>\u00bfC\u00f3mo me voy a levantar a las 6:00 a.m. si no duermo?<\/em><\/span><br \/>\n<span style=\"color: #800080;\"> <em>Nerviosa dej\u00f3 que diera la 1:00 a.m. y decidi\u00f3 tomarse su pastilla,<br \/>\ny se dej\u00f3 llevar por aquel sue\u00f1o tan relajante y reparador.<\/em><\/span><\/h4>\n<h4><span style=\"color: #800080;\"><em>A la ma\u00f1ana siguiente se despert\u00f3 como de costumbre a las 6:00 a.m.<br \/>\ndescansada y relajada y empez\u00f3 a acomodar su costurero que hab\u00eda quedado en la cama.<\/em><\/span><br \/>\n<span style=\"color: #800080;\"> <em>Sin embargo vio que en su bur\u00f3 estaba la famosa pastilla para dormir.<\/em><\/span><\/h4>\n<h4><span style=\"color: #800080;\"><em>Fue entonces cuando se dio cuenta que no la hab\u00eda tomado;<br \/>\nno sab\u00eda como hab\u00eda ocurrido tal cosa, y en eso estaba, cuando al acomodar<br \/>\nagujas y botones se dio cuenta que le faltaba:<\/em><\/span><\/h4>\n<h3><span style=\"color: #800080;\"><em>\u2014 Un bot\u00f3n de la camisa que iba a coser\u00a0\u2014<\/em><\/span><\/h3>\n<h3><span style=\"color: #800080;\"><em><strong>El descubrimiento m\u00e1s grandioso de mi generaci\u00f3n,<br \/>\nes saber que los seres humanos pueden cambiar sus vidas al modificar<br \/>\nsu actitud mental..!<\/strong><\/em><\/span><\/h3>\n<\/blockquote>\n","protected":false},"excerpt":{"rendered":"<p>Ay\u00fademe doctor.. No puedo dormir..! \u00bfSe pone excesivamente nervioso\/a al ponerse a dormir? Si usted no logra dormirse, podr\u00eda parecer razonable preguntar a alguien c\u00f3mo lo consigue \u00e9l. Entonces, seguramente todo lo que tendr\u00eda que hacer es seguir su ejemplo. El problema es que siempre que pregunta obtiene la misma respuesta, algo parecido a: Yo [&hellip;]<\/p>\n","protected":false},"author":2,"featured_media":0,"parent":0,"menu_order":0,"comment_status":"closed","ping_status":"closed","template":"","meta":[],"_links":{"self":[{"href":"https:\/\/www.ceadin.org\/b\/wp-json\/wp\/v2\/pages\/5301"}],"collection":[{"href":"https:\/\/www.ceadin.org\/b\/wp-json\/wp\/v2\/pages"}],"about":[{"href":"https:\/\/www.ceadin.org\/b\/wp-json\/wp\/v2\/types\/page"}],"author":[{"embeddable":true,"href":"https:\/\/www.ceadin.org\/b\/wp-json\/wp\/v2\/users\/2"}],"replies":[{"embeddable":true,"href":"https:\/\/www.ceadin.org\/b\/wp-json\/wp\/v2\/comments?post=5301"}],"version-history":[{"count":0,"href":"https:\/\/www.ceadin.org\/b\/wp-json\/wp\/v2\/pages\/5301\/revisions"}],"wp:attachment":[{"href":"https:\/\/www.ceadin.org\/b\/wp-json\/wp\/v2\/media?parent=5301"}],"curies":[{"name":"wp","href":"https:\/\/api.w.org\/{rel}","templated":true}]}}