{"id":4585,"date":"2018-05-23T19:37:32","date_gmt":"2018-05-23T19:37:32","guid":{"rendered":"http:\/\/www.ceadin.org\/b\/?page_id=4585"},"modified":"2019-02-20T02:11:04","modified_gmt":"2019-02-20T02:11:04","slug":"8-expliqueme-dr-que-necesita-una-persona-deprimida-de-su-familia","status":"publish","type":"page","link":"https:\/\/www.ceadin.org\/b\/8-expliqueme-dr-que-necesita-una-persona-deprimida-de-su-familia\/","title":{"rendered":"EXPL\u00cdQUEME Dr: -\u00bfQu\u00e9 necesita una persona deprimida de su familia?"},"content":{"rendered":"<h3 style=\"text-align: center;\"><span style=\"color: #008000;\"><em><strong>Expl\u00edqueme doctor&#8230;<br \/>\n<\/strong><\/em><\/span><\/h3>\n<h3 style=\"text-align: center;\"><span style=\"color: #008000;\"><em><strong><span style=\"text-decoration: underline; color: #008000;\">HAY MUCHAS COSAS QUE<br \/>\nPODEMOS HACER, POR UNA PERSONA QUE EST\u00c1<br \/>\n<span style=\"color: #0000ff; text-decoration: underline;\">-DEPRIMIDA-<\/span><\/span><\/strong><\/em><\/span><\/h3>\n<h3 style=\"text-align: center;\"><a href=\"http:\/\/www.ceadin.org\/b\/wp-content\/uploads\/2018\/05\/fb-irena-Camila-do-Rosa\u0301rio-3.jpg\"><img decoding=\"async\" loading=\"lazy\" class=\"aligncenter size-full wp-image-4607\" src=\"http:\/\/www.ceadin.org\/b\/wp-content\/uploads\/2018\/05\/fb-irena-Camila-do-Rosa\u0301rio-3.jpg\" alt=\"\" width=\"800\" height=\"456\" \/><\/a><span style=\"color: #0000ff;\"><em><strong><span style=\"text-decoration: underline;\">La primera, es diferenciar<\/span><\/strong><\/em><\/span><br \/>\n<span style=\"color: #0000ff;\"><em><strong><span style=\"text-decoration: underline;\">claramente qui\u00e9n es, y d\u00f3nde est\u00e1 cada uno.<\/span> <\/strong><\/em><\/span><\/h3>\n<blockquote>\n<h4><span style=\"color: #008000;\"><em><strong>Cuando nos dejamos llevar por la persona que sufre una depresi\u00f3n, hacemos nuestros sus sentimientos, nos dejamos alienar por su visi\u00f3n negra de la realidad y como modo de evitar entrar en su mundo, le urgimos a que salga.<\/strong> <\/em><\/span><\/h4>\n<h4><span style=\"color: #008000;\"><em><strong>Cuando diferenciamos quien es cada uno, podemos mantenernos en nuestro espacio, poner l\u00edmites adecuados y acompa\u00f1ar al otro, desde qui\u00e9nes somos y desde qui\u00e9n es, con lo que siente en cada momento.<\/strong><\/em><\/span><\/h4>\n<h4><span style=\"color: #008000;\"><em><strong>La empat\u00eda es b\u00e1sica. Es necesario escuchar a la persona deprimida <span style=\"text-decoration: underline; color: #0000ff;\">-dejando a un lado nuestros juicios o cr\u00edticas a su vivencia, recordemos que no es nuestra vivencia, es la suya y en estos momentos, se encuentra distorsionada su percepci\u00f3n de la realidad-,<\/span> as\u00ed que todo intento de racionalizar y buscar que entienda, es del todo in\u00fatil.<\/strong><\/em><\/span><\/h4>\n<h4><span style=\"color: #008000;\"><em><strong>Estar cerca respetando su ritmo,\u00a0un paseo por la playa o la monta\u00f1a,\u00a0salir a los espacios abiertos poco poblados puede ser gratificante.\u00a0El ejercicio estimula, pero ha de ser pausado\u00a0porque no podemos olvidar que generalmente la persona deprimida se encuentra cansada y con poca energ\u00eda.<\/strong><\/em><\/span><\/h4>\n<h3 style=\"text-align: center;\"><span style=\"text-decoration: underline; color: #0000ff;\"><em><strong>Cuando hablamos con un familiar<br \/>\no con un amigo que padece una depresi\u00f3n,<br \/>\nes necesario poner \u00e9nfasis en dos aspectos fundamentales:<\/strong><\/em><\/span><\/h3>\n<h3 style=\"text-align: center;\"><span style=\"text-decoration: underline; color: #ff0000;\"><em><strong>1) Insistir en que se trata de un estado<br \/>\nque necesita de un tratamiento adecuado para mejorar.<\/strong><\/em><\/span><\/h3>\n<h3 style=\"text-align: center;\"><span style=\"text-decoration: underline; color: #ff0000;\"><em><strong>2) Que la depresi\u00f3n no es irreversible,<br \/>\nes curable y aunque ahora lo vea todo negro, pronto estar\u00e1 mucho mejor.<\/strong><\/em><\/span><\/h3>\n<h4><span style=\"text-decoration: underline; color: #0000ff;\"><em><strong>-Por supuesto tenemos que estar preparados para sus negativas, el depresivo no lo creer\u00e1, al menos las personas cercanas no percibir\u00e1n ning\u00fan alivio, m\u00e1s bien percibir\u00e1n incredulidad e indiferencia, <span style=\"color: #ff0000; text-decoration: underline;\">-porque cualquier persona afectada por la depresi\u00f3n est\u00e1 convencida de que su mal es incurable e irreversible-.<\/span><\/strong><\/em><\/span><\/h4>\n<h4><span style=\"color: #008000;\"><em><strong>Sin embargo, estos mensajes\u00a0repetidos frecuentemente sobre la necesidad de una\u00a0ayuda profesional y que de la depresi\u00f3n se sale, son recogidos y registrados en la psique del depresivo, y poco a poco hacen mella provocando atisbos de esperanza y constituyen una poderosa ayuda exterior.<\/strong><\/em><\/span><\/h4>\n<h4><span style=\"color: #008000;\"><em><b>Estar cerca de la persona depresiva, con actitud cercana y amorosa, acompa\u00f1ando sin juicios ni exigencias<\/b>, <strong>es la manera m\u00e1s potente, eficaz y poderosa para acompa\u00f1ar al que sufre.<\/strong><\/em><\/span><\/h4>\n<h4><span style=\"color: #008000;\"><em><strong>Por otra parte, junto a las dos ideas que debemos trasmitir al enfermo, respecto a que la depresi\u00f3n es curable y que necesita tratamiento profesional. <\/strong><\/em><\/span><\/h4>\n<h4><span style=\"color: #008000;\"><em><strong><span style=\"text-decoration: underline; color: #0000ff;\">-Tambi\u00e9n ser\u00eda necesario saber, -QUE SE LE PUEDE DECIR-, pues podr\u00eda resultar contraproducente, pues a pesar de nuestra buena intenci\u00f3n, no le estaremos ayudando, sino todo lo contrario-.<\/span><\/strong><\/em><\/span><\/h4>\n<p>&nbsp;<\/p>\n<p>Artista-Camila do Rosa\u0301rio<\/p>\n<h4><span style=\"color: #993300;\"><em><strong>Busque ayuda inmediatamente si:<\/strong><\/em><\/span><br \/>\n<span style=\"color: #993300;\"> <em><strong> Se siente abrumado.<\/strong><\/em><\/span><br \/>\n<span style=\"color: #993300;\"> <em><strong> \u2028Est\u00e1 pensando en hacerse da\u00f1o o en da\u00f1ar a otra persona.<\/strong><\/em><\/span><br \/>\n<span style=\"color: #993300;\"> <em><strong> Es incapaz de controlar su comportamiento.<\/strong><\/em><\/span><br \/>\n<span style=\"color: #993300;\"> <em><strong> Tiene otros s\u00edntomas muy angustiantes de trastorno<br \/>\nde estr\u00e9s postraum\u00e1tico.<\/strong><\/em><\/span><\/h4>\n<h4><span style=\"color: #993300;\"><em><strong>EN CASO NECESARIO:<\/strong><\/em><\/span><br \/>\n<span style=\"color: #993300;\"> <em><strong> Llame a su m\u00e9dico.<\/strong><\/em><\/span><br \/>\n<span style=\"color: #993300;\"> <em><strong> Llame al 911 para servicios de emergencia\u2028 o vaya<\/strong><\/em><\/span><br \/>\n<span style=\"color: #993300;\"> <em><strong> a la sala de emergencias m\u00e1s cercana.<\/strong><\/em><\/span><\/h4>\n<h4><span style=\"color: #008000;\"><em><strong>SAPTEL \u201cSistema Nacional de Apoyo, Consejo \u2028Psicol\u00f3gico<br \/>\ne Intervenci\u00f3n en Crisis por Tel\u00e9fono\u201d<\/strong><\/em><\/span><br \/>\n<span style=\"color: #008000;\"> <em><strong> (Cruz Roja Mexicana\u2013 24 Hrs.) sin costo<\/strong><\/em><\/span><br \/>\n<span style=\"color: #008000;\"> <em><strong> Tel.- 52-59-81-21\u00a0\u00a0 \u2013<\/strong><\/em><\/span><br \/>\n<span style=\"color: #008000;\"> <em><strong> 01-800-472-78-35<\/strong><\/em><\/span><br \/>\n<span style=\"color: #008000;\"> <em><strong> saptel@prodigy.net.mx<\/strong><\/em><\/span><br \/>\n<span style=\"color: #008000;\"> <em><strong> \u2028http:\/\/www.saptel.org.mx\/<\/strong><\/em><\/span><\/h4>\n<\/blockquote>\n<footer class=\"entry-meta\"><\/footer>\n","protected":false},"excerpt":{"rendered":"<p>Expl\u00edqueme doctor&#8230; HAY MUCHAS COSAS QUE PODEMOS HACER, POR UNA PERSONA QUE EST\u00c1 -DEPRIMIDA- La primera, es diferenciar claramente qui\u00e9n es, y d\u00f3nde est\u00e1 cada uno. Cuando nos dejamos llevar por la persona que sufre una depresi\u00f3n, hacemos nuestros sus sentimientos, nos dejamos alienar por su visi\u00f3n negra de la realidad y como modo de [&hellip;]<\/p>\n","protected":false},"author":2,"featured_media":0,"parent":0,"menu_order":0,"comment_status":"closed","ping_status":"closed","template":"","meta":[],"_links":{"self":[{"href":"https:\/\/www.ceadin.org\/b\/wp-json\/wp\/v2\/pages\/4585"}],"collection":[{"href":"https:\/\/www.ceadin.org\/b\/wp-json\/wp\/v2\/pages"}],"about":[{"href":"https:\/\/www.ceadin.org\/b\/wp-json\/wp\/v2\/types\/page"}],"author":[{"embeddable":true,"href":"https:\/\/www.ceadin.org\/b\/wp-json\/wp\/v2\/users\/2"}],"replies":[{"embeddable":true,"href":"https:\/\/www.ceadin.org\/b\/wp-json\/wp\/v2\/comments?post=4585"}],"version-history":[{"count":0,"href":"https:\/\/www.ceadin.org\/b\/wp-json\/wp\/v2\/pages\/4585\/revisions"}],"wp:attachment":[{"href":"https:\/\/www.ceadin.org\/b\/wp-json\/wp\/v2\/media?parent=4585"}],"curies":[{"name":"wp","href":"https:\/\/api.w.org\/{rel}","templated":true}]}}