{"id":4195,"date":"2017-12-09T20:22:38","date_gmt":"2017-12-09T20:22:38","guid":{"rendered":"http:\/\/www.ceadin.org\/b\/?page_id=4195"},"modified":"2017-12-18T16:38:18","modified_gmt":"2017-12-18T16:38:18","slug":"y-que-hay-sobre-usted","status":"publish","type":"page","link":"https:\/\/www.ceadin.org\/b\/y-que-hay-sobre-usted\/","title":{"rendered":"Y.. que hay sobre usted..?"},"content":{"rendered":"<h3 style=\"text-align: center;\"><span style=\"color: #800080;\"><em><strong>Debido al soplo vital, el flujo de la mente est\u00e1 aqu\u00ed&#8230; uno no sabe nada<br \/>\n\u2014y ni siquiera sabe que no sabe nada.<br \/>\n<\/strong><\/em><\/span><span style=\"color: #008000;\"><em><strong>\u00bfCu\u00e1l es su experiencia..?<\/strong><\/em><\/span><\/h3>\n<p style=\"text-align: center;\"><a href=\"http:\/\/www.ceadin.org\/b\/wp-content\/uploads\/2017\/12\/Alberto-Pancorbo-3.jpg\"><img decoding=\"async\" loading=\"lazy\" class=\"aligncenter size-full wp-image-4196\" src=\"http:\/\/www.ceadin.org\/b\/wp-content\/uploads\/2017\/12\/Alberto-Pancorbo-3.jpg\" alt=\"\" width=\"703\" height=\"960\" srcset=\"https:\/\/www.ceadin.org\/b\/wp-content\/uploads\/2017\/12\/Alberto-Pancorbo-3.jpg 703w, https:\/\/www.ceadin.org\/b\/wp-content\/uploads\/2017\/12\/Alberto-Pancorbo-3-220x300.jpg 220w, https:\/\/www.ceadin.org\/b\/wp-content\/uploads\/2017\/12\/Alberto-Pancorbo-3-619x845.jpg 619w\" sizes=\"(max-width: 703px) 100vw, 703px\" \/><\/a><\/p>\n<h3 style=\"text-align: center;\"><em><strong><span style=\"color: #800080;\">Es\u00a0 f\u00e1cil saber, si nosotros queremos ser completamente honestos con<br \/>\nnosotros mismos, <span style=\"text-decoration: underline;\">si queremos observar los conceptos de otros con<\/span><br \/>\n<span style=\"text-decoration: underline;\"> los cuales hemos construido nuestras propias prisiones.<\/span><\/span> <\/strong><\/em><\/h3>\n<h3 style=\"text-align: center;\"><span style=\"color: #800080;\"><span style=\"text-decoration: underline;\"><em><strong>Pero investigar el propio s\u00ed mismo de uno, puede ser extremadamente dif\u00edcil,<br \/>\ndebido a que estamos muy apegados a nuestros conceptos<\/strong><\/em><\/span>.<\/span><\/h3>\n<blockquote>\n<h4><em><strong><span style=\"color: #800080;\">1.-<\/span><span style=\"color: #008000;\"><span style=\"color: #800080;\"> -La consciencia est\u00e1 latente en cada grano de alimento, en todos los cinco elementos-.<\/span> <\/span><\/strong><\/em><span style=\"color: #008000;\"><em><strong>La semilla del universo es sin dimensiones pero, debido al cuerpo, la consciencia aparece y se identifica con el cuerpo. Para la totalidad del universo no hay ninguna cuesti\u00f3n de provecho o de p\u00e9rdida, solo cuando la identificaci\u00f3n con el cuerpo est\u00e1 presente surge la cuesti\u00f3n.<\/strong><\/em><\/span><\/h4>\n<h4><em><strong><span style=\"color: #800080;\">2.-<\/span> <span style=\"color: #008000;\">La consciencia act\u00faa a trav\u00e9s de las formas acordemente a la combinaci\u00f3n de los gunas, sattwa (ser-luz-pureza), tamas (inercia-pasividad-obscuridad), rajas (actividad-pasi\u00f3n-energ\u00eda), y <span style=\"color: #800080;\">-al condicionamiento recibido-.<\/span><br \/>\n<\/span><\/strong><\/em><\/h4>\n<h4><em><strong><span style=\"color: #800080;\">3.-<\/span> <span style=\"color: #008000;\">Cuando los cinco elementos se funden entre s\u00ed, todo tipo de cosas pueden tener lugar. Los cinco elementos se expresan de diferentes maneras a trav\u00e9s del cuerpo. Esto no es com\u00fan a todos, no es necesariamente uniforme \u2014cada cuerpo actuar\u00e1 y reaccionar\u00e1 de una manera diferente.<span style=\"color: #800080;\"> -Por consiguiente, Santos diferentes tienen tipos de ense\u00f1anzas diferentes-.<\/span><\/span><\/strong><\/em><\/h4>\n<h4><em><strong><span style=\"color: #800080;\">4.-<\/span> <span style=\"color: #800080;\">&#8211;<\/span><span style=\"color: #008000;\"><span style=\"color: #800080;\">La mente quiere decir palabras, de manera que los pensamientos est\u00e1n aqu\u00ed \u2014ellos son los conceptos-.<\/span> La consciencia es como un \u00e1rbol, pero hubo una semilla \u2014vaya a la semilla. La consciencia que usted tiene ahora es la misma que la consciencia de ni\u00f1o.<br \/>\n<\/span><\/strong><\/em><\/h4>\n<h4><em><strong><span style=\"color: #800080;\">5.-<\/span> <span style=\"color: #800080;\">&#8211;<\/span><span style=\"color: #008000;\"><span style=\"color: #800080;\">Usted es el alma misma del universo-,<\/span> de esta vida que usted observa, y que, al presente, usted est\u00e1 vistiendo este atuendo corporal. Tome nota de ello; usted ha aceptado muchas cosas en la vida s\u00f3lo por diversi\u00f3n, <span style=\"color: #800080;\">-\u00bfpor qu\u00e9 no acepta esto tambi\u00e9n y ve lo que acontece?-.<\/span> Vea lo que acontece cuando usted mira a la luna y sabe que la luna est\u00e1 ah\u00ed debido a que usted est\u00e1 aqu\u00ed; debido a que usted es, la luna es. Este gran concepto, esta dicha, experim\u00e9ntela y g\u00f3cela directamente.<\/span><\/strong><\/em><\/h4>\n<h4><em><strong><span style=\"color: #800080;\">6.-<\/span> <span style=\"color: #008000;\">Examine la consciencia de un ni\u00f1o, tambi\u00e9n medite sobre la semilla y el \u00e1rbol, y habr\u00e1 resuelto esa ecuaci\u00f3n. \u00bfQu\u00e9 queda despu\u00e9s de que esas cuestiones han sido resueltas? \u00bfPuede usted hacer algo al respecto? No. La semilla desaparece en un peque\u00f1o brote, el brote en un \u00e1rbol. La semilla del ni\u00f1o desaparece en un adolescente..? <span style=\"color: #800080;\">-No ella no desaparece, se transforma-.<\/span><\/span><\/strong><\/em><\/h4>\n<h4><em><strong><span style=\"color: #800080;\">7.-<\/span> <span style=\"color: #008000;\">Cuando se comprende algo, uno realmente no lo aprehende hasta que se le da un nombre, y entonces uno dice que ha comprendido. El \u00abJack fruit\u00bb es un fruto muy grande con una piel gruesa y p\u00faas puntiagudas por fuera. Dentro est\u00e1 el fruto, y dentro de eso est\u00e1 la semilla. Uno usa el fruto, y la semilla, que es capaz de producir m\u00e1s fruto, est\u00e1 ah\u00ed. El cuerpo humano es lo mismo, lo que est\u00e1 fuera es meramente la c\u00e1scara; lo que uno usa es la eseidad de dentro.<\/span><\/strong><\/em><\/h4>\n<h4><em><strong><span style=\"color: #800080;\">8.-<\/span> <span style=\"color: #008000;\">La semilla puede ser usada para reproducir, y el dulzor, el sabor quiere continuar a toda costa. Antes de tomar esta forma usted era sin forma; espont\u00e1neamente la forma vino, y cuando la forma vino hubo un anhelo natural de volver al estado sin forma. Cuando usted quiere volver al estado sin forma, sin deseo, solo entonces viene usted aqu\u00ed, a buscar lo que usted es.<\/span><\/strong><\/em><\/h4>\n<h4><em><strong><span style=\"color: #800080;\">9.-<\/span> <span style=\"color: #008000;\">Un n\u00famero de aquellos que han venido aqu\u00ed han adquirido el conocimiento, pero s\u00f3lo superficialmente. Ninguno ha estudiado realmente lo que el conocimiento es; ninguno ha aprehendido realmente el significado pleno. \u00bfQu\u00e9 est\u00e1n haciendo ahora? Est\u00e1n agarrados por el anhelo, por el deseo, y esto les ha hecho olvidar el conocimiento.<\/span><\/strong><\/em><\/h4>\n<h4><em><strong><span style=\"color: #800080;\">10.-<\/span> <span style=\"color: #008000;\">Usted ha venido aqu\u00ed para un rato, despu\u00e9s se ir\u00e1, de la misma manera, este cuerpo es un lugar para morar durante un rato. Cuando se sienta en estrecha proximidad a un Gur\u00fa, su capacidad para comprender crece. Surge dentro de \u00e9l, no viene de fuera de \u00e9l. Es algo como un ciervo reposando en la sombra de un \u00e1rbol. El color de la sombra no es ni claro ni muy oscuro, esto es la frontera. Ni negro azabache ni muy brillante, a mitad de camino entre ellos, eso es esa sombra.<\/span><\/strong><\/em><\/h4>\n<h4><em><strong><span style=\"color: #800080;\">11.-<\/span> <span style=\"color: #008000;\">Uno debe tener paciencia, la capacidad de esperar y ver. La obscuridad que usted ve cuando cierra sus ojos, eso es la sombra de la gracia del Gur\u00fa; no lo olvide, gu\u00e1rdelo siempre presente. Rep\u00f3sese en la sombra de la gracia del Gur\u00fa. Siempre que usted recuerda las palabras del Gur\u00fa, usted est\u00e1 en la sombra de la gracia del Gur\u00fa.<\/span><\/strong><\/em><\/h4>\n<h4><em><strong><span style=\"color: #800080;\">12.-<\/span> <span style=\"color: #008000;\">Usted est\u00e1 limitado a su cuerpo y mente; por lo tanto, usted podr\u00eda sentir que usted est\u00e1 enfermo ahora, as\u00ed pues que venga el m\u00e9dico \u2014\u00e9l podr\u00eda hacer algo. Todas esas son nociones que usted tendr\u00e1 y ahora usted ha tomado un cobertor y est\u00e1 durmiendo. <span style=\"text-decoration: underline;\"><span style=\"color: #800080; text-decoration: underline;\">&#8211;<\/span><\/span><\/span><\/strong><\/em><span style=\"text-decoration: underline;\"><span style=\"color: #800080; text-decoration: underline;\"><em><strong>\u00bfNo es verdad que cuando est\u00e1 enfermo, usted est\u00e1 pensando solo en su enfermedad?-\u00bfPor qu\u00e9 ha entrado usted en este campo?-<\/strong><\/em><\/span><\/span><\/h4>\n<h4><em><strong><span style=\"color: #800080;\">13.-<\/span> <span style=\"color: #008000;\">Cualesquiera que sean las cosas espirituales que usted aspira a conocer, todas est\u00e1n aconteciendo en este mundo objetivo, en la ilusi\u00f3n; todas sus actividades, materiales y espirituales, est\u00e1n en esta ilusi\u00f3n. Todo esto est\u00e1 aconteciendo en el mundo objetivo. <\/span><\/strong><\/em><\/h4>\n<\/blockquote>\n<h3 style=\"text-align: left;\"><em><strong><span style=\"color: #008000;\">\u00a0\u00a0\u00a0\u00a0\u00a0<span style=\"color: #800080;\">\u00a0\u00a0 \u00a0 \u00a0 \u00a0 \u00bfPor qu\u00e9 est\u00e1 usted perdi\u00e9ndose en conceptos?<\/span><br \/>\n<span style=\"color: #800080;\">\u00a0\u00a0\u00a0\u00a0\u00a0\u00a0\u00a0\u00a0\u00a0\u00a0\u00a0\u00a0\u00a0\u00a0\u00a0\u00a0\u00a0\u00a0\u00a0\u00a0\u00a0\u00a0\u00a0\u00a0\u00a0\u00a0\u00a0\u00a0\u00a0\u00a0\u00a0\u00a0\u00a0\u00a0\u00a0\u00a0\u00a0\u00a0\u00a0 Usted no es lo que conoce, usted es el conocedor..!<\/span><\/span><\/strong><\/em><\/h3>\n<p>&nbsp;<\/p>\n<p>Del libro:<br \/>\nAntes de la Conciencia<br \/>\nNisargadatta Maharaj<\/p>\n","protected":false},"excerpt":{"rendered":"<p>Debido al soplo vital, el flujo de la mente est\u00e1 aqu\u00ed&#8230; uno no sabe nada \u2014y ni siquiera sabe que no sabe nada. \u00bfCu\u00e1l es su experiencia..? Es\u00a0 f\u00e1cil saber, si nosotros queremos ser completamente honestos con nosotros mismos, si queremos observar los conceptos de otros con los cuales hemos construido nuestras propias prisiones. Pero [&hellip;]<\/p>\n","protected":false},"author":2,"featured_media":0,"parent":0,"menu_order":0,"comment_status":"closed","ping_status":"closed","template":"","meta":[],"_links":{"self":[{"href":"https:\/\/www.ceadin.org\/b\/wp-json\/wp\/v2\/pages\/4195"}],"collection":[{"href":"https:\/\/www.ceadin.org\/b\/wp-json\/wp\/v2\/pages"}],"about":[{"href":"https:\/\/www.ceadin.org\/b\/wp-json\/wp\/v2\/types\/page"}],"author":[{"embeddable":true,"href":"https:\/\/www.ceadin.org\/b\/wp-json\/wp\/v2\/users\/2"}],"replies":[{"embeddable":true,"href":"https:\/\/www.ceadin.org\/b\/wp-json\/wp\/v2\/comments?post=4195"}],"version-history":[{"count":0,"href":"https:\/\/www.ceadin.org\/b\/wp-json\/wp\/v2\/pages\/4195\/revisions"}],"wp:attachment":[{"href":"https:\/\/www.ceadin.org\/b\/wp-json\/wp\/v2\/media?parent=4195"}],"curies":[{"name":"wp","href":"https:\/\/api.w.org\/{rel}","templated":true}]}}