{"id":3676,"date":"2017-08-14T14:41:23","date_gmt":"2017-08-14T14:41:23","guid":{"rendered":"http:\/\/www.ceadin.org\/b\/?page_id=3676"},"modified":"2023-06-03T20:43:41","modified_gmt":"2023-06-03T20:43:41","slug":"rasgos-de-un-maltratador","status":"publish","type":"page","link":"https:\/\/www.ceadin.org\/b\/rasgos-de-un-maltratador\/","title":{"rendered":"Rasgos de un maltratador"},"content":{"rendered":"<blockquote>\n<blockquote>\n<h3 style=\"text-align: center;\"><span style=\"color: #800080;\"><em><strong><br \/>\n<span style=\"color: #0000ff;\"><span style=\"color: #ff002f;\">C\u00f3mo reconocer a un Maltratador.?<\/span><a href=\"http:\/\/www.ceadin.org\/b\/wp-content\/uploads\/2023\/06\/June-312831151_10226413363154708_1719179753334605609_n.jpg\"><img decoding=\"async\" loading=\"lazy\" class=\"alignright size-full wp-image-7333\" src=\"http:\/\/www.ceadin.org\/b\/wp-content\/uploads\/2023\/06\/June-312831151_10226413363154708_1719179753334605609_n.jpg\" alt=\"\" width=\"900\" height=\"900\" srcset=\"https:\/\/www.ceadin.org\/b\/wp-content\/uploads\/2023\/06\/June-312831151_10226413363154708_1719179753334605609_n.jpg 900w, https:\/\/www.ceadin.org\/b\/wp-content\/uploads\/2023\/06\/June-312831151_10226413363154708_1719179753334605609_n-300x300.jpg 300w, https:\/\/www.ceadin.org\/b\/wp-content\/uploads\/2023\/06\/June-312831151_10226413363154708_1719179753334605609_n-150x150.jpg 150w, https:\/\/www.ceadin.org\/b\/wp-content\/uploads\/2023\/06\/June-312831151_10226413363154708_1719179753334605609_n-768x768.jpg 768w, https:\/\/www.ceadin.org\/b\/wp-content\/uploads\/2023\/06\/June-312831151_10226413363154708_1719179753334605609_n-619x619.jpg 619w\" sizes=\"(max-width: 900px) 100vw, 900px\" \/><\/a><\/span><\/strong><\/em><\/span><\/h3>\n<h3 style=\"text-align: center;\"><\/h3>\n<h3 style=\"text-align: center;\"><span style=\"color: #008000;\"><em><strong><span style=\"color: #966f1b;\">Los psic\u00f3logos o psiquiatras ponen en cuesti\u00f3n que el<\/span><br \/>\n<a href=\"http:\/\/www.ceadin.org\/b\/maltrato-psicologico-los-golpes-invisibles-duelen-mas\/\"><span style=\"text-decoration: underline; color: #ff002f;\">-Maltrato Psicol\u00f3gico-\u00a0\u2217 ver mas \u00bb<\/span><\/a><br \/>\n<span style=\"color: #966f1b;\">sea la consecuencia de una enfermedad, sino m\u00e1s<\/span><br \/>\n<span style=\"color: #966f1b;\">bien <\/span><\/strong><\/em><span style=\"color: #966f1b;\"><em><strong>se inclinan por una explicaci\u00f3n que tiene que ver con un<br \/>\nsistema desigual, <\/strong><\/em><em><strong>es decir, un abuso de poder o<br \/>\nde dominaci\u00f3n que afecta a la sociedad.<\/strong><\/em><\/span><\/span><\/h3>\n<blockquote>\n<h4><span style=\"color: #966f1b;\"><em><strong><span style=\"color: #966f1b;\">Un maltratador suele comenzar acosando a la v\u00edctima, reduciendo su libertad, aisl\u00e1ndola de su entorno (familia, amigos, etc), socavando su autoestima, bloque\u00e1ndola y minando su percepci\u00f3n de seg<\/span>uridad, trasform\u00e1ndola poco a poco en dependiente.<\/strong><\/em><\/span><\/h4>\n<h4 id=\"div-gpt-ad-1458240025158-0\" data-google-query-id=\"CMOg8P2w0tUCFYxlAQodjroLng\"><span style=\"color: #966f1b;\"><em><strong>Hay frases muy frecuentes entre aquellas mujeres que sufren maltrato psicol\u00f3gico por parte de sus parejas:\u00a0<\/strong><\/em><\/span><\/h4>\n<blockquote>\n<h3 data-google-query-id=\"CMOg8P2w0tUCFYxlAQodjroLng\"><span style=\"color: #ff002f;\"><em><strong><span style=\"color: #ff002f;\">\u201cSe enoja cuando salgo con mis amigas\u201d<\/span><br \/>\n<\/strong><\/em><\/span><\/h3>\n<h3 data-google-query-id=\"CMOg8P2w0tUCFYxlAQodjroLng\"><span style=\"color: #ff002f;\"><em><strong>\u201cMe dice que no me maquille demasiado\u201d<br \/>\n<\/strong><\/em><\/span><\/h3>\n<h3 data-google-query-id=\"CMOg8P2w0tUCFYxlAQodjroLng\"><span style=\"color: #ff002f;\"><em><strong>\u201cNo le gusta que lleve una falda muy corta\u201d<br \/>\n<\/strong><\/em><\/span><\/h3>\n<h3 data-google-query-id=\"CMOg8P2w0tUCFYxlAQodjroLng\"><span style=\"color: #ff002f;\"><em><strong>\u201cNo quiere que hable con mis compa\u00f1eros de trabajo hombres\u201d.<\/strong><\/em><\/span><\/h3>\n<\/blockquote>\n<h4><span style=\"color: #008000;\"><em><strong><span style=\"color: #ff002f;\">Reprender, tratar como una ni\u00f1a, considerarla in\u00fatil o torpe, haciendo que cambie su forma de ser o de vestir,<\/span> <span style=\"color: #966f1b;\">son tambi\u00e9n maneras de realizar maltrato psicol\u00f3gico.\u00a0El maltratador suele abusar tambi\u00e9n de su poder, ya sea econ\u00f3mico o f\u00edsico y logra que la mujer se sienta culpable de su manera de hablar, de pensar, de actuar, etc.<\/span><\/strong><\/em><\/span><\/h4>\n<h3 style=\"text-align: center;\"><span style=\"color: #ff002f;\"><em><strong>-El ciclo del maltrato psicol\u00f3gico-<\/strong><\/em><\/span><\/h3>\n<h4><span style=\"color: #008000;\"><em><strong><span style=\"color: #ff002f;\">El problema de la culpabilidad es muy frecuente en el maltrato psicol\u00f3gico,<\/span> <span style=\"color: #966f1b;\">y tambi\u00e9n puede derivar en lo que se conoce como <\/span><span style=\"color: #0000ff;\"><span style=\"color: #ff002f;\">-S\u00edndrome de Estocolmo-,<\/span><\/span><span style=\"color: #966f1b;\">donde se evitan las situaciones que puedan generar conflictos o confrontaci\u00f3n para no pelear o hasta separarse.<\/span><\/strong><\/em><\/span><\/h4>\n<h4><span style=\"color: #008000;\"><em><strong><span style=\"color: #ff002f;\">El ciclo del maltrato psicol\u00f3gico suele comenzar en la infancia del mismo abusador en muchos casos,<\/span> <span style=\"color: #966f1b;\">o en alg\u00fan tipo de trauma que le ha ocurrido durante sus primeros a\u00f1os de vida (hasta la adolescencia).<\/span><\/strong><\/em><\/span><\/h4>\n<h4><span style=\"color: #008000;\"><em><strong><span style=\"color: #966f1b;\">Puede que el maltratador haya vivido en un ambiente de mucha violencia f\u00edsica o verbal y haya tenido que padecer <\/span><span style=\"color: #ff002f;\">-el miedo, el abandono, la represalia, el control excesivo, los golpes, etc-.<\/span><\/strong><\/em><\/span><\/h4>\n<aside class=\"quote\">\n<h3 class=\"quote-text\" style=\"text-align: center;\"><span style=\"color: #ff002f;\"><strong><em>\u201cLa violencia, sea cual sea<br \/>\nla forma en que se manifieste, es un fracaso.\u201d<br \/>\n-Jean Paul Sartre-<\/em><\/strong><\/span><\/h3>\n<h3 style=\"text-align: center;\"><span style=\"color: #800080;\"><em><strong><span style=\"color: #ff002f;\">\u2014 Maltrato psicol\u00f3gico: perfil del maltratador \u2014<\/span><br \/>\n<\/strong><\/em><\/span><\/h3>\n<h4 style=\"text-align: left;\"><span style=\"color: #800080;\"><em><strong><span style=\"color: #966f1b;\">A continuaci\u00f3n, indicamos las caracter\u00edsticas principales de una persona con claro<\/span><span style=\"color: #ff002f;\"> -perfil de abusador, maltratador \u00a0o golpeador, en la que el maltrato psicol\u00f3gico forma parte de su forma de relacionarse-.<\/span><\/strong><\/em><\/span><\/h4>\n<h4 style=\"text-align: left;\"><span style=\"color: #ff002f;\"><em><strong>Posesivo, dominante y exigente:<\/strong><\/em><\/span><br \/>\n<span style=\"color: #008000;\"><em><strong><span style=\"color: #966f1b;\">Una de las primeras acciones de un maltratador es<\/span> <span style=\"color: #ff002f;\">-querer alejar a su pareja de la familia y los amigos-, <\/span><span style=\"color: #966f1b;\">porque cree que \u00e9sta es de su propiedad. <\/span><\/strong><\/em><\/span><\/h4>\n<h4 style=\"text-align: left;\"><span style=\"color: #ff002f;\"><em><strong>\u00bfC\u00d3MO.?<\/strong><\/em><\/span><\/h4>\n<h3 style=\"text-align: center;\"><span style=\"color: #ff002f;\"><em><strong>Hablando mal de ellos, incomod\u00e1ndolos en p\u00fablico,<br \/>\nen alguna discusi\u00f3n o problema, etc.<\/strong><\/em><\/span><\/h3>\n<h3 class=\"quote-text\" style=\"text-align: center;\"><span style=\"color: #966f1b;\"><em><strong>Esto transforma la personalidad<br \/>\nde la v\u00edctima, la priva del apoyo externo y la<br \/>\nvuelve dependiente.<\/strong><\/em><\/span><\/h3>\n<h3 class=\"quote-text\" style=\"text-align: center;\"><span style=\"color: #ff002f;\"><em><strong>Con el uso de la violencia ejerce el<br \/>\npoder absoluto sobre lo que hace, lo que piensa y<br \/>\nlo que siente, a\u00fan en lo m\u00e1s \u00edntimo de su ser.<\/strong><\/em><\/span><\/h3>\n<h4><span style=\"color: #800080;\"><em><strong><span style=\"color: #ff002f;\">Egoc\u00e9ntrico:<\/span><br \/>\n<span style=\"color: #008000;\"><span style=\"color: #966f1b;\">Para una persona que ejerce el maltrato psicol\u00f3gico,<strong> el mundo siempre tiene que girar en torno a \u00e9l, pero nunca lo reconoce.<\/strong><\/span><span style=\"color: #0000ff;\"><span style=\"color: #966f1b;\">-Se hace lo que a \u00e9l le gusta en todo momento (la pel\u00edcula, el restaurante, el lugar de vacaciones, las salidas)<\/span> <span style=\"color: #ff002f;\">y si no, se enoja-.<\/span><\/span><\/span><\/strong><\/em><\/span><\/h4>\n<h4><strong><em><span style=\"color: #966f1b;\">La mujer es un simple<\/span><span style=\"color: #ff002f;\"> -objeto de su propiedad-<\/span> <span style=\"color: #966f1b;\">que tiene que moverse a su alrededor, dependiendo de lo que el quiere. Todo debe estar bajo su control y si ella desea disfrutar un poco de su independencia, mostrar\u00e1 sus rasgos m\u00e1s violentos.<\/span><\/em><\/strong><\/h4>\n<h3 class=\"featured-image\"><span style=\"color: #008000;\"><em><strong><span style=\"color: #ff002f;\"><span style=\"color: #966f1b;\">A las puertas del maltrato.<\/span><br \/>\nSe\u00f1ales de alarma en el noviazgo:<\/span><br \/>\n<span style=\"color: #966f1b;\">Aunque en el noviazgo todo parece perfecto, es necesario estar atentos y creer en las<\/span> <span style=\"color: #ff002f;\">-se\u00f1ales de alarma-<\/span> <span style=\"color: #966f1b;\">que pueden llevar a graves situaciones.<\/span><\/strong><\/em><\/span><\/h3>\n<h3><span style=\"color: #966f1b;\"><em><strong>Mal temperamento:<\/strong><\/em><\/span><\/h3>\n<blockquote>\n<h4><span style=\"color: #ff002f;\"><em><strong> 1.- Berrinches como los ni\u00f1os, pataletas, enfado,<br \/>\namenazas, malas caras, peleas, etc.<\/strong><\/em><\/span><\/h4>\n<h4><span style=\"color: #ff002f;\"><em><strong>2.- Todo siempre est\u00e1 justificado por culpa del<br \/>\notro, no por razones internas. <\/strong><\/em><\/span><\/h4>\n<h4><span style=\"color: #ff002f;\"><em><strong>3.- Dir\u00e1 que tal actitud lo pone de mal humor. <\/strong><\/em><\/span><\/h4>\n<h4><span style=\"color: #ff002f;\"><em><strong>4.- Que tal respuesta es la causa de su enfado<br \/>\ny una gran lista de etc\u00e9teras.<\/strong><\/em><\/span><\/h4>\n<h4><span style=\"color: #ff002f;\"><em><strong>5.- El maltratador nunca considera que tiene la culpa.<\/strong><\/em><\/span><\/h4>\n<h4><span style=\"color: #ff002f;\"><em><strong>6.- Culpabilizar a los dem\u00e1s de todo lo que ocurre<br \/>\nes otra de las caracter\u00edsticas del maltrato psicol\u00f3gico.<\/strong><\/em><\/span><\/h4>\n<\/blockquote>\n<h4><span style=\"color: #ff002f;\"><em><strong>Ridiculizar o humillar p\u00fablicamente:<\/strong><\/em><\/span><br \/>\n<span style=\"color: #008000;\"><em><strong><span style=\"color: #966f1b;\"> Estando en una reuni\u00f3n familiar o una cena con amigos un maltratador psicol\u00f3gico no tendr\u00e1 problema en<\/span> <span style=\"color: #ff002f;\">-mostrar a los dem\u00e1s los defectos de su pareja-.<\/span><\/strong><\/em><\/span><\/h4>\n<blockquote>\n<h3><span style=\"color: #ff002f;\"><strong><em>\u201c\u00bfNo les parece que est\u00e1 un poco excedida de peso?\u201d <\/em><\/strong><\/span><br \/>\n<span style=\"color: #ff002f;\"><strong><em>\u201cSiempre se equivoca\u201d <\/em><\/strong><\/span><br \/>\n<span style=\"color: #ff002f;\"><strong><em>\u201cNo sabe hacer la carne como a m\u00ed me gusta\u201d <\/em><\/strong><\/span><br \/>\n<span style=\"color: #ff002f;\"><strong><em>\u201cEs una desordenada\u201d, etc.<\/em><\/strong><\/span><\/h3>\n<\/blockquote>\n<h4><span style=\"color: #966f1b;\"><em><strong>Nunca se alegrar\u00e1 por los progresos o \u00e9xitos de la pareja y minimizar\u00e1 cualquier logro. Los fallos personales saldr\u00e1n a la luz antes que las virtudes, para que tenga la sensaci\u00f3n de que siempre est\u00e1 haciendo todo mal.<\/strong><\/em><\/span><\/h4>\n<h4><span style=\"color: #008000;\"><em><strong><span style=\"color: #ff002f;\">Esto lo hace para mantener a la mujer bajo control, insultando, denigrando, hiriendo.<\/span><span style=\"color: #966f1b;\"> Como consecuencia, se va destruyendo la confianza y solo se pensar\u00e1 en los errores.<\/span><\/strong><\/em><\/span><\/h4>\n<h4><span style=\"color: #ff002f;\"><em><strong>Controlador-paranoico:<\/strong><\/em><\/span><br \/>\n<span style=\"color: #008000;\"><em><strong><span style=\"color: #966f1b;\"> El maltrato psicol\u00f3gico hace que la persona que lo ejerce piense que<\/span> <span style=\"color: #ff002f;\">-los dem\u00e1s se quieren aprovechar de \u00e9l, de su dinero, de su poder, de sus contactos, de su sabidur\u00eda, de su experiencia, etc-.<\/span><\/strong><\/em><\/span><\/h4>\n<h3 class=\"quote-text\" style=\"text-align: center;\"><span style=\"color: #ff002f;\"><em><strong>El maltratador tiene una necesidad<br \/>\nobsesiva de controlar a la pareja todos los d\u00edas,<br \/>\nmediante preguntas destinadas a buscar contradicciones.<\/strong><\/em><\/span><\/h3>\n<h4><span style=\"color: #966f1b;\"><em><strong>El maltratador vigila constantemente<br \/>\nlos movimientos de su v\u00edctima..<\/strong><\/em><\/span><\/h4>\n<blockquote>\n<h4><span style=\"color: #ff002f;\">1.- <em><strong>Queriendo saber d\u00f3nde est\u00e1 su novia o esposa. <\/strong><\/em><\/span><\/h4>\n<h4><span style=\"color: #ff002f;\"><em><strong>2.- Con qui\u00e9n se encuentra. <\/strong><\/em><\/span><\/h4>\n<h4><span style=\"color: #ff002f;\"><em><strong>3.- A qu\u00e9 hora regresa. <\/strong><\/em><\/span><\/h4>\n<h4><span style=\"color: #ff002f;\"><em><strong>4.- Qu\u00e9 hace y qu\u00e9 no. <\/strong><\/em><\/span><\/h4>\n<h4><span style=\"color: #ff002f;\"><em><strong>5.- Con qui\u00e9n habla. <\/strong><\/em><\/span><\/h4>\n<h4><span style=\"color: #ff002f;\"><em><strong>6.-<\/strong><\/em><em><strong>Por qu\u00e9 se retrasa unos minutos, etc. <\/strong><\/em><\/span><\/h4>\n<h4><span style=\"color: #ff002f;\"><em><strong>7.- Considera a la otra persona su posesi\u00f3n,<br \/>\nsu objeto, no una persona con vida propia.<\/strong><\/em><\/span><\/h4>\n<\/blockquote>\n<h4><span style=\"color: #008000;\"><em><strong><span style=\"color: #ff002f;\">Violento y agresivo:<\/span><br \/>\n<span style=\"color: #0000ff;\"><span style=\"color: #966f1b;\">El maltratador empieza poco a poco rompiendo platos hasta llegar a muebles o vidrios, golpear las paredes, tirar cosas al suelo o contra la persona, etc.<\/span><\/span><\/strong><\/em><\/span><\/h4>\n<h3 style=\"text-align: center;\"><span style=\"color: #ff002f;\"><em><strong><strong>Si se llega a este punto, es preciso<br \/>\nhacer la denuncia y huir inmediatamente de \u00e9l,<br \/>\nno darle m\u00e1s oportunidades.<\/strong><\/strong><\/em><\/span><\/h3>\n<h4 style=\"text-align: left;\"><span style=\"color: #966f1b;\"><em><strong>PARECE MUY SIMPLE CONSEGUIR SALIR DE UNA SITUACI\u00d3N DE MALTRATO PSICOL\u00d3GICO PERO NO LO ES, YA QUE EL MALTRATADOR MANTIENE -ATADA- A LA VICTIMA DE DIFERENTES MANERAS, CON UNA GRAN CARGA\u00a0 PSICOL\u00d3GICA. <\/strong><\/em><\/span><\/h4>\n<h4 style=\"text-align: left;\"><span style=\"color: #db4e1f;\"><em><strong><span style=\"color: #966f1b;\">SIN EMBARGO, SI VARIOS DE ESTOS PUNTOS TE SUENAN FAMILIARES, EST\u00c1S EN UN PROBLEMA QUE DEBES SOLUCIONAR ANTES DE QUE SEA<\/span> <span style=\"color: #ff002f;\">-DEMASIADO TARDE-.<\/span><\/strong><\/em><\/span><\/h4>\n<p><span style=\"color: #966f1b;\">Artista-June Valentine Ruppe<\/span><\/p>\n<h4><a href=\"http:\/\/www.ceadin.org\/b\/wp-content\/uploads\/2023\/06\/VIOLENTOMETRO-614x1024-1.jpg\"><img decoding=\"async\" loading=\"lazy\" class=\"alignleft wp-image-7330\" src=\"http:\/\/www.ceadin.org\/b\/wp-content\/uploads\/2023\/06\/VIOLENTOMETRO-614x1024-1.jpg\" alt=\"\" width=\"200\" height=\"334\" srcset=\"https:\/\/www.ceadin.org\/b\/wp-content\/uploads\/2023\/06\/VIOLENTOMETRO-614x1024-1.jpg 614w, https:\/\/www.ceadin.org\/b\/wp-content\/uploads\/2023\/06\/VIOLENTOMETRO-614x1024-1-180x300.jpg 180w\" sizes=\"(max-width: 200px) 100vw, 200px\" \/><\/a><\/h4>\n<\/aside>\n<\/blockquote>\n<p>&nbsp;<\/p>\n<p>&nbsp;<\/p>\n<p>&nbsp;<\/p>\n<p>&nbsp;<\/p>\n<p>&nbsp;<\/p>\n<p>&nbsp;<\/p>\n<p>&nbsp;<\/p>\n<p>&nbsp;<\/p>\n<h4><a href=\"http:\/\/www.ceadin.org\/b\/wp-content\/uploads\/2023\/06\/RASGOS-DE-UN-MALTRATADOR.png\"><img decoding=\"async\" loading=\"lazy\" class=\"alignright size-full wp-image-7352\" src=\"http:\/\/www.ceadin.org\/b\/wp-content\/uploads\/2023\/06\/RASGOS-DE-UN-MALTRATADOR.png\" alt=\"\" width=\"1199\" height=\"1165\" srcset=\"https:\/\/www.ceadin.org\/b\/wp-content\/uploads\/2023\/06\/RASGOS-DE-UN-MALTRATADOR.png 1199w, https:\/\/www.ceadin.org\/b\/wp-content\/uploads\/2023\/06\/RASGOS-DE-UN-MALTRATADOR-300x291.png 300w, https:\/\/www.ceadin.org\/b\/wp-content\/uploads\/2023\/06\/RASGOS-DE-UN-MALTRATADOR-1024x995.png 1024w, https:\/\/www.ceadin.org\/b\/wp-content\/uploads\/2023\/06\/RASGOS-DE-UN-MALTRATADOR-768x746.png 768w, https:\/\/www.ceadin.org\/b\/wp-content\/uploads\/2023\/06\/RASGOS-DE-UN-MALTRATADOR-619x601.png 619w\" sizes=\"(max-width: 1199px) 100vw, 1199px\" \/><\/a><\/h4>\n<h4><\/h4>\n<h4><\/h4>\n<h4><\/h4>\n<h4><span style=\"color: #0000ff;\"><strong><em>REFUGIOS PARA MUJERES MALTRATADAS:<\/em><\/strong><\/span><\/h4>\n<p><span style=\"color: #0000ff;\"><a style=\"color: #0000ff;\" href=\"https:\/\/www.google.com\/search?q=refugio+para+mujeres+maltratadas+cdmx&amp;tbm=isch&amp;ved=2ahUKEwim2emEocX8AhWeNN4AHVKMATYQ2-cCegQIABAA&amp;oq=refugio+para+mujeres+maltratadas&amp;gs_lcp=CgNpbWcQARgBMgQIIxAnMgQIIxAnMgUIABCABDIGCAAQBRAeMgcIABCABBAYMgcIABCABBAYMgcIABCABBAYMgcIABCABBAYMgcIABCABBAYMgcIABCABBAYUM07WM07YJtbaABwAHgAgAFsiAGvAZIBAzEuMZgBAKABAaoBC2d3cy13aXotaW1nwAEB&amp;sclient=img&amp;ei=9K3BY6aPKJ7p-LYP0piGsAM&amp;bih=900&amp;biw=1358&amp;client=firefox-b-d#imgrc=RHqOeZOnDbhVHM\"><strong><em>refugio para mujeres maltratadas cdmx<\/em><\/strong><\/a><\/span><\/p>\n<p><span style=\"color: #0000ff;\"><em><strong><a style=\"color: #0000ff;\" href=\"https:\/\/www.google.com\/search?q=refugio+para+mujeres+maltratadas+en+queretaro&amp;tbm=isch&amp;ved=2ahUKEwixuPCzosX8AhUf6MkDHd3iC7IQ2-cCegQIABAA&amp;oq=refugio+para+mujeres+maltratadas+&amp;gs_lcp=CgNpbWcQARgEMgQIIxAnMgQIIxAnMgQIABAeMgYIABAFEB4yBwgAEIAEEBgyBwgAEIAEEBgyBwgAEIAEEBgyBwgAEIAEEBgyBwgAEIAEEBgyBwgAEIAEEBhQ8MIDWPDCA2DQ2wNoAHAAeACAAWyIAfgBkgEDMi4xmAEAoAEBqgELZ3dzLXdpei1pbWfAAQE&amp;sclient=img&amp;ei=Y6_BY_H6Lp_Qp84P3cWvkAs&amp;bih=900&amp;biw=1358&amp;client=firefox-b-d\">refugio para mujeres maltratadas en queretaro<\/a><\/strong><\/em><\/span><\/p>\n<p><span style=\"color: #0000ff;\"><em><strong><a style=\"color: #0000ff;\" href=\"https:\/\/www.google.com\/search?q=refugio+para+mujeres+maltratadas+en+morelia&amp;tbm=isch&amp;ved=2ahUKEwiKkrWTosX8AhUY58kDHdgRClcQ2-cCegQIABAA&amp;oq=refugio+para+mujeres+maltratadas+en+morelia&amp;gs_lcp=CgNpbWcQARgAMgQIIxAnUABYAGCYEmgAcAB4AIABRogBRpIBATGYAQCqAQtnd3Mtd2l6LWltZ8ABAQ&amp;sclient=img&amp;ei=H6_BY8qGKpjOp84P2KOouAU&amp;bih=900&amp;biw=1358&amp;client=firefox-b-d\">refugio para mujeres maltratadas en morelia<\/a><\/strong><\/em><\/span><\/p>\n<p><span style=\"color: #0000ff;\"><em><strong><a style=\"color: #0000ff;\" href=\"https:\/\/www.google.com\/search?q=refugio+para+mujeres+maltratadas+en+tijuana&amp;tbm=isch&amp;ved=2ahUKEwi0rsXzosX8AhWX8ckDHZmDAqAQ2-cCegQIABAA&amp;oq=refugio+para+mujeres+maltratadas+&amp;gs_lcp=CgNpbWcQARgFMgQIIxAnMgQIIxAnMgQIABAeMgYIABAFEB4yBwgAEIAEEBgyBwgAEIAEEBgyBwgAEIAEEBgyBwgAEIAEEBgyBwgAEIAEEBgyBwgAEIAEEBhQl6sGWJerBmCfyQZoAnAAeACAAU6IAdYBkgEBM5gBAKABAaoBC2d3cy13aXotaW1nwAEB&amp;sclient=img&amp;ei=6a_BY_SVEZfjp84PmYeKgAo&amp;bih=900&amp;biw=1358&amp;client=firefox-b-d\">refugio para mujeres maltratadas en tijuana<\/a><\/strong><\/em><\/span><\/p>\n<p><span style=\"color: #0000ff;\"><em><strong><a style=\"color: #0000ff;\" href=\"https:\/\/www.google.com\/search?q=refugio+para+mujeres+maltratadas+monterrey&amp;tbm=isch&amp;ved=2ahUKEwiBmJqoo8X8AhWz0MkDHXcaAocQ2-cCegQIABAA&amp;oq=refugio+para+mujeres+maltratadas+&amp;gs_lcp=CgNpbWcQARgGMgQIIxAnMgQIIxAnMgQIABAeMgYIABAFEB4yBwgAEIAEEBgyBwgAEIAEEBgyBwgAEIAEEBgyBwgAEIAEEBgyBwgAEIAEEBgyBwgAEIAEEBhQrrwCWK68AmD61QJoAXAAeACAAU6IAeABkgEBM5gBAKABAaoBC2d3cy13aXotaW1nwAEB&amp;sclient=img&amp;ei=V7DBY8GQLLOhp84P97SIuAg&amp;bih=900&amp;biw=1358&amp;client=firefox-b-d\">refugio para mujeres maltratadas monterrey<\/a><\/strong><\/em><\/span><\/p>\n<p><span style=\"color: #0000ff;\"><em><strong><a style=\"color: #0000ff;\" href=\"https:\/\/www.google.com\/search?q=refugio+para+mujeres+maltratadas+en+chihuahua&amp;tbm=isch&amp;ved=2ahUKEwiMuJa_o8X8AhV05skDHcgNDM4Q2-cCegQIABAA&amp;oq=refugio+para+mujeres+maltratadas+&amp;gs_lcp=CgNpbWcQARgHMgQIIxAnMgQIIxAnMgQIABAeMgYIABAFEB4yBwgAEIAEEBgyBwgAEIAEEBgyBwgAEIAEEBgyBwgAEIAEEBgyBwgAEIAEEBgyBwgAEIAEEBhQ7rwCWO68AmCW2gJoAnAAeACAAVyIAZ4BkgEBMpgBAKABAaoBC2d3cy13aXotaW1nwAEB&amp;sclient=img&amp;ei=h7DBY8zYNvTMp84PyJuw8Aw&amp;bih=900&amp;biw=1358&amp;client=firefox-b-d\">refugio para mujeres maltratadas en chihuahua<\/a><\/strong><\/em><\/span><\/p>\n<p><span style=\"color: #0000ff;\"><em><strong><a style=\"color: #0000ff;\" href=\"https:\/\/www.google.com\/search?q=refugio+para+mujeres+maltratadas+en+merida+yucatan&amp;tbm=isch&amp;ved=2ahUKEwj56v_Vo8X8AhXb8ckDHTztAkQQ2-cCegQIABAA&amp;oq=refugio+para+mujeres+maltratadas&amp;gs_lcp=CgNpbWcQARgIMgQIIxAnMgQIIxAnMgUIABCABDIGCAAQBRAeMgcIABCABBAYMgcIABCABBAYMgcIABCABBAYMgcIABCABBAYMgcIABCABBAYMgcIABCABBAYUP7YAlj-2AJgr_wCaAFwAHgAgAFYiAHwAZIBATOYAQCgAQGqAQtnd3Mtd2l6LWltZ8ABAQ&amp;sclient=img&amp;ei=t7DBY7mzLtvjp84PvNqLoAQ&amp;bih=900&amp;biw=1358&amp;client=firefox-b-d\">refugio para mujeres maltratadas en merida yucatan<\/a><\/strong><\/em><\/span><\/p>\n<p><span style=\"color: #0000ff;\"><em><strong><a style=\"color: #0000ff;\" href=\"https:\/\/www.google.com\/search?q=refugio+para+mujeres+maltratadas+en+aguascalientes&amp;tbm=isch&amp;ved=2ahUKEwj8ocTvo8X8AhV05skDHZbxDXsQ2-cCegQIABAA&amp;oq=refugio+para+mujeres+maltratadas&amp;gs_lcp=CgNpbWcQARgJMgQIIxAnMgQIIxAnMgUIABCABDIGCAAQBRAeMgcIABCABBAYMgcIABCABBAYMgcIABCABBAYMgcIABCABBAYMgcIABCABBAYMgcIABCABBAYUMLDAljCwwJgl_ICaAFwAHgAgAFaiAHvAZIBATOYAQCgAQGqAQtnd3Mtd2l6LWltZ8ABAQ&amp;sclient=img&amp;ei=7bDBY7z3EvTMp84PluO32Ac&amp;bih=900&amp;biw=1358&amp;client=firefox-b-d\">refugio para mujeres maltratadas en aguascalientes<\/a><\/strong><\/em><\/span><\/p>\n<h4><span style=\"color: #966f1b;\"><em><strong>ESPERAMOS ENCUENTRE \u00daTIL ESTA INFORMACI\u00d3N<br \/>\nSI USTED EST\u00c1 PENSANDO EN HACERSE DA\u00d1O,<br \/>\nO SI CONOCE A ALGUIEN QUE PODR\u00cdA HACERSE DA\u00d1O,<br \/>\nBUSQUE AYUDA R\u00c1PIDAMENTE\u00a0 Y LLAME A SU M\u00c9DICO.<\/strong><\/em><\/span><\/h4>\n<h4><span style=\"color: #008080;\"><em><strong>NOTA IMPORTANTE.<\/strong><\/em><em><strong><br \/>\nBusque ayuda inmediatamente si:<\/strong><\/em><\/span><br \/>\n<span style=\"color: #008080;\"><em><strong>Se siente abrumado.<\/strong><\/em><\/span><br \/>\n<span style=\"color: #008080;\"><em><strong>\u2028Est\u00e1 pensando en hacerse da\u00f1o o en da\u00f1ar a otra persona.<\/strong><\/em><\/span><br \/>\n<span style=\"color: #008080;\"><em><strong>Es incapaz de controlar su comportamiento.<\/strong><\/em><\/span><br \/>\n<span style=\"color: #008080;\"><em><strong>Tiene otros s\u00edntomas muy angustiantes de trastorno<\/strong><\/em><\/span><br \/>\n<span style=\"color: #008080;\"><em><strong>de estr\u00e9s postraum\u00e1tico.<\/strong><\/em><em><strong><br \/>\nLlame a un familiar, no se quede solo.<br \/>\nLlame a su m\u00e9dico.<\/strong><\/em><\/span><\/h4>\n<h4><span style=\"color: #ff00ff;\"><em><strong>EN CASO NECESARIO:<\/strong><\/em><\/span><br \/>\n<span style=\"color: #ff00ff;\"><em><strong>Llame a su m\u00e9dico.<\/strong><\/em><\/span><br \/>\n<span style=\"color: #ff00ff;\"><em><strong>Llame al 911 para servicios de emergencia\u2028 o vaya<\/strong><\/em><\/span><br \/>\n<span style=\"color: #ff00ff;\"><em><strong>a la sala de emergencias m\u00e1s cercana.<\/strong><\/em><\/span><br \/>\n<span style=\"color: #ff00ff;\"><em><strong>En un caso de emergencia, puede llamar a:<\/strong><\/em><\/span><br \/>\n<span style=\"color: #ff00ff;\"><em><strong>SAPTEL \u201cSistema Nacional de Apoyo, Consejo \u2028Psicol\u00f3gico<\/strong><\/em><\/span><br \/>\n<span style=\"color: #ff00ff;\"><em><strong>e Intervenci\u00f3n en Crisis por Tel\u00e9fono\u201d<\/strong><\/em><\/span><br \/>\n<span style=\"color: #ff00ff;\"><em><strong>(Cruz Roja Mexicana\u2013 24 Hrs.) sin costo<\/strong><\/em><\/span><\/h4>\n<h4><span style=\"color: #ff00ff;\"><em><strong>SAPTEL<\/strong><\/em><\/span><br \/>\n<span style=\"color: #ff00ff;\"><em><strong>Av M\u00e9xico #37, Hip\u00f3dromo,<\/strong><\/em><\/span><br \/>\n<span style=\"color: #ff00ff;\"><em><strong>Cuauht\u00e9moc, Ciudad de M\u00e9xico.<\/strong><\/em><\/span><br \/>\n<span style=\"color: #ff00ff;\"><em><strong>Tel\u00e9fono:(55) 52598121<br \/>\nE-mail: <a class=\"col1\" style=\"color: #ff00ff;\" href=\"https:\/\/www.saptel.org.mx\/contacto.html#\">saptel.crlyc@gmail.com<\/a><\/strong><\/em><\/span><\/h4>\n<\/blockquote>\n<\/blockquote>\n","protected":false},"excerpt":{"rendered":"<p>C\u00f3mo reconocer a un Maltratador.? Los psic\u00f3logos o psiquiatras ponen en cuesti\u00f3n que el -Maltrato Psicol\u00f3gico-\u00a0\u2217 ver mas \u00bb sea la consecuencia de una enfermedad, sino m\u00e1s bien se inclinan por una explicaci\u00f3n que tiene que ver con un sistema desigual, es decir, un abuso de poder o de dominaci\u00f3n que afecta a la sociedad. [&hellip;]<\/p>\n","protected":false},"author":2,"featured_media":0,"parent":0,"menu_order":0,"comment_status":"closed","ping_status":"closed","template":"","meta":[],"_links":{"self":[{"href":"https:\/\/www.ceadin.org\/b\/wp-json\/wp\/v2\/pages\/3676"}],"collection":[{"href":"https:\/\/www.ceadin.org\/b\/wp-json\/wp\/v2\/pages"}],"about":[{"href":"https:\/\/www.ceadin.org\/b\/wp-json\/wp\/v2\/types\/page"}],"author":[{"embeddable":true,"href":"https:\/\/www.ceadin.org\/b\/wp-json\/wp\/v2\/users\/2"}],"replies":[{"embeddable":true,"href":"https:\/\/www.ceadin.org\/b\/wp-json\/wp\/v2\/comments?post=3676"}],"version-history":[{"count":0,"href":"https:\/\/www.ceadin.org\/b\/wp-json\/wp\/v2\/pages\/3676\/revisions"}],"wp:attachment":[{"href":"https:\/\/www.ceadin.org\/b\/wp-json\/wp\/v2\/media?parent=3676"}],"curies":[{"name":"wp","href":"https:\/\/api.w.org\/{rel}","templated":true}]}}