{"id":3597,"date":"2017-08-10T17:38:58","date_gmt":"2017-08-10T17:38:58","guid":{"rendered":"http:\/\/www.ceadin.org\/b\/?page_id=3597"},"modified":"2023-06-04T17:04:38","modified_gmt":"2023-06-04T17:04:38","slug":"las-consecuencias-psicologicas-de-una-violacion","status":"publish","type":"page","link":"https:\/\/www.ceadin.org\/b\/las-consecuencias-psicologicas-de-una-violacion\/","title":{"rendered":"Las consecuencias psicol\u00f3gicas de una violaci\u00f3n"},"content":{"rendered":"<blockquote>\n<blockquote>\n<blockquote>\n<h3 class=\"featured-title\" style=\"text-align: center;\"><span style=\"color: #0000ff;\"><em><strong><br \/>\n<span style=\"color: #ff0000;\">\u2014 SUFRIR UNA VIOLACI\u00d3N<\/span><span style=\"color: #4545de;\"><span style=\"color: #ff0000;\"> \u2014<\/span><br \/>\n<\/span><\/strong><\/em><\/span><\/h3>\n<h3 class=\"featured-title\" style=\"text-align: center;\"><span style=\"color: #6f6fde;\"><em><strong>Cuando se sufre una Violaci\u00f3n, cambia<br \/>\ntodo el universo de la persona, pudiendo llegar a tener consecuencias psicol\u00f3gicas devastadoras.!<\/strong><\/em><\/span><a href=\"http:\/\/www.ceadin.org\/b\/wp-content\/uploads\/2023\/01\/0e96e16f77fcc95f2042954c62ef6389.jpg\"><img decoding=\"async\" loading=\"lazy\" class=\"size-full wp-image-7128 aligncenter\" src=\"http:\/\/www.ceadin.org\/b\/wp-content\/uploads\/2023\/01\/0e96e16f77fcc95f2042954c62ef6389.jpg\" alt=\"\" width=\"800\" height=\"1000\" srcset=\"https:\/\/www.ceadin.org\/b\/wp-content\/uploads\/2023\/01\/0e96e16f77fcc95f2042954c62ef6389.jpg 800w, https:\/\/www.ceadin.org\/b\/wp-content\/uploads\/2023\/01\/0e96e16f77fcc95f2042954c62ef6389-240x300.jpg 240w, https:\/\/www.ceadin.org\/b\/wp-content\/uploads\/2023\/01\/0e96e16f77fcc95f2042954c62ef6389-768x960.jpg 768w, https:\/\/www.ceadin.org\/b\/wp-content\/uploads\/2023\/01\/0e96e16f77fcc95f2042954c62ef6389-619x774.jpg 619w\" sizes=\"(max-width: 800px) 100vw, 800px\" \/><\/a><span style=\"color: #ff0000;\"><em><strong>Cuando sufres una violaci\u00f3n,<br \/>\nt<span style=\"color: #ff0000;\">oda tu vida cambia y la de los que est\u00e1<\/span>n a<br \/>\ntu alrededor tambi\u00e9n.!<\/strong><\/em><\/span><\/h3>\n<\/blockquote>\n<h4><span style=\"color: #008000;\"><em><strong><span style=\"color: #ff0000;\">Pero lo peor de todo es no saber afrontarla, llegando en ocasiones, a culpabilizar a la v\u00edctima aunque sea de manera no consciente-.<\/span><span style=\"color: #6f6fde;\"> Una de las razones por la que se pone una distancia con la v\u00edctima, es para que la posibilidad de que a ti, o a los que quieres les ocurra lo mismo sea lejana o casi imposible.<\/span><\/strong><\/em><\/span><\/h4>\n<div class=\"the-content\">\n<h4><span style=\"color: #008000;\"><em><strong><span style=\"color: #ff0000;\">Si pensamos que fue porque iba con un escote demasiado abierto,<\/span> <span style=\"color: #ff0000;\">razonaremos que si nosotras no vamos con este escote nunca nos pasar\u00e1.<\/span> <span style=\"color: #6f6fde;\">Nuestra mente es lista y es muy buena haciendo este tipo de asociaciones, de manera que la posible incertidumbre o nuestra percepci\u00f3n de seguridad no queden comprometidas.<\/span><\/strong><\/em><\/span><\/h4>\n<h4><span style=\"color: #800080;\"><em><strong><span style=\"color: #ff0000;\">Esta culpabilizaci\u00f3n, sumada a las secuelas f\u00edsicas y psicol\u00f3gicas propias de la violaci\u00f3n, hace que la v\u00edctima pueda sufrir por partida doble. &#8211;<\/span><span style=\"color: #008000;\"><span style=\"color: #ff0000;\">Ya que no solo la sociedad se\u00f1ala a su escote-, <\/span><span style=\"color: #6f6fde;\">sino que tambi\u00e9n lo hace ella misma, intentando encontrar una circunstancia que pueda controlar, para que mitific\u00e1ndola no vuelva a suceder.<\/span><\/span><\/strong><\/em><\/span><\/h4>\n<h4><span style=\"color: #008000;\"><em><strong><span style=\"color: #6f6fde;\">Por ello, un tratamiento psicol\u00f3gico adecuado es una variable muy importante en la recuperaci\u00f3n, y que este pueda<\/span> <span style=\"color: #ff0000;\">-incluir a la pareja, e incluso a la familia de la v\u00edctima, ayudar\u00eda en el proceso-.<\/span><\/strong><\/em><\/span><\/h4>\n<h4><span style=\"color: #008000;\"><em><strong><span style=\"color: #6f6fde;\">En este art\u00edculo vamos a reflejar -las consecuencias psicol\u00f3gicas, tanto personales como sociales-, que sufren las v\u00edctimas de violaciones, ya<\/span><\/strong> <strong><span style=\"color: #800080;\"><span style=\"color: #008000;\"><span style=\"color: #6f6fde;\">sean estas adolescentes o adultas, <\/span><span style=\"color: #ff0000;\">-siendo el agresor desconocido para la v\u00edctima-.<\/span><\/span> <\/span><\/strong><\/em><\/span><\/h4>\n<h3 style=\"text-align: center;\"><span style=\"color: #ff6600;\"><em><strong><span style=\"color: #951dd1;\">CUANDO LAS V\u00cdCTIMAS SON NI\u00d1AS Y\/O EL<\/span><br \/>\n<span style=\"color: #ff00ff;\">-AGRESOR ES UN AMIGO O FAMILIAR-,<\/span><span style=\"color: #008000;\"><br \/>\n<span style=\"color: #951dd1;\">LAS CONSECUENCIAS PSICOL\u00d3GICAS PUEDEN<\/span><\/span><span style=\"color: #951dd1;\"> SER<br \/>\nMUCHO M\u00c1S PROFUNDAS.!<\/span><\/strong><\/em><\/span><\/h3>\n<blockquote>\n<h3 class=\"quote-text\" style=\"text-align: left;\"><span style=\"color: #951dd1;\"><em><strong><span style=\"color: #951dd1;\">En los asesinatos, la v\u00edctima ha desaparecido y no tiene que enfrentarse a lo sucedido. Los parientes deben hacerlo, pero no la v\u00edctima.<\/span> <\/strong><\/em><\/span><\/h3>\n<h3 class=\"quote-text\" style=\"text-align: left;\"><span style=\"color: #0000ff;\"><em><strong><span style=\"color: #0000ff;\"><span style=\"color: #ff0000;\"><span style=\"color: #ff00ff;\">Pero la violaci\u00f3n es mucho peor.<\/span> <\/span><span style=\"color: #951dd1;\">La v\u00edctima dispone de toda una vida para digerirla, intentar comprenderla, formularse preguntas y lo peor del caso, <span style=\"color: #ff00ff;\">-saber que el violador sigue vivo y que alg\u00fan d\u00eda puede fugarse o ser puesto en libertad-.<\/span><\/span><\/span><br \/>\n<\/strong><\/em><\/span><\/h3>\n<h3 class=\"quote-text\" style=\"text-align: center;\"><span style=\"color: #6f6fde;\"><em><strong>Todas las horas de todos los d\u00edas,<br \/>\nla v\u00edctima piensa en la violaci\u00f3n y se formula<br \/>\nun sinf\u00edn de preguntas. <\/strong><\/em><em><strong><br \/>\nLa revive paso a paso, minuto a minuto, y duele<br \/>\nsiempre como la primera vez\u201d<br \/>\n-John Grisham-<\/strong><\/em><\/span><\/h3>\n<\/blockquote>\n<h3 style=\"text-align: center;\"><span style=\"color: #ff00ff;\"><em><strong>\u2014 Consecuencias personales de una violaci\u00f3n \u2014<\/strong><\/em><\/span><\/h3>\n<h3 style=\"text-align: left;\"><span style=\"color: #951dd1;\"><em><strong>Cuando sufres una violaci\u00f3n todo cambia, porque te han robado <\/strong><\/em><em><strong>tu parte m\u00e1s privada, tu sexualidad, esa parte de tu ser que compartes con quien quieres.<\/strong><\/em><\/span><span style=\"text-decoration: underline; color: #0000ff;\"><em><strong><br \/>\n<\/strong><\/em><\/span><\/h3>\n<h3 style=\"text-align: left;\"><span style=\"color: #ff00ff;\"><em><strong>Puede ser una agresi\u00f3n con mayor o menor grado de violencia, con penetraci\u00f3n realizada por un objeto extra\u00f1o o por el propio violador, todo esto te afecta de muy distintas maneras.<\/strong><\/em><\/span><\/h3>\n<blockquote>\n<h3 id=\"div-gpt-ad-1459524187344-0\" style=\"text-align: left;\" data-google-query-id=\"CKfb4NbeytUCFcdIAQod6gUOhA\"><span style=\"color: #008000;\"><em><strong><span style=\"color: #0000ff;\"><span style=\"color: #951dd1;\"><span style=\"color: #ff00ff;\">1.-<\/span> Al principio hay una<\/span> <span style=\"color: #ff00ff;\">-fase de shock-<\/span><\/span> <span style=\"color: #951dd1;\">tan grande, que puede llegar a la propia despersonalizaci\u00f3n de la v\u00edctima<\/span><\/strong>, <span style=\"color: #951dd1;\">&#8211;<\/span><strong><span style=\"color: #0000ff;\"><span style=\"color: #951dd1;\">porque la realidad duele tanto que para protegerse la propia mente crea un <\/span><span style=\"color: #ff00ff;\">-ALTER EGO-,<\/span><span style=\"color: #951dd1;\"> una tercera persona que sufre el delito, <span style=\"color: #ff00ff;\">-llegando a hablar la v\u00edctima de su propio cuerpo en tercera persona-.<\/span><\/span><\/span> <\/strong><\/em><\/span><\/h3>\n<h3 style=\"text-align: left;\" data-google-query-id=\"CKfb4NbeytUCFcdIAQod6gUOhA\"><span style=\"color: #951dd1;\"><em><strong>Tambi\u00e9n puede que no recuerde nada de lo ocurrido nada m\u00e1s producirse la agresi\u00f3n, que est\u00e9 desorientada y muy asustada.<\/strong><\/em><\/span><\/h3>\n<h3 style=\"text-align: left;\"><span style=\"color: #951dd1;\"><em><strong><span style=\"color: #ff00ff;\">2.-<\/span> A continuaci\u00f3n, cuando los recuerdos van volviendo y las pruebas m\u00e9dicas sucedi\u00e9ndose, se empieza a tomar conciencia de lo sucedido, <span style=\"color: #ff00ff;\">-a sentir el dolor f\u00edsico y a pensar en el propio bienestar-.<\/span><\/strong><\/em><\/span><\/h3>\n<h3 style=\"text-align: left;\"><span style=\"color: #ff00ff;\"><em><strong> Se piensa en las posibles enfermedades de transmisi\u00f3n sexual, en da\u00f1os permanentes en sus \u00f3rganos reproductores y en la posibilidad de embarazo, aunque sea atendida con un anticonceptivo de emergencia, ya que estos no son 100% efectivos.<\/strong><\/em><\/span><\/h3>\n<h3 style=\"text-align: left;\"><span style=\"color: #008000;\"><em><strong><span style=\"color: #0000ff;\"><span style=\"color: #ff00ff;\">3.-<\/span> <span style=\"color: #951dd1;\">Despu\u00e9s, <\/span><\/span><span style=\"color: #951dd1;\">con las preguntas de la polic\u00eda y equipo m\u00e9dico, que intentan realizar su trabajo de la mejor manera posible, comienza la<\/span><span style=\"color: #ff00ff;\"> -REVICTIMIZACI\u00d3N-,<\/span> <span style=\"color: #951dd1;\">agudizada por los largos procesos judiciales a los que se enfrentan las v\u00edctimas de violaci\u00f3n.<\/span> <\/strong><\/em><\/span><\/h3>\n<h3 style=\"text-align: left;\"><span style=\"color: #008000;\"><em><strong><span style=\"color: #951dd1;\">Esta<\/span> <span style=\"color: #ff00ff;\">-REVICTIMIZACI\u00d3N-<\/span> <span style=\"color: #951dd1;\">consiste en revivir todo lo ocurrido, si puede ser al m\u00e1ximo detalle, para que las autoridades den con el agresor, pero que implica<\/span> <span style=\"color: #ff00ff;\">-que la v\u00edctima vuelva a vivir ese horror sin que est\u00e9 preparada psicol\u00f3gicamente para ello.<\/span><\/strong><\/em><\/span><\/h3>\n<h3><span style=\"color: #800080;\"><em><strong><span style=\"color: #008000;\"><span style=\"color: #0000ff;\"><span style=\"color: #ff00ff;\">4.-<\/span> <span style=\"color: #951dd1;\">Por \u00faltimo,<\/span><\/span><span style=\"color: #951dd1;\"> estas v\u00edctimas se enfrentan a lo que se conoce como<\/span><\/span> <a href=\"http:\/\/www.ceadin.org\/b\/tep-trastorno-de-estres-postraumatico\/\"><span style=\"color: #ff00ff;\">-Trastorno de Estr\u00e9s Post-Traum\u00e1tico<span style=\"text-decoration: underline;\"><span style=\"color: #ff00ff; text-decoration: underline;\">,<br \/>\n\u2217<\/span> ver mas\u00bb<\/span> <\/span><\/a><span style=\"color: #951dd1;\">que en este tipo de delitos tiene sus propias caracter\u00edsticas:<\/span><\/strong><\/em><\/span><\/h3>\n<h3 style=\"text-align: left;\"><em><strong><span style=\"color: #008000;\"><span style=\"color: #951dd1;\">Las v\u00edctimas reviven intensamente la agresi\u00f3n sufrida mediante im\u00e1genes o<\/span> <span style=\"color: #ff00ff;\">-recuerdos involuntarios, llamados t\u00e9cnicamente flashbacks-,<\/span> <span style=\"color: #951dd1;\">y puede que sufra de pesadillas, aunque son menos comunes que en las v\u00edctimas de guerras que sufren este trastorno.<\/span><\/span><\/strong><\/em><\/h3>\n<h3 style=\"text-align: left;\"><em><strong><span style=\"color: #008000;\"><span style=\"color: #951dd1;\">Hay un gran aumento de la activaci\u00f3n,<\/span> <span style=\"color: #ff00ff;\">-un estado de ALERTA O ANSIEDAD continuo-, <\/span><span style=\"color: #951dd1;\">como respuesta adaptativa a la violaci\u00f3n, ocurrida en un lugar considerado seguro para la v\u00edctima, como su propia casa, transporte p\u00fablico.<\/span><\/span><\/strong><\/em><\/h3>\n<h3 style=\"text-align: left;\"><em><strong><span style=\"color: #008000;\"><span style=\"color: #951dd1;\">Tienden a evitar las situaciones o lugares asociadas a la violaci\u00f3n,<\/span><span style=\"color: #ff00ff;\"> -rechazando incluso hablar voluntariamente del delito-.<\/span><\/span><\/strong><\/em><\/h3>\n<h3 style=\"text-align: left;\"><em><strong><span style=\"color: #008000;\"><span style=\"color: #951dd1;\">Aparecen<\/span> <span style=\"color: #ff00ff;\">-alteraciones como irritabilidad, falta de concentraci\u00f3n-,<\/span><span style=\"color: #951dd1;\"> problemas para dormir, e incluso la conocida como<\/span><span style=\"color: #d13711;\"><span style=\"color: #ff00ff;\"> -anestesia ps\u00edquica-,<\/span> <\/span><span style=\"color: #951dd1;\">o incapacidad para captar y expresar sentimientos de intimidad y ternura.<\/span><\/span><\/strong><\/em><\/h3>\n<h3 style=\"text-align: left;\"><span style=\"color: #008000;\"><em><strong><span style=\"color: #951dd1;\">Todo esto, hace que la ayuda profesional para superar una violaci\u00f3n sea fundamental ya que,<\/span> <span style=\"color: #0000ff;\"><span style=\"color: #ff00ff;\">-si el Estr\u00e9s Post-Traum\u00e1tico no es tratado correctamente desde un principio-,<\/span><span style=\"color: #951dd1;\"> se convierte en un problema cr\u00f3nico que se agudiza y que tiene<\/span> <span style=\"color: #ff00ff;\">-graves consecuencias para la v\u00edctima, que van desde el AISLAMIENTO AL SUICIDIO-.<\/span><\/span><\/strong><\/em><\/span><\/h3>\n<\/blockquote>\n<h3 class=\"quote-text\" style=\"text-align: center;\"><span style=\"color: #ff00ff;\"><em><strong>Tal vez el peor de todos los cr\u00edmenes<br \/>\nsea la monstruosa violaci\u00f3n de una menor.!<\/strong><\/em><\/span><\/h3>\n<h3 class=\"quote-text\" style=\"text-align: center;\"><span style=\"color: #951dd1;\"><em><strong>Cu<span style=\"color: #951dd1;\">ando le ocurre a una mujer adulta,<\/span><br \/>\n<span style=\"color: #951dd1;\">tiene una buena idea del porqu\u00e9 de lo sucedido.<\/span><br \/>\nUn animal lleno de odio, ira y violencia.<br \/>\n<\/strong><\/em><\/span><\/h3>\n<h3 class=\"quote-text\" style=\"text-align: center;\"><span style=\"color: #951dd1;\"><em><strong><span style=\"color: #ff00ff;\">\u00bfPero una ni\u00f1a?<\/span><br \/>\n<span style=\"color: #ff00ff;\">\u00bfUna ni\u00f1a de diez a\u00f1os?<\/span><br \/>\n<span style=\"color: #ff00ff;\">P\u00f3nganse en el lugar de los padres.<\/span><br \/>\n<span style=\"color: #ff00ff;\">Intenten explicarle a su hija por qu\u00e9 la han violado.<\/span><br \/>\n<span style=\"color: #6f6fde;\">\u2013John Grisham-<\/span><\/strong><\/em><\/span><\/h3>\n<h3 style=\"text-align: center;\"><span style=\"color: #951dd1;\"><em><strong>\u00a0\u2014 Consecuencias familiares y sociales \u2014<\/strong><\/em><\/span><\/h3>\n<h3 style=\"text-align: left;\"><span style=\"color: #6f6fde;\"><em><strong>La violaci\u00f3n de una menor afecta a todo el n\u00facleo familiar llegando a la descomposici\u00f3n de la familia por completo al no saber tratar este tema.<\/strong><\/em><\/span><\/h3>\n<h3><span style=\"color: #008000;\"><em><strong><span style=\"color: #951dd1;\">1.- Por ello, el acudir todos a una terapia familiar suele ser la mejor opci\u00f3n-.<\/span> <span style=\"color: #6f6fde;\">En ella se tratan abiertamente todas las inquietudes, desde la culpabilidad que tienen los padres, por no haber podido proteger a su hija de un crimen tan atroz, a la de la v\u00edctima por haber sufrido un delito sin poder evitarlo.<\/span><\/strong><\/em><\/span><\/h3>\n<h3><span style=\"color: #008000;\"><em><strong><span style=\"color: #951dd1;\">2.- Si la v\u00edctima es la pareja-,<\/span><span style=\"color: #6f6fde;\"> afecta a toda la relaci\u00f3n, no solo a la parte sexual, sino tambi\u00e9n a la afectiva.<\/span> <span style=\"color: #951dd1;\">Es muy dif\u00edcil explicar a tu pareja todo lo que hizo el agresor contigo, porque ves que va a sufrir m\u00e1s de lo que sufre ahora, pero en este caso la comunicaci\u00f3n es fundamental para el entendimiento y superaci\u00f3n del trauma.<\/span><\/strong><\/em><\/span><\/h3>\n<h3><strong><span style=\"color: #008000;\"><em><span style=\"color: #6f6fde;\">No en vano, uno de los factores de peor pron\u00f3stico para la recuperaci\u00f3n de una v\u00edctima de una violaci\u00f3n es estar casada, <\/span><span style=\"color: #0000ff;\"><br \/>\n<span style=\"color: #951dd1;\">-por las dificultades que esto conlleva a la pareja-.<\/span><\/span><\/em><\/span><\/strong><\/h3>\n<h3><strong><span style=\"color: #008000;\"><em><span style=\"color: #0000ff;\"><span style=\"color: #951dd1;\">3.- <span style=\"color: #6f6fde;\">Y por \u00faltimo,<\/span><\/span> <\/span><\/em><\/span><span style=\"color: #ff6600;\"><span style=\"color: #951dd1;\"><em>-la etiqueta de persona violada-<\/em><\/span><em><span style=\"color: #6f6fde;\"> que te pone la sociedad, hace que la recuperaci\u00f3n sea m\u00e1s dif\u00edcil. La gente puede que te mire raro por la calle, que se aleje y que no lo entienda.<\/span><span style=\"color: #951dd1;\"> -Lo peor es que justifican tu agresi\u00f3n por c\u00f3mo ibas vestida o porque hab\u00edas bebido-,<\/span> <span style=\"color: #6f6fde;\">eso para pensar que cualquiera de nosotras podemos ser v\u00edctimas, y para tener miedo.<\/span><\/em><\/span><\/strong><\/h3>\n<h3 style=\"text-align: center;\"><span style=\"color: #951dd1;\"><em><strong>\u2014 Factores que facilitan la violaci\u00f3n \u2014<\/strong><\/em><\/span><\/h3>\n<h3><span style=\"color: #6f6fde;\"><em><strong>Se suele decir que las mujeres vamos provocando con nuestra forma de vestir, o con nuestra forma de bailar. Que nos convertimos en v\u00edctimas por beber o volver solas a casa, pero lo cierto es que:<\/strong><\/em><\/span><\/h3>\n<h3 style=\"text-align: center;\"><span style=\"color: #ff00ff;\"><em><strong> El \u00fanico factor que hace que<br \/>\nseas v\u00edctima de violaci\u00f3n es que seas una mujer.!<\/strong><\/em><\/span><\/h3>\n<h3><span style=\"color: #6f6fde;\"><em><strong>Y eso es algo que no podemos cambiar, es nuestro g\u00e9nero el que nos convierte en v\u00edctimas, y no nada de lo que hagamos, porque nada puede cambiarlo.<\/strong><\/em><\/span><\/h3>\n<blockquote>\n<h3><span style=\"color: #951dd1;\"><em><strong>Hay muchas causas ciertas por las que se da una violaci\u00f3n:<\/strong><\/em><\/span><br \/>\n<span style=\"color: #ff00ff;\"><em><strong>1.- Ser mujer.<\/strong><\/em><\/span><\/h3>\n<h3><span style=\"color: #ff00ff;\"><em><strong>2.- Menor fuerza f\u00edsica.<\/strong><\/em><\/span><\/h3>\n<h3><span style=\"color: #ff00ff;\"><em><strong>3.- Por antojo.<\/strong><\/em><\/span><\/h3>\n<h3><span style=\"color: #ff00ff;\"><em><strong>4.- Falta de lucid\u00e9z en el hombre.<\/strong><br \/>\n<\/em><\/span><\/h3>\n<h3><span style=\"color: #ff00ff;\"><em><em><strong>5.- Por dominaci\u00f3n.<\/strong><\/em><br \/>\n<\/em><\/span><\/h3>\n<h3><span style=\"color: #ff00ff;\"><em><em><strong>6.- Demostrar poder\u00edo.<\/strong><\/em><br \/>\n<\/em><\/span><\/h3>\n<h3><span style=\"color: #ff00ff;\"><em><em><strong>7.- Saciar el deseo.<\/strong><\/em><br \/>\n<\/em><\/span><\/h3>\n<h3><span style=\"color: #ff00ff;\"><em><em><strong>8.- Falta de respeto.<\/strong><\/em><br \/>\n<\/em><\/span><\/h3>\n<h3><span style=\"color: #ff00ff;\"><em><em><strong>9.- Por una apuesta.<\/strong><\/em><br \/>\n<\/em><\/span><\/h3>\n<h3><span style=\"color: #ff00ff;\"><em><em><strong>10.- Perpetuar la especie.<\/strong><br \/>\n<\/em><\/em><\/span><\/h3>\n<h3><span style=\"color: #ff00ff;\"><em><em><em><strong>11.- Brutalidad.<\/strong><\/em><br \/>\n<\/em><\/em><\/span><\/h3>\n<h3><span style=\"color: #ff00ff;\"><em><em><em><strong>12.- Para ridiculizar, etc&#8230;<\/strong><\/em><\/em><\/em><\/span><\/h3>\n<\/blockquote>\n<h3><em><strong><span style=\"color: #6f6fde;\">En lugar de culpabilizar a las v\u00edctimas por c\u00f3mo van vestidas, o por qu\u00e9 iban solas por la calle, lo que debemos de hacer es educar a nuestros hijos, en que,<\/span> <span style=\"color: #ff00ff;\">-haga lo que haga una mujer, no es propiedad de los caprichos de un hombre-.<\/span><\/strong><\/em><\/h3>\n<h3 style=\"text-align: center;\"><span style=\"color: #0000ff;\"><strong><span style=\"color: #6f6fde;\"><em>Haga lo que haga una mujer, haya bebido o no,<\/em><\/span><br \/>\n<span style=\"color: #6f6fde;\"> <em> no la convierte en objeto, y sobre todo no cambia<\/em><\/span><br \/>\n<span style=\"color: #6f6fde;\"> <em> el significado de las palabras, porque un<\/em>:<\/span><br \/>\n<\/strong><\/span><\/h3>\n<h3 style=\"text-align: center;\"><span style=\"color: #0000ff;\"><strong><span style=\"color: #ff00ff;\"><em>NO..<br \/>\n<span style=\"color: #ff00ff;\">SIEMPRE SIGNIFICAR\u00c1 NO.!<\/span><\/em> <\/span><\/strong><\/span><\/h3>\n<h3 style=\"text-align: center;\"><span style=\"color: #951dd1;\"><em><strong>Y haga lo que haga un hombre,<\/strong><\/em><\/span><br \/>\n<span style=\"color: #951dd1;\"> <em><strong><span style=\"color: #951dd1;\"> el beber, no ser\u00e1 la excusa para cometer el delito<\/span>,<\/strong><\/em><\/span><br \/>\n<span style=\"color: #951dd1;\"> <em><strong> porque la bebida, al igual que no cambia<br \/>\nel significado de <\/strong><\/em><em><strong>las palabras, no cambia a la persona,<br \/>\nque sigue siendo responsable de sus actos.<\/strong><\/em><\/span><\/h3>\n<h4><span style=\"color: #0000ff;\"><a style=\"color: #0000ff;\" href=\"http:\/\/www.ceadin.org\/b\/tep-trastorno-de-estres-postraumatico\/\"><em><strong><br \/>\n<span style=\"color: #951dd1;\">-TEP-Estr\u00e9s postraum\u00e1tico-<\/span><\/strong><\/em><\/a><\/span><br \/>\n<span style=\"color: #ff00ff;\"><em><strong> El estr\u00e9s postraum\u00e1tico se produce en las personas que han sido v\u00edctimas <\/strong><\/em><em><strong>o testigos de hechos que ponen en peligro la vida o la&#8230; <span style=\"text-decoration: underline;\"><br \/>\n\u2217 <a style=\"color: #ff00ff; text-decoration: underline;\" href=\"http:\/\/www.ceadin.org\/b\/tep-trastorno-de-estres-postraumatico\/\"><span class=\"read-more-featured\">Ver m\u00e1s \u00bb<\/span><\/a><\/span><\/strong><\/em><\/span><\/h4>\n<\/div>\n<p><em><span style=\"color: #008000;\">Artista-Ananya Thakur<\/span><\/em><\/p>\n<h4><span style=\"color: #ff00ff;\"><em><strong>ESPERAMOS ENCUENTRE \u00daTIL ESTA INFORMACI\u00d3N.<br \/>\nSI USTED EST\u00c1 PENSANDO EN HACERSE DA\u00d1O,<br \/>\nO SI CONOCE A ALGUIEN QUE PODR\u00cdA HACERSE DA\u00d1O,<br \/>\nBUSQUE AYUDA R\u00c1PIDAMENTE\u00a0 Y LLAME A SU M\u00c9DICO.<\/strong><\/em><\/span><\/h4>\n<h4><span style=\"color: #008080;\"><em><strong>NOTA IMPORTANTE.<\/strong><\/em><em><strong><br \/>\nBusque ayuda inmediatamente si:<\/strong><\/em><\/span><br \/>\n<span style=\"color: #008080;\"><em><strong>Se siente abrumado.<\/strong><\/em><\/span><br \/>\n<span style=\"color: #008080;\"><em><strong>\u2028Est\u00e1 pensando en hacerse da\u00f1o o en da\u00f1ar a otra persona.<\/strong><\/em><\/span><br \/>\n<span style=\"color: #008080;\"><em><strong>Es incapaz de controlar su comportamiento.<\/strong><\/em><\/span><br \/>\n<span style=\"color: #008080;\"><em><strong>Tiene otros s\u00edntomas muy angustiantes de trastorno<\/strong><\/em><\/span><br \/>\n<span style=\"color: #008080;\"><em><strong>de estr\u00e9s postraum\u00e1tico.<\/strong><\/em><em><strong><br \/>\nLlame a un familiar, no se quede solo.<br \/>\nLlame a su m\u00e9dico.<\/strong><\/em><\/span><\/h4>\n<h4><span style=\"color: #ff00ff;\"><em><strong>EN CASO NECESARIO:<\/strong><\/em><\/span><br \/>\n<span style=\"color: #ff00ff;\"><em><strong>Llame a su m\u00e9dico.<\/strong><\/em><\/span><br \/>\n<span style=\"color: #ff00ff;\"><em><strong>Llame al 911 para servicios de emergencia\u2028 o vaya<\/strong><\/em><\/span><br \/>\n<span style=\"color: #ff00ff;\"><em><strong>a la sala de emergencias m\u00e1s cercana.<\/strong><\/em><\/span><br \/>\n<span style=\"color: #ff00ff;\"><em><strong>En un caso de emergencia, puede llamar a:<\/strong><\/em><\/span><br \/>\n<span style=\"color: #ff00ff;\"><em><strong>SAPTEL \u201cSistema Nacional de Apoyo, Consejo \u2028Psicol\u00f3gico<\/strong><\/em><\/span><br \/>\n<span style=\"color: #ff00ff;\"><em><strong>e Intervenci\u00f3n en Crisis por Tel\u00e9fono\u201d<\/strong><\/em><\/span><br \/>\n<span style=\"color: #ff00ff;\"><em><strong>(Cruz Roja Mexicana\u2013 24 Hrs.) sin costo<\/strong><\/em><\/span><\/h4>\n<h4><span style=\"color: #ff00ff;\"><em><strong>SAPTEL<\/strong><\/em><\/span><br \/>\n<span style=\"color: #ff00ff;\"><em><strong>Av M\u00e9xico #37, Hip\u00f3dromo,<\/strong><\/em><\/span><br \/>\n<span style=\"color: #ff00ff;\"><em><strong>Cuauht\u00e9moc, Ciudad de M\u00e9xico.<\/strong><\/em><\/span><br \/>\n<span style=\"color: #ff00ff;\"><em><strong>Tel\u00e9fono:(55) 52598121<br \/>\nE-mail: <a class=\"col1\" style=\"color: #ff00ff;\" href=\"https:\/\/www.saptel.org.mx\/contacto.html#\">saptel.crlyc@gmail.com<\/a><\/strong><\/em><\/span><\/h4>\n<h4><em><strong>\u00a0<\/strong><\/em><\/h4>\n<\/blockquote>\n<\/blockquote>\n","protected":false},"excerpt":{"rendered":"<p>\u2014 SUFRIR UNA VIOLACI\u00d3N \u2014 Cuando se sufre una Violaci\u00f3n, cambia todo el universo de la persona, pudiendo llegar a tener consecuencias psicol\u00f3gicas devastadoras.!Cuando sufres una violaci\u00f3n, toda tu vida cambia y la de los que est\u00e1n a tu alrededor tambi\u00e9n.! Pero lo peor de todo es no saber afrontarla, llegando en ocasiones, a culpabilizar [&hellip;]<\/p>\n","protected":false},"author":2,"featured_media":0,"parent":0,"menu_order":0,"comment_status":"closed","ping_status":"closed","template":"","meta":[],"_links":{"self":[{"href":"https:\/\/www.ceadin.org\/b\/wp-json\/wp\/v2\/pages\/3597"}],"collection":[{"href":"https:\/\/www.ceadin.org\/b\/wp-json\/wp\/v2\/pages"}],"about":[{"href":"https:\/\/www.ceadin.org\/b\/wp-json\/wp\/v2\/types\/page"}],"author":[{"embeddable":true,"href":"https:\/\/www.ceadin.org\/b\/wp-json\/wp\/v2\/users\/2"}],"replies":[{"embeddable":true,"href":"https:\/\/www.ceadin.org\/b\/wp-json\/wp\/v2\/comments?post=3597"}],"version-history":[{"count":0,"href":"https:\/\/www.ceadin.org\/b\/wp-json\/wp\/v2\/pages\/3597\/revisions"}],"wp:attachment":[{"href":"https:\/\/www.ceadin.org\/b\/wp-json\/wp\/v2\/media?parent=3597"}],"curies":[{"name":"wp","href":"https:\/\/api.w.org\/{rel}","templated":true}]}}