{"id":3561,"date":"2017-08-09T00:22:51","date_gmt":"2017-08-09T00:22:51","guid":{"rendered":"http:\/\/www.ceadin.org\/b\/?page_id=3561"},"modified":"2023-06-03T19:10:27","modified_gmt":"2023-06-03T19:10:27","slug":"la-violencia-perversa","status":"publish","type":"page","link":"https:\/\/www.ceadin.org\/b\/la-violencia-perversa\/","title":{"rendered":"La Violencia Perversa"},"content":{"rendered":"<blockquote>\n<blockquote>\n<h3 style=\"text-align: center;\"><span style=\"color: #0000ff;\"><em><strong><br \/>\n<span style=\"color: #b40fbf;\">La -Violencia Perversa-<\/span><\/strong><\/em><\/span><br \/>\n<span style=\"color: #34a334;\"><em><strong> \u2014 MALTRATO PSICOL\u00d3GICO- o <\/strong><\/em><\/span><span style=\"color: #0000ff;\"><em><strong><span style=\"color: #46a112;\"><span style=\"color: #34a334;\">-ACOSO MORAL \u2014<\/span><br \/>\n<\/span><\/strong><\/em><\/span><\/h3>\n<h3 style=\"text-align: center;\"><span style=\"color: #0c889c;\"><em><strong>Pueden llegar a hacer pedazos a una persona,<\/strong><\/em><\/span><br \/>\n<em><strong><span style=\"color: #0c889c;\"> produciendo un <\/span><span style=\"color: #b40fbf;\">-Asesinato Psicol\u00f3gico-<\/span><span style=\"color: #0c889c;\"> en toda regla.<\/span><\/strong><\/em><\/h3>\n<h3><span style=\"color: #0000ff;\"><em><strong><a href=\"http:\/\/www.ceadin.org\/b\/wp-content\/uploads\/2023\/01\/Captura-de-Pantalla-2022-12-19-a-las-12.28.14-a.m..png\"><img decoding=\"async\" loading=\"lazy\" class=\"aligncenter wp-image-7105 size-large\" src=\"http:\/\/www.ceadin.org\/b\/wp-content\/uploads\/2023\/01\/Captura-de-Pantalla-2022-12-19-a-las-12.28.14-a.m.-733x1024.png\" alt=\"\" width=\"660\" height=\"922\" \/><\/a><\/strong><\/em><\/span><span style=\"color: #0c889c;\"><em><strong>Las personas a lo largo de nuestras vidas vamos creando y manteniendo relaciones que nos resultan estimulantes, ya que nos incitan a dar lo mejor de nosotros mismos, pero tambi\u00e9n podemos llegar a mantener otro tipo de relaciones que nos desgastan, haci\u00e9ndonos estar en una situaci\u00f3n de tensi\u00f3n constante, pudiendo llegar a destrozarnos\u2026<\/strong><\/em><\/span><\/h3>\n<h3 style=\"text-align: center;\"><span style=\"color: #b40fbf;\"><em><strong>\u00bfC\u00f3mo ocurre la violencia perversa..?<\/strong><\/em><\/span><\/h3>\n<h3><em><strong><span style=\"color: #0c889c;\">El proceso de <\/span><span style=\"text-decoration: underline; color: #0000ff;\"><span style=\"color: #b40fbf; text-decoration: underline;\">-violencia perversa-<\/span> <\/span><span style=\"color: #0c889c;\">se caracteriza por ser complejo, ya que es<\/span> <span style=\"text-decoration: underline; color: #b40fbf;\">-enmascarado, \u00edntimo y cerrado-.<\/span><span style=\"color: #0c889c;\"> Es como si fuera una violencia<\/span><span style=\"color: #b40fbf;\"><span style=\"text-decoration: underline;\"> -limpia- <\/span><span style=\"text-decoration: underline;\">&#8211;<\/span><\/span><span style=\"color: #008000;\"><span style=\"text-decoration: underline; color: #b40fbf;\">porque nadie ve nada-.<\/span> &#8211;<span style=\"color: #34a334;\">S<\/span><span style=\"color: #0c889c;\"><span style=\"color: #34a334;\">olo las v\u00edctimas identifican las huellas de las insinuaciones que lleva a cabo el agresor-,<\/span> el cual prefiere destruir indirectamente, o que la v\u00edctima con el paso del tiempo lo consiga sola.<\/span><\/span><\/strong><\/em><\/h3>\n<h3><em><strong><span style=\"text-decoration: underline; color: #b40fbf;\">LA HOSTILIDAD <\/span><span style=\"color: #0c889c;\">se encuentra presente constantemente, tras la apariencia de<\/span><span style=\"text-decoration: underline; color: #b40fbf;\"> -peque\u00f1os toques diarios o semanales-,<\/span> <span style=\"color: #0c889c;\">durante meses e incluso a\u00f1os, a trav\u00e9s de un tono fr\u00edo, <span style=\"color: #34a334;\">-que la v\u00edctima reconoce sin equivocarse-.<\/span><\/span><\/strong><\/em><\/h3>\n<h3><em><strong><span style=\"color: #0c889c;\">Y si \u00e9sta responde a la provocaci\u00f3n con una <\/span><span style=\"text-decoration: underline; color: #b40fbf;\">-subida de tono-,<\/span><span style=\"color: #0c889c;\"> si hay gente alrededor, les parecer\u00e1 como la agresiva, aprovechando en este momento el agresor para adoptar su posici\u00f3n de<\/span><span style=\"text-decoration: underline; color: #b40fbf;\"> -v\u00edctima-.<\/span> <span style=\"color: #34a334;\">-Pero si la v\u00edctima planta la cara de dominio, la estrategia perversa se revela con total claridad, aunque \u00e9sta se arriesgue a ser odiada-.<\/span><\/strong><\/em><\/h3>\n<h3><em><strong><span style=\"color: #008000;\"><span style=\"color: #0c889c;\">Aparece as\u00ed una<\/span><span style=\"text-decoration: underline; color: #b40fbf;\"> -fase de odio- <\/span><span style=\"color: #34a334;\"><span style=\"color: #0c889c;\">del agresor hacia su v\u00edctima, porque \u00e9sta reacciona intentando establecer unos l\u00edmites, y en mayor medida su libertad.<\/span> -As\u00ed cuando la v\u00edctima es capaz de expresar aquello que siente-,<span style=\"color: #0c889c;\"> el agresor lo que quiere es hacerla callar. Escud\u00e1ndose \u00e9ste en una armadura de<\/span><\/span><\/span> <span style=\"text-decoration: underline; color: #0000ff;\"><span style=\"color: #b40fbf; text-decoration: underline;\">-sarcasmos con armas como los golpes bajos y ofensas-<\/span> <\/span><span style=\"color: #0c889c;\">para protegerse de lo que m\u00e1s teme:<\/span><span style=\"text-decoration: underline; color: #b40fbf;\"> -la comunicaci\u00f3n-.<\/span><\/strong><\/em><\/h3>\n<h3><em><strong><span style=\"color: #0c889c;\">En las relaciones donde se manifiesta la<\/span><span style=\"text-decoration: underline; color: #b40fbf;\"> -violencia perversa-,<\/span><span style=\"color: #008000;\"><span style=\"color: #34a334;\"> -cuanto m\u00e1s se expone la v\u00edctima, m\u00e1s la atacar\u00e1 y m\u00e1s sufrir\u00e1-.<\/span> <span style=\"color: #0c889c;\">Y si muestra sus debilidades,<\/span><\/span> <span style=\"text-decoration: underline; color: #b40fbf;\">-el perverso las explotar\u00e1 inmediatamente-.<\/span><\/strong><\/em><\/h3>\n<h3 class=\"quote-text\"><em><strong><span style=\"color: #b40fbf;\"><span style=\"color: #34a334;\">En la relaci\u00f3n perversa no se trata de que el amor se convierte con el paso del tiempo en<\/span> <span style=\"text-decoration: underline;\">-odio-, -sino de una envidia que se transforma en odio-, <\/span><\/span><span style=\"color: #0c889c;\">o incluso como muchos autores expresan,<\/span> <span style=\"text-decoration: underline; color: #b40fbf;\">-un odio al amor- o -un amor odioso-.<\/span><\/strong><\/em><\/h3>\n<h3><em><strong><span style=\"color: #0c889c;\">Se produce en primer lugar,<\/span><span style=\"text-decoration: underline; color: #0000ff;\"><span style=\"color: #b40fbf; text-decoration: underline;\"> -una falta de amor-<\/span> <\/span><span style=\"color: #0c889c;\">que se oculta tras el deseo, pero no de un deseo de la persona en s\u00ed misma<\/span> <span style=\"text-decoration: underline; color: #b40fbf;\">-sino de lo que tiene de m\u00e1s, y el agresor quiere hacerlo suyo-, <\/span><span style=\"color: #0c889c;\">habiendo en segundo lugar un<\/span><span style=\"text-decoration: underline; color: #b40fbf;\"> -odio oculto-,<\/span><span style=\"color: #34a334;\"> acompa\u00f1ado de la frustraci\u00f3n cuando no obtiene del otro tanto como desea.<\/span><\/strong><\/em><\/h3>\n<h3><em><strong><span style=\"color: #b40fbf;\"><span style=\"color: #34a334;\">As\u00ed, para el perverso<\/span><\/span><span style=\"color: #b40fbf;\"><span style=\"color: #34a334;\"> todo lo que no funciona es<\/span> <\/span><span style=\"text-decoration: underline; color: #b40fbf;\">-culpa de los dem\u00e1s-,<\/span> <span style=\"color: #0c889c;\"><span style=\"color: #34a334;\">que se han unido contra \u00e9l.<\/span> Es capaz de recurrir al fen\u00f3meno de la proyecci\u00f3n, a trav\u00e9s del cual su odio es proporcional al odio que imagina en su v\u00edctima, atribuy\u00e9ndole una <\/span><span style=\"text-decoration: underline; color: #b40fbf;\">-intencionalidad malvada-, <\/span><span style=\"color: #0c889c;\">anticip\u00e1ndose agrediendo \u00e9l en primer lugar.<\/span><\/strong><\/em><\/h3>\n<h3 style=\"text-align: center;\"><span style=\"color: #b40fbf;\"><em><strong>\u00bfC\u00f3mo se ejerce la violencia perversa..?<\/strong><\/em><\/span><\/h3>\n<h3><em><strong><span style=\"text-decoration: underline; color: #b40fbf;\">Los perversos o agresores- <\/span><span style=\"color: #0c889c;\">intentan atraer a los dem\u00e1s hacia su propio nivel o registro para conducirlos luego a<\/span> <span style=\"text-decoration: underline; color: #b40fbf;\">-pervertir las reglas-,<\/span> <span style=\"color: #008000;\"><span style=\"color: #0c889c;\">siendo el mayor fracaso el no conseguir atraer a los dem\u00e1s a su registro de violencia.<\/span><span style=\"color: #34a334;\"> Por lo tanto, ser\u00e1 la \u00fanica manera de atajar la propagaci\u00f3n de este proceso.<\/span><\/span><\/strong><\/em><\/h3>\n<h3 class=\"quote-text\"><em><strong><span style=\"text-decoration: underline; color: #b40fbf;\">La violencia perversa es fr\u00eda y verbal, <\/span><span style=\"color: #0c889c;\">construida a trav\u00e9s de las<\/span> <span style=\"text-decoration: underline; color: #b40fbf;\">-denigraciones, insinuaciones hostiles, se\u00f1ales de condescendencia y ofensas-. <\/span><\/strong><\/em><\/h3>\n<h3 class=\"quote-text\"><em><strong><span style=\"text-decoration: underline; color: #b40fbf;\">LAS AMENAZAS, <\/span><span style=\"color: #008000;\"><span style=\"color: #0c889c;\">son siempre indirectas.<\/span> Se trata de una agresi\u00f3n continua y perpetua, donde cada ofensa es un eco de las anteriores.<\/span><\/strong><\/em><\/h3>\n<h3 class=\"post-to-twitter\"><em><strong><span style=\"color: #0c889c;\">Como dijimos al comienzo, es una<\/span><span style=\"text-decoration: underline; color: #b40fbf;\"> -violencia limpia-, <\/span><span style=\"color: #34a334;\">donde no se ve nada o casi nada, constituyendo algo as\u00ed como un <\/span><span style=\"text-decoration: underline; color: #0000ff;\"><span style=\"color: #b40fbf; text-decoration: underline;\">-crimen perfecto-.<\/span> <\/span><\/strong><\/em><\/h3>\n<h3 class=\"post-to-twitter\"><em><strong><span style=\"text-decoration: underline; color: #0000ff;\"><span style=\"color: #b40fbf; text-decoration: underline;\">El agresor en su fase de dominio<\/span> <\/span><span style=\"color: #34a334;\">trata de inhibir el pensamiento de su v\u00edctima, provocando posteriormente sentimientos, actos y reacciones mediante mecanismos de exhortaci\u00f3n.<\/span><\/strong><\/em><\/h3>\n<h3><em><strong><span style=\"color: #0c889c;\">Y es as\u00ed, como<\/span><span style=\"text-decoration: underline; color: #b40fbf;\"> -la v\u00edctima se encuentra frente a alguien que lo paraliza todo-, -sinti\u00e9ndose acorralada y en la obligaci\u00f3n de actuar-, <\/span><span style=\"color: #34a334;\">que har\u00e1 tan solo mediante un arranque violento en busca de su libertad.<\/span><\/strong><\/em><\/h3>\n<h3><em><strong><span style=\"color: #0c889c;\"><span style=\"text-decoration: underline;\">La v\u00edctima si reacciona, aparecer\u00e1 como la creadora del conflicto, <\/span>pero si no lo hace,<\/span><span style=\"text-decoration: underline; color: #b40fbf;\"> -contribuir\u00e1 a su destrucci\u00f3n continua-. <\/span><span style=\"color: #34a334;\">\u00c9sta con el fin de encontrar una salida puede caer en la tentaci\u00f3n de comunicarse mediante<\/span> <span style=\"text-decoration: underline; color: #b40fbf;\">-manipulaciones y silencios tambi\u00e9n-,<\/span> <span style=\"color: #0c889c;\">volvi\u00e9ndose la relaci\u00f3n equ\u00edvoca a veces.<\/span><\/strong><\/em><\/h3>\n<h3><em><strong><span style=\"color: #0c889c;\">Desligarse es un proceso complejo que la mayor\u00eda de las veces necesitar\u00e1 ayuda tanto de su entorno m\u00e1s cercano como profesional, pues es dif\u00edcil, tras haberse instaurado y mantenido la v\u00edctima bajo <\/span><span style=\"text-decoration: underline; color: #b40fbf;\">-la dictadura del miedo y la humillaci\u00f3n-.<\/span><\/strong><\/em><\/h3>\n<h3 style=\"text-align: left;\"><span style=\"color: #34a334;\"><em><strong>Habr\u00e1 que reestructurar<br \/>\nlos pensamientos y las emociones.<\/strong><\/em><\/span><\/h3>\n<h4 style=\"text-align: left;\"><span style=\"text-decoration: underline;\"><span style=\"color: #0000ff; text-decoration: underline;\"><em><strong><a style=\"color: #0000ff; text-decoration: underline;\" href=\"http:\/\/www.ceadin.org\/b\/la-indefension-aprendida\/\"><span style=\"color: #34a334; text-decoration: underline;\">\u2217 -La indefensi\u00f3n aprendida,<\/span><br \/>\n<span style=\"color: #34a334; text-decoration: underline;\">Cuando el maltrato se convierte en costumbre- ver mas \u00bb<\/span><\/a><\/strong><\/em><\/span><\/span><\/h4>\n<p><a href=\"http:\/\/www.ceadin.org\/b\/wp-content\/uploads\/2023\/01\/VIOLENTOMETRO.jpg\"><img decoding=\"async\" loading=\"lazy\" class=\"wp-image-7103 size-medium alignleft\" src=\"http:\/\/www.ceadin.org\/b\/wp-content\/uploads\/2023\/01\/VIOLENTOMETRO-180x300.jpg\" alt=\"\" width=\"180\" height=\"300\" srcset=\"https:\/\/www.ceadin.org\/b\/wp-content\/uploads\/2023\/01\/VIOLENTOMETRO-180x300.jpg 180w, https:\/\/www.ceadin.org\/b\/wp-content\/uploads\/2023\/01\/VIOLENTOMETRO-614x1024.jpg 614w, https:\/\/www.ceadin.org\/b\/wp-content\/uploads\/2023\/01\/VIOLENTOMETRO-619x1032.jpg 619w, https:\/\/www.ceadin.org\/b\/wp-content\/uploads\/2023\/01\/VIOLENTOMETRO.jpg 768w\" sizes=\"(max-width: 180px) 100vw, 180px\" \/><\/a><\/p>\n<p><a href=\"http:\/\/www.ceadin.org\/b\/wp-content\/uploads\/2023\/01\/Captura-de-Pantalla-2023-01-21-a-las-12.11.37-p.m..png\"><img decoding=\"async\" loading=\"lazy\" class=\"alignright size-full wp-image-7152\" src=\"http:\/\/www.ceadin.org\/b\/wp-content\/uploads\/2023\/01\/Captura-de-Pantalla-2023-01-21-a-las-12.11.37-p.m..png\" alt=\"\" width=\"1177\" height=\"1143\" srcset=\"https:\/\/www.ceadin.org\/b\/wp-content\/uploads\/2023\/01\/Captura-de-Pantalla-2023-01-21-a-las-12.11.37-p.m..png 1177w, https:\/\/www.ceadin.org\/b\/wp-content\/uploads\/2023\/01\/Captura-de-Pantalla-2023-01-21-a-las-12.11.37-p.m.-300x291.png 300w, https:\/\/www.ceadin.org\/b\/wp-content\/uploads\/2023\/01\/Captura-de-Pantalla-2023-01-21-a-las-12.11.37-p.m.-1024x994.png 1024w, https:\/\/www.ceadin.org\/b\/wp-content\/uploads\/2023\/01\/Captura-de-Pantalla-2023-01-21-a-las-12.11.37-p.m.-768x746.png 768w, https:\/\/www.ceadin.org\/b\/wp-content\/uploads\/2023\/01\/Captura-de-Pantalla-2023-01-21-a-las-12.11.37-p.m.-619x601.png 619w\" sizes=\"(max-width: 1177px) 100vw, 1177px\" \/><\/a><\/p>\n<p>&nbsp;<\/p>\n<p>&nbsp;<\/p>\n<p>&nbsp;<\/p>\n<p>&nbsp;<\/p>\n<p>&nbsp;<\/p>\n<p>&nbsp;<\/p>\n<p>&nbsp;<\/p>\n<p><em><span style=\"color: #008000;\"><br \/>\nArtista-Ananya Thakur<\/span><\/em><\/p>\n<p><span style=\"color: #0000ff;\"><strong><em>REFUGIOS PARA MUJERES MALTRATADAS:<\/em><\/strong><\/span><\/p>\n<p><span style=\"color: #0000ff;\"><a style=\"color: #0000ff;\" href=\"https:\/\/www.google.com\/search?q=refugio+para+mujeres+maltratadas+cdmx&amp;tbm=isch&amp;ved=2ahUKEwim2emEocX8AhWeNN4AHVKMATYQ2-cCegQIABAA&amp;oq=refugio+para+mujeres+maltratadas&amp;gs_lcp=CgNpbWcQARgBMgQIIxAnMgQIIxAnMgUIABCABDIGCAAQBRAeMgcIABCABBAYMgcIABCABBAYMgcIABCABBAYMgcIABCABBAYMgcIABCABBAYMgcIABCABBAYUM07WM07YJtbaABwAHgAgAFsiAGvAZIBAzEuMZgBAKABAaoBC2d3cy13aXotaW1nwAEB&amp;sclient=img&amp;ei=9K3BY6aPKJ7p-LYP0piGsAM&amp;bih=900&amp;biw=1358&amp;client=firefox-b-d#imgrc=RHqOeZOnDbhVHM\"><strong><em>refugio para mujeres maltratadas cdmx<\/em><\/strong><\/a><\/span><\/p>\n<p><span style=\"color: #0000ff;\"><em><strong><a style=\"color: #0000ff;\" href=\"https:\/\/www.google.com\/search?q=refugio+para+mujeres+maltratadas+en+queretaro&amp;tbm=isch&amp;ved=2ahUKEwixuPCzosX8AhUf6MkDHd3iC7IQ2-cCegQIABAA&amp;oq=refugio+para+mujeres+maltratadas+&amp;gs_lcp=CgNpbWcQARgEMgQIIxAnMgQIIxAnMgQIABAeMgYIABAFEB4yBwgAEIAEEBgyBwgAEIAEEBgyBwgAEIAEEBgyBwgAEIAEEBgyBwgAEIAEEBgyBwgAEIAEEBhQ8MIDWPDCA2DQ2wNoAHAAeACAAWyIAfgBkgEDMi4xmAEAoAEBqgELZ3dzLXdpei1pbWfAAQE&amp;sclient=img&amp;ei=Y6_BY_H6Lp_Qp84P3cWvkAs&amp;bih=900&amp;biw=1358&amp;client=firefox-b-d\">refugio para mujeres maltratadas en queretaro<\/a><\/strong><\/em><\/span><\/p>\n<p><span style=\"color: #0000ff;\"><em><strong><a style=\"color: #0000ff;\" href=\"https:\/\/www.google.com\/search?q=refugio+para+mujeres+maltratadas+en+morelia&amp;tbm=isch&amp;ved=2ahUKEwiKkrWTosX8AhUY58kDHdgRClcQ2-cCegQIABAA&amp;oq=refugio+para+mujeres+maltratadas+en+morelia&amp;gs_lcp=CgNpbWcQARgAMgQIIxAnUABYAGCYEmgAcAB4AIABRogBRpIBATGYAQCqAQtnd3Mtd2l6LWltZ8ABAQ&amp;sclient=img&amp;ei=H6_BY8qGKpjOp84P2KOouAU&amp;bih=900&amp;biw=1358&amp;client=firefox-b-d\">refugio para mujeres maltratadas en morelia<\/a><\/strong><\/em><\/span><\/p>\n<p><span style=\"color: #0000ff;\"><em><strong><a style=\"color: #0000ff;\" href=\"https:\/\/www.google.com\/search?q=refugio+para+mujeres+maltratadas+en+tijuana&amp;tbm=isch&amp;ved=2ahUKEwi0rsXzosX8AhWX8ckDHZmDAqAQ2-cCegQIABAA&amp;oq=refugio+para+mujeres+maltratadas+&amp;gs_lcp=CgNpbWcQARgFMgQIIxAnMgQIIxAnMgQIABAeMgYIABAFEB4yBwgAEIAEEBgyBwgAEIAEEBgyBwgAEIAEEBgyBwgAEIAEEBgyBwgAEIAEEBgyBwgAEIAEEBhQl6sGWJerBmCfyQZoAnAAeACAAU6IAdYBkgEBM5gBAKABAaoBC2d3cy13aXotaW1nwAEB&amp;sclient=img&amp;ei=6a_BY_SVEZfjp84PmYeKgAo&amp;bih=900&amp;biw=1358&amp;client=firefox-b-d\">refugio para mujeres maltratadas en tijuana<\/a><\/strong><\/em><\/span><\/p>\n<p><span style=\"color: #0000ff;\"><em><strong><a style=\"color: #0000ff;\" href=\"https:\/\/www.google.com\/search?q=refugio+para+mujeres+maltratadas+monterrey&amp;tbm=isch&amp;ved=2ahUKEwiBmJqoo8X8AhWz0MkDHXcaAocQ2-cCegQIABAA&amp;oq=refugio+para+mujeres+maltratadas+&amp;gs_lcp=CgNpbWcQARgGMgQIIxAnMgQIIxAnMgQIABAeMgYIABAFEB4yBwgAEIAEEBgyBwgAEIAEEBgyBwgAEIAEEBgyBwgAEIAEEBgyBwgAEIAEEBgyBwgAEIAEEBhQrrwCWK68AmD61QJoAXAAeACAAU6IAeABkgEBM5gBAKABAaoBC2d3cy13aXotaW1nwAEB&amp;sclient=img&amp;ei=V7DBY8GQLLOhp84P97SIuAg&amp;bih=900&amp;biw=1358&amp;client=firefox-b-d\">refugio para mujeres maltratadas monterrey<\/a><\/strong><\/em><\/span><\/p>\n<p><span style=\"color: #0000ff;\"><em><strong><a style=\"color: #0000ff;\" href=\"https:\/\/www.google.com\/search?q=refugio+para+mujeres+maltratadas+en+chihuahua&amp;tbm=isch&amp;ved=2ahUKEwiMuJa_o8X8AhV05skDHcgNDM4Q2-cCegQIABAA&amp;oq=refugio+para+mujeres+maltratadas+&amp;gs_lcp=CgNpbWcQARgHMgQIIxAnMgQIIxAnMgQIABAeMgYIABAFEB4yBwgAEIAEEBgyBwgAEIAEEBgyBwgAEIAEEBgyBwgAEIAEEBgyBwgAEIAEEBgyBwgAEIAEEBhQ7rwCWO68AmCW2gJoAnAAeACAAVyIAZ4BkgEBMpgBAKABAaoBC2d3cy13aXotaW1nwAEB&amp;sclient=img&amp;ei=h7DBY8zYNvTMp84PyJuw8Aw&amp;bih=900&amp;biw=1358&amp;client=firefox-b-d\">refugio para mujeres maltratadas en chihuahua<\/a><\/strong><\/em><\/span><\/p>\n<p><span style=\"color: #0000ff;\"><em><strong><a style=\"color: #0000ff;\" href=\"https:\/\/www.google.com\/search?q=refugio+para+mujeres+maltratadas+en+merida+yucatan&amp;tbm=isch&amp;ved=2ahUKEwj56v_Vo8X8AhXb8ckDHTztAkQQ2-cCegQIABAA&amp;oq=refugio+para+mujeres+maltratadas&amp;gs_lcp=CgNpbWcQARgIMgQIIxAnMgQIIxAnMgUIABCABDIGCAAQBRAeMgcIABCABBAYMgcIABCABBAYMgcIABCABBAYMgcIABCABBAYMgcIABCABBAYMgcIABCABBAYUP7YAlj-2AJgr_wCaAFwAHgAgAFYiAHwAZIBATOYAQCgAQGqAQtnd3Mtd2l6LWltZ8ABAQ&amp;sclient=img&amp;ei=t7DBY7mzLtvjp84PvNqLoAQ&amp;bih=900&amp;biw=1358&amp;client=firefox-b-d\">refugio para mujeres maltratadas en merida yucatan<\/a><\/strong><\/em><\/span><\/p>\n<p><span style=\"color: #0000ff;\"><em><strong><a style=\"color: #0000ff;\" href=\"https:\/\/www.google.com\/search?q=refugio+para+mujeres+maltratadas+en+aguascalientes&amp;tbm=isch&amp;ved=2ahUKEwj8ocTvo8X8AhV05skDHZbxDXsQ2-cCegQIABAA&amp;oq=refugio+para+mujeres+maltratadas&amp;gs_lcp=CgNpbWcQARgJMgQIIxAnMgQIIxAnMgUIABCABDIGCAAQBRAeMgcIABCABBAYMgcIABCABBAYMgcIABCABBAYMgcIABCABBAYMgcIABCABBAYMgcIABCABBAYUMLDAljCwwJgl_ICaAFwAHgAgAFaiAHvAZIBATOYAQCgAQGqAQtnd3Mtd2l6LWltZ8ABAQ&amp;sclient=img&amp;ei=7bDBY7z3EvTMp84PluO32Ac&amp;bih=900&amp;biw=1358&amp;client=firefox-b-d\">refugio para mujeres maltratadas en aguascalientes<\/a><\/strong><\/em><\/span><\/p>\n<h4><span style=\"color: #b40fbf;\"><em><strong>ESPERAMOS ENCUENTRE \u00daTIL ESTA INFORMACI\u00d3N.<br \/>\nSI USTED EST\u00c1 PENSANDO EN HACERSE DA\u00d1O,<br \/>\nO SI CONOCE A ALGUIEN QUE PODR\u00cdA HACERSE DA\u00d1O,<br \/>\nBUSQUE AYUDA R\u00c1PIDAMENTE\u00a0 Y LLAME A SU M\u00c9DICO.<\/strong><\/em><\/span><\/h4>\n<h4><span style=\"color: #008080;\"><em><strong>NOTA IMPORTANTE.<\/strong><\/em><em><strong><br \/>\nBusque ayuda inmediatamente si:<\/strong><\/em><\/span><br \/>\n<span style=\"color: #008080;\"><em><strong>Se siente abrumado.<\/strong><\/em><\/span><br \/>\n<span style=\"color: #008080;\"><em><strong>\u2028Est\u00e1 pensando en hacerse da\u00f1o o en da\u00f1ar a otra persona.<\/strong><\/em><\/span><br \/>\n<span style=\"color: #008080;\"><em><strong>Es incapaz de controlar su comportamiento.<\/strong><\/em><\/span><br \/>\n<span style=\"color: #008080;\"><em><strong>Tiene otros s\u00edntomas muy angustiantes de trastorno<\/strong><\/em><\/span><br \/>\n<span style=\"color: #008080;\"><em><strong>de estr\u00e9s postraum\u00e1tico.<\/strong><\/em><em><strong><br \/>\nLlame a un familiar, no se quede solo.<br \/>\nLlame a su m\u00e9dico.<\/strong><\/em><\/span><\/h4>\n<h4><span style=\"color: #ff00ff;\"><em><strong>EN CASO NECESARIO:<\/strong><\/em><\/span><br \/>\n<span style=\"color: #ff00ff;\"><em><strong>Llame a su m\u00e9dico.<\/strong><\/em><\/span><br \/>\n<span style=\"color: #ff00ff;\"><em><strong>Llame al 911 para servicios de emergencia\u2028 o vaya<\/strong><\/em><\/span><br \/>\n<span style=\"color: #ff00ff;\"><em><strong>a la sala de emergencias m\u00e1s cercana.<\/strong><\/em><\/span><br \/>\n<span style=\"color: #ff00ff;\"><em><strong>En un caso de emergencia, puede llamar a:<\/strong><\/em><\/span><br \/>\n<span style=\"color: #ff00ff;\"><em><strong>SAPTEL \u201cSistema Nacional de Apoyo, Consejo \u2028Psicol\u00f3gico<\/strong><\/em><\/span><br \/>\n<span style=\"color: #ff00ff;\"><em><strong>e Intervenci\u00f3n en Crisis por Tel\u00e9fono\u201d<\/strong><\/em><\/span><br \/>\n<span style=\"color: #ff00ff;\"><em><strong>(Cruz Roja Mexicana\u2013 24 Hrs.) sin costo<\/strong><\/em><\/span><\/h4>\n<h4><span style=\"color: #ff00ff;\"><em><strong>SAPTEL<\/strong><\/em><\/span><br \/>\n<span style=\"color: #ff00ff;\"><em><strong>Av M\u00e9xico #37, Hip\u00f3dromo,<\/strong><\/em><\/span><br \/>\n<span style=\"color: #ff00ff;\"><em><strong>Cuauht\u00e9moc, Ciudad de M\u00e9xico.<\/strong><\/em><\/span><br \/>\n<span style=\"color: #ff00ff;\"><em><strong>Tel\u00e9fono:(55) 52598121<br \/>\nE-mail: <a class=\"col1\" style=\"color: #ff00ff;\" href=\"https:\/\/www.saptel.org.mx\/contacto.html#\">saptel.crlyc@gmail.com<\/a><\/strong><\/em><\/span><\/h4>\n<h4><\/h4>\n<\/blockquote>\n<\/blockquote>\n","protected":false},"excerpt":{"rendered":"<p>La -Violencia Perversa- \u2014 MALTRATO PSICOL\u00d3GICO- o -ACOSO MORAL \u2014 Pueden llegar a hacer pedazos a una persona, produciendo un -Asesinato Psicol\u00f3gico- en toda regla. Las personas a lo largo de nuestras vidas vamos creando y manteniendo relaciones que nos resultan estimulantes, ya que nos incitan a dar lo mejor de nosotros mismos, pero tambi\u00e9n [&hellip;]<\/p>\n","protected":false},"author":2,"featured_media":0,"parent":0,"menu_order":0,"comment_status":"closed","ping_status":"closed","template":"","meta":[],"_links":{"self":[{"href":"https:\/\/www.ceadin.org\/b\/wp-json\/wp\/v2\/pages\/3561"}],"collection":[{"href":"https:\/\/www.ceadin.org\/b\/wp-json\/wp\/v2\/pages"}],"about":[{"href":"https:\/\/www.ceadin.org\/b\/wp-json\/wp\/v2\/types\/page"}],"author":[{"embeddable":true,"href":"https:\/\/www.ceadin.org\/b\/wp-json\/wp\/v2\/users\/2"}],"replies":[{"embeddable":true,"href":"https:\/\/www.ceadin.org\/b\/wp-json\/wp\/v2\/comments?post=3561"}],"version-history":[{"count":0,"href":"https:\/\/www.ceadin.org\/b\/wp-json\/wp\/v2\/pages\/3561\/revisions"}],"wp:attachment":[{"href":"https:\/\/www.ceadin.org\/b\/wp-json\/wp\/v2\/media?parent=3561"}],"curies":[{"name":"wp","href":"https:\/\/api.w.org\/{rel}","templated":true}]}}