{"id":2821,"date":"2017-04-09T23:55:51","date_gmt":"2017-04-09T23:55:51","guid":{"rendered":"http:\/\/www.ceadin.org\/b\/?page_id=2821"},"modified":"2023-06-05T21:03:02","modified_gmt":"2023-06-05T21:03:02","slug":"depresion-reactiva-por-un-evento-externo","status":"publish","type":"page","link":"https:\/\/www.ceadin.org\/b\/depresion-reactiva-por-un-evento-externo\/","title":{"rendered":"Depresi\u00f3n Reactiva, por un evento externo"},"content":{"rendered":"<h3 style=\"text-align: center;\"><span style=\"color: #800080;\"><em><strong><br \/>\n<span style=\"color: #008000;\">\u2014 Depresi\u00f3n Reactiva \u2014<\/span><\/strong><\/em><\/span><\/h3>\n<blockquote>\n<blockquote>\n<h3 style=\"text-align: center;\"><span style=\"color: #800080;\"><em><strong><span style=\"text-decoration: underline; color: #d1521f;\">-La Depresi\u00f3n Reactiva- <\/span><span style=\"color: #008000;\">es un trastorno de adaptaci\u00f3n<\/span><br \/>\n<span style=\"color: #d1521f;\"><span style=\"color: #008000;\"> que tambi\u00e9n se conoce como<\/span> -depresi\u00f3n situacional-.<a href=\"http:\/\/www.ceadin.org\/b\/wp-content\/uploads\/2022\/11\/cassandra-barney-09.jpg\"><img decoding=\"async\" loading=\"lazy\" class=\"wp-image-6820 size-full aligncenter\" src=\"http:\/\/www.ceadin.org\/b\/wp-content\/uploads\/2022\/11\/cassandra-barney-09-e1669655141833.jpg\" alt=\"\" width=\"600\" height=\"1205\" srcset=\"https:\/\/www.ceadin.org\/b\/wp-content\/uploads\/2022\/11\/cassandra-barney-09-e1669655141833.jpg 600w, https:\/\/www.ceadin.org\/b\/wp-content\/uploads\/2022\/11\/cassandra-barney-09-e1669655141833-149x300.jpg 149w, https:\/\/www.ceadin.org\/b\/wp-content\/uploads\/2022\/11\/cassandra-barney-09-e1669655141833-510x1024.jpg 510w\" sizes=\"(max-width: 600px) 100vw, 600px\" \/><\/a><\/span><\/strong><\/em><\/span><\/h3>\n<h3 style=\"text-align: center;\"><span style=\"color: #800080;\"><em><strong><span style=\"color: #008000;\">Se trata de una <span style=\"color: #d1521f;\">&#8211; depresi\u00f3n transitoria &#8211;<\/span><\/span><\/strong><\/em><\/span><br \/>\n<span style=\"color: #008000;\"><em><strong>que se activa por alg\u00fan evento externo o trauma.<\/strong><\/em><\/span><\/h3>\n<h4><em><strong><span style=\"color: #008000;\"><span style=\"color: #d1521f;\">La depresi\u00f3n reactiva:<\/span> es un estado de \u00e1nimo bajo\u00a0en relaci\u00f3n con un acontecimiento o un evento externo o circunstancia. En otras palabras, es un estado depresivo que la persona experimenta como respuesta a un estresor mayor, como una ruptura de pareja, muerte de un familiar, divorcio, p\u00e9rdida de empleo\u2026la muerte de un familiar o c\u00f3nyuge, el divorcio, la p\u00e9rdida del trabajo, problemas con los hijos, la jubilaci\u00f3n, cumplir cierta edad o incluso mudarse.<\/span><\/strong><\/em><\/h4>\n<h4><span style=\"color: #008000;\"><strong><em>Un evento que inicia una <span style=\"color: #d1521f;\">&#8211; depresi\u00f3n reactiva &#8211;<\/span> puede ser aparentemente menor o sin importancia. La depresi\u00f3n reactiva debe ser evaluada en el contexto de los acontecimientos que la desencadenaron.<\/em><\/strong><\/span><\/h4>\n<h3 style=\"text-align: center;\"><span style=\"color: #008000;\"><em><strong>En general, el diagn\u00f3stico de esta enfermedad se basa en<br \/>\nla presentaci\u00f3n de s\u00edntomas que no encajan f\u00e1cilmente<br \/>\nen las dem\u00e1s categor\u00edas de la depresi\u00f3n.<\/strong><\/em><\/span><\/h3>\n<h3 style=\"text-align: center;\"><em><strong><span style=\"color: #333333;\"><span style=\"color: #800080;\"><span style=\"color: #008000;\">Los s\u00edntomas de la <span style=\"color: #d1521f;\">&#8211; depresi\u00f3n reactiva &#8211;<\/span><\/span><br \/>\n<span style=\"color: #008000;\">normalmente desaparecen en un per\u00edodo <\/span><\/span><\/span><\/strong><\/em><span style=\"color: #008000;\"><em><strong>de seis meses despu\u00e9s<br \/>\nde la eliminaci\u00f3n de los est\u00edmulos estresantes.<\/strong><\/em><\/span><\/h3>\n<h4><em><strong><span style=\"color: #d1521f;\">&#8211; La depresi\u00f3n reactiva &#8211; <span style=\"color: #008000;\">es causada por un cambio repentino del entorno o de las circunstancias de una persona, o a veces, <\/span><\/span><span style=\"color: #993366;\"><span style=\"text-decoration: underline;\"><span style=\"color: #d1521f; text-decoration: underline;\">&#8211; la presencia cr\u00f3nica de un factor de estr\u00e9s &#8211;<\/span><span style=\"color: #008000; text-decoration: underline;\"><span style=\"color: #d1521f; text-decoration: underline;\">, dificultades financieras, tales como la p\u00e9rdida repentina de un <label>trabajo<\/label> o un cambio en el valor de una gran inversi\u00f3n, o el repentino suicidio de un amigo.<\/span><\/span><\/span><\/span><\/strong><\/em><\/h4>\n<h4><em><strong><span style=\"color: #008000;\">Tambi\u00e9n puede ser causada por un problema m\u00e9dico subyacente, tal como una lesi\u00f3n o enfermedad grave. Un factor de estr\u00e9s tambi\u00e9n puede ser cr\u00f3nico, por ejemplo, lidiar con un compa\u00f1ero de trabajo dif\u00edcil puede causar estr\u00e9s durante un per\u00edodo suficiente de tiempo para causar <span style=\"color: #d1521f;\">-depresi\u00f3n reactiva-.<\/span><\/span><\/strong><\/em><\/h4>\n<h4><span style=\"text-decoration: underline; color: #008000;\"><em><strong>La caracter\u00edstica de estas causas que las asocia con la <span style=\"color: #d1521f; text-decoration: underline;\">&#8211; depresi\u00f3n reactiva -,<\/span> es que el factor estresante a <label>menudo<\/label> se puede quitar y los s\u00edntomas depresivos reactivos, aliviarse.<\/strong><\/em><\/span><\/h4>\n<blockquote>\n<h4><em><strong><span style=\"color: #008000;\">Los expertos sugieren que los<span style=\"text-decoration: underline; color: #d1521f;\"> &#8211; s\u00edntomas de la depresi\u00f3n reactiva &#8211;<\/span> pueden incluir algunos o todos los siguientes:<br \/>\n<\/span><\/strong><\/em><\/h4>\n<h4><span style=\"color: #008000;\"><em><strong>-Dolores de cabeza persistentes.<br \/>\n-Dolores de est\u00f3mago o dolor que no responde al tratamiento.<br \/>\n-Dificultad en sentir placer al realizar las actividades normales.<br \/>\n-Tristeza.<br \/>\n-Problemas de memoria.<br \/>\n-Pensamientos de muerte.<br \/>\n-Dificultades para tomar decisiones.<br \/>\n-Llanto excesivo.<br \/>\n-Cambios en los patrones de sue\u00f1o.<br \/>\n-Cambios en el peso.<br \/>\n-Sentimientos persistentes de ansiedad o vac\u00edo.<br \/>\n-Sentirse culpable.<br \/>\n-Pesimista.<br \/>\n-Desesperanzado o desamparado.<br \/>\n-P\u00e9rdida de energ\u00eda.<br \/>\n-P\u00e9rdida de inter\u00e9s en las relaciones sexuales.<br \/>\n-Uso creciente de alcohol o drogas.<br \/>\n-Palpitaciones del coraz\u00f3n.<br \/>\n-Irritabilidad.<\/strong><\/em><\/span><\/h4>\n<\/blockquote>\n<h4><em><strong><span style=\"text-decoration: underline; color: #008000;\">-Este tipo de depresi\u00f3n puede ser grave y necesita ser tratada si persiste por un periodo de tiempo demasiado largo y la persona no se recupera-.<\/span> <span style=\"color: #008000;\">Sin embargo, en la mayor\u00eda de personas desaparece con el paso del tiempo y se puede volver a un comportamiento normal. <\/span><span style=\"color: #800080;\"><span style=\"color: #d1521f;\"><span style=\"color: #008000;\">En otras palabras; la<\/span> &#8211; depresi\u00f3n reactiva &#8211; <\/span><span style=\"color: #008000;\">es temporal, al contrario que la depresi\u00f3n mayor que es a largo plazo.<\/span><\/span><\/strong><\/em><\/h4>\n<h4><span style=\"color: #d1521f;\"><em><strong>1. S\u00edntomas afectivos<\/strong><\/em><\/span><br \/>\n<span style=\"color: #008000;\"><em><strong> En la <span style=\"color: #d1521f;\">-depresi\u00f3n reactiva-<\/span> hay una clara alteraci\u00f3n del estado de \u00e1nimo, el cual se presenta deprimido y con s\u00edntomas como la tristeza o la p\u00e9rdida de\u00a0inter\u00e9s. De hecho, la incapacidad de experimentar placer con la mayor\u00eda de actividades que, antes de la aparici\u00f3n del cuadro depresivo, resultaban gratificantes\u00a0para la persona, se considera el principal s\u00edntoma de esta enfermedad.<\/strong><\/em><\/span><\/h4>\n<h4><span style=\"color: #008000;\"><em><strong>As\u00ed mismo, esta dificultad para experimentar placer provoca una p\u00e9rdida de inter\u00e9s notable por la mayor\u00eda de cosas, por lo que la persona con <span style=\"color: #d1521f;\">-depresi\u00f3n reactiva- <\/span>se suele mostrar sin ganas de hacer nada. Tambi\u00e9n, se puede presentar irritabilidad y ansiedad como respuesta al estado an\u00edmico y a la incapacidad de funcionar adecuadamente.<\/strong><\/em><\/span><\/h4>\n<h4><span style=\"color: #d1521f;\"><em><strong>2. S\u00edntomas cognitivos<\/strong><\/em><\/span><br \/>\n<span style=\"color: #008000;\"><em><strong><span style=\"color: #008000;\">La sintomatolog\u00eda afectiva va ligada a unos pensamiento determinados, los cuales suelen mantener y\/o agravar los problemas del estado de \u00e1nimo.<\/span><br \/>\n<\/strong><\/em><\/span><\/h4>\n<blockquote>\n<h4><em><strong><span style=\"color: #800080;\"><span style=\"color: #008000;\">Las personas con <span style=\"color: #d1521f;\">&#8211; depresi\u00f3n reactiva &#8211;<\/span> suelen tener:<br \/>\n&#8211; BAJA AUTOESTIMA.<br \/>\n&#8211; MUCHO PESIMISMO RESPECTO A SU VIDA Y FUTURO.<br \/>\n&#8211; SENTIMIENTOS DE CULPA.<br \/>\n&#8211; Y UN PENSAMIENTO MARCADO POR LOS ASPECTOS NEGATIVOS<br \/>\nDE SU VIDA.<\/span><\/span><\/strong><\/em><\/h4>\n<\/blockquote>\n<h4><span style=\"color: #008000;\"><em><strong>Como ya hemos comentado, <span style=\"color: #d1521f;\">-la depresi\u00f3n reactiva-<\/span> suele ir muy ligada a la personalidad del individuo y a la adaptaci\u00f3n que realiza sobre los distintos\u00a0est\u00edmulos que se presentan en su vida. De este modo, las personas con este tipo de depresiones pueden tener una personalidad muy centrada en lo <span style=\"color: #d1521f;\">-negativo o muy perfeccionista-.<\/span><\/strong><\/em><\/span><\/h4>\n<h4><span style=\"color: #008000;\"><em><strong>Uno de estos dos tipos de personalidad podr\u00edan explicar la tendencia a remarcar en exceso los aspectos negativos, ser incapaz de adecuarlos, y configurar un\u00a0pensamiento centrado en el pesimismo y la desvalorizaci\u00f3n personal. <\/strong><strong>As\u00ed mismo,<span style=\"color: #d1521f;\"> -la depresi\u00f3n reactiva-<\/span> puede provocar sentimientos de desesperanza y dificultades para concentrarse, pensar y funcionar adecuadamente.<\/strong><\/em><\/span><\/h4>\n<h4 align=\"JUSTIFY\"><span style=\"color: #008000;\"><em><strong>De este modo, muchas veces se puede tratar este tipo de depresi\u00f3n con psicoterapia y sin necesidad de tomar medicamentos. <\/strong><\/em><\/span><em><strong><span style=\"color: #800080;\"><span style=\"color: #008000;\">Una de las psicoterapias que han mostrado mayor eficacia para tratar <span style=\"color: #d1521f;\">-depresiones reactivas-<\/span> es el tratamiento cognitivo conductual.\u00a0Este tratamiento se basa, por una parte, en<span style=\"text-decoration: underline; color: #d1521f;\"> -MODIFICAR los pensamientos de la persona-.<\/span><\/span><\/span><\/strong><\/em><\/h4>\n<h4 align=\"JUSTIFY\"><em><strong><span style=\"text-decoration: underline;\"><span style=\"color: #008000; text-decoration: underline;\">Primeramente se trabaja para que la persona sea capaz de identificar sus pensamientos autom\u00e1ticos negativos <span style=\"color: #d1521f; text-decoration: underline;\">(por ejemplo: si llamo a mi amiga y no me toma la llamada es que no me quiere),<\/span> para que posteriormente pueda evaluar su validez y modificarlo por uno m\u00e1s positivo o m\u00e1s neutro.<\/span><\/span><\/strong><\/em><\/h4>\n<h4 align=\"JUSTIFY\"><em><strong><span style=\"color: #008000;\">Posteriormente se trabaja sobre las ideas mas generales de la persona <span style=\"color: #d1521f;\">(por ejemplo: <span style=\"text-decoration: underline;\">para ser feliz tengo que tener \u00e9xito en todo<\/span>)<\/span>, y se hace lo propio para\u00a0modificarlo por una idea m\u00e1s adaptada a la realidad y por lo tanto, menos negativa.<\/span><\/strong><\/em><\/h4>\n<h4 align=\"JUSTIFY\"><span style=\"color: #008000;\"><em><strong>As\u00ed pues, la\u00a0<span style=\"color: #d1521f;\"> -depresi\u00f3n reactiva-<\/span> es un tipo de depresi\u00f3n muy ligada a la forma de ser de la persona y a la adaptaci\u00f3n que realiza sobre la vida, la cual\u00a0puede mejorar notablemente si se trabaja en mejorar esos pensamientos y esas conductas que provocan o refuerzan el estado depresivo.<\/strong><\/em><\/span><\/h4>\n<blockquote>\n<h4 class=\"content-about\"><span style=\"color: #008000;\"><strong><em><span style=\"color: #d1521f;\">Los s\u00edntomas duran unos pocos meses dependiendo de lo que la causo, y si los s\u00edntomas interfieren con el funcionamiento diario, tales como:<\/span><br \/>\n<span style=\"color: #008000;\">&#8211; EL TRABAJO.<\/span><br \/>\n<span style=\"color: #008000;\"> &#8211; LA ESCUELA.<\/span><br \/>\n<span style=\"color: #008000;\"> &#8211; LA FAMILIA.<\/span><br \/>\n<span style=\"color: #993366;\"><span style=\"color: #008000;\"> &#8211; LAS RELACIONES PERSONALES.<\/span><\/span><\/em><\/strong><\/span><\/h4>\n<h4><span style=\"color: #008000;\"><strong><em>SI son lo suficientemente importantes como para requerir una evaluaci\u00f3n psicol\u00f3gica, se aconseja una evaluaci\u00f3n con su m\u00e9dico tratante.<\/em><\/strong><\/span><\/h4>\n<\/blockquote>\n<p><em><span style=\"color: #008000;\">Artista-Casandra Barney<\/span><\/em><\/p>\n<h4><span style=\"color: #008080;\"><em><strong>Busque ayuda inmediatamente si:<\/strong><\/em><\/span><br \/>\n<span style=\"color: #008080;\"><em><strong>Se siente abrumado.<\/strong><\/em><\/span><br \/>\n<span style=\"color: #008080;\"><em><strong>\u2028Est\u00e1 pensando en hacerse da\u00f1o o en da\u00f1ar a otra persona.<\/strong><\/em><\/span><br \/>\n<span style=\"color: #008080;\"><em><strong>Es incapaz de controlar su comportamiento.<\/strong><\/em><\/span><br \/>\n<span style=\"color: #008080;\"><em><strong>Tiene otros s\u00edntomas muy angustiantes de trastorno<\/strong><\/em><\/span><br \/>\n<span style=\"color: #008080;\"><em><strong>de estr\u00e9s postraum\u00e1tico.<\/strong><\/em><\/span><\/h4>\n<h4><span style=\"color: #ff00ff;\"><em><strong>EN CASO NECESARIO:<\/strong><\/em><\/span><br \/>\n<span style=\"color: #ff00ff;\"><em><strong>Llame a su m\u00e9dico.<\/strong><\/em><\/span><br \/>\n<span style=\"color: #ff00ff;\"><em><strong>Llame al 911 para servicios de emergencia\u2028 o vaya<\/strong><\/em><\/span><br \/>\n<span style=\"color: #ff00ff;\"><em><strong>a la sala de emergencias m\u00e1s cercana.<\/strong><\/em><\/span><br \/>\n<span style=\"color: #ff00ff;\"><em><strong>En un caso de emergencia, puede llamar a:<\/strong><\/em><\/span><br \/>\n<span style=\"color: #ff00ff;\"><em><strong>SAPTEL \u201cSistema Nacional de Apoyo, Consejo \u2028Psicol\u00f3gico<\/strong><\/em><\/span><br \/>\n<span style=\"color: #ff00ff;\"><em><strong>e Intervenci\u00f3n en Crisis por Tel\u00e9fono\u201d<\/strong><\/em><\/span><br \/>\n<span style=\"color: #ff00ff;\"><em><strong>(Cruz Roja Mexicana\u2013 24 Hrs.) sin costo<\/strong><\/em><\/span><\/h4>\n<h4><span style=\"color: #ff00ff;\"><em><strong>SAPTEL<\/strong><\/em><\/span><br \/>\n<span style=\"color: #ff00ff;\"><em><strong>Av M\u00e9xico #37, Hip\u00f3dromo,<\/strong><\/em><\/span><br \/>\n<span style=\"color: #ff00ff;\"><em><strong>Cuauht\u00e9moc, Ciudad de M\u00e9xico.<\/strong><\/em><\/span><br \/>\n<span style=\"color: #ff00ff;\"><em><strong>Tel\u00e9fono:(55) 52598121<\/strong><\/em><\/span><br \/>\n<span style=\"color: #ff00ff;\"><em><strong>E-mail: <a class=\"col1\" style=\"color: #ff00ff;\" href=\"https:\/\/www.saptel.org.mx\/contacto.html#\">saptel.crlyc@gmail.com<\/a><\/strong><\/em><\/span><\/h4>\n<\/blockquote>\n<\/blockquote>\n","protected":false},"excerpt":{"rendered":"<p>\u2014 Depresi\u00f3n Reactiva \u2014 -La Depresi\u00f3n Reactiva- es un trastorno de adaptaci\u00f3n que tambi\u00e9n se conoce como -depresi\u00f3n situacional-. Se trata de una &#8211; depresi\u00f3n transitoria &#8211; que se activa por alg\u00fan evento externo o trauma. La depresi\u00f3n reactiva: es un estado de \u00e1nimo bajo\u00a0en relaci\u00f3n con un acontecimiento o un evento externo o circunstancia. [&hellip;]<\/p>\n","protected":false},"author":2,"featured_media":0,"parent":0,"menu_order":0,"comment_status":"closed","ping_status":"closed","template":"","meta":[],"_links":{"self":[{"href":"https:\/\/www.ceadin.org\/b\/wp-json\/wp\/v2\/pages\/2821"}],"collection":[{"href":"https:\/\/www.ceadin.org\/b\/wp-json\/wp\/v2\/pages"}],"about":[{"href":"https:\/\/www.ceadin.org\/b\/wp-json\/wp\/v2\/types\/page"}],"author":[{"embeddable":true,"href":"https:\/\/www.ceadin.org\/b\/wp-json\/wp\/v2\/users\/2"}],"replies":[{"embeddable":true,"href":"https:\/\/www.ceadin.org\/b\/wp-json\/wp\/v2\/comments?post=2821"}],"version-history":[{"count":0,"href":"https:\/\/www.ceadin.org\/b\/wp-json\/wp\/v2\/pages\/2821\/revisions"}],"wp:attachment":[{"href":"https:\/\/www.ceadin.org\/b\/wp-json\/wp\/v2\/media?parent=2821"}],"curies":[{"name":"wp","href":"https:\/\/api.w.org\/{rel}","templated":true}]}}