{"id":2505,"date":"2016-09-25T20:14:46","date_gmt":"2016-09-25T20:14:46","guid":{"rendered":"http:\/\/www.ceadin.org\/b\/?page_id=2505"},"modified":"2019-02-20T02:18:33","modified_gmt":"2019-02-20T02:18:33","slug":"expresiones-enganosas-dr-quiero-olvidar-y-no-puedo","status":"publish","type":"page","link":"https:\/\/www.ceadin.org\/b\/expresiones-enganosas-dr-quiero-olvidar-y-no-puedo\/","title":{"rendered":"EXPRESIONES ENGA\u00d1OSAS: Dr: -Quiero olvidar y no puedo"},"content":{"rendered":"<h3 style=\"text-align: center;\"><span style=\"color: #0000ff;\"><em><strong><br \/>\n\u2217 Quiero olvidar y no puedo.<br \/>\n<span style=\"color: #008000;\">Expresiones enga\u00f1osas.!<\/span><\/strong><\/em><\/span><br \/>\n<em><strong><span style=\"color: #0000ff;\">\u2014 No siempre dicen, lo que quieres decir \u2014<\/span><\/strong><\/em><\/h3>\n<h3 style=\"text-align: center;\"><span style=\"color: #800000;\"><em><strong>La psicoterapia para aprender a vivir,<br \/>\nes una compleja tarea que toma<br \/>\ntoda la vida, y no siempre se logra el resultado deseado.<\/strong><\/em><\/span><\/h3>\n<blockquote>\n<h3 style=\"text-align: center;\"><a href=\"http:\/\/www.ceadin.org\/b\/wp-content\/uploads\/2019\/02\/fred-calleri-DryFly.jpg\"><img decoding=\"async\" loading=\"lazy\" class=\"aligncenter size-full wp-image-5275\" src=\"http:\/\/www.ceadin.org\/b\/wp-content\/uploads\/2019\/02\/fred-calleri-DryFly.jpg\" alt=\"\" width=\"1280\" height=\"638\" srcset=\"https:\/\/www.ceadin.org\/b\/wp-content\/uploads\/2019\/02\/fred-calleri-DryFly.jpg 1280w, https:\/\/www.ceadin.org\/b\/wp-content\/uploads\/2019\/02\/fred-calleri-DryFly-300x150.jpg 300w, https:\/\/www.ceadin.org\/b\/wp-content\/uploads\/2019\/02\/fred-calleri-DryFly-768x383.jpg 768w, https:\/\/www.ceadin.org\/b\/wp-content\/uploads\/2019\/02\/fred-calleri-DryFly-1024x510.jpg 1024w, https:\/\/www.ceadin.org\/b\/wp-content\/uploads\/2019\/02\/fred-calleri-DryFly-619x309.jpg 619w\" sizes=\"(max-width: 1280px) 100vw, 1280px\" \/><\/a><em><strong><span style=\"color: #800000;\">Esta psicoterapia fue escrita para<\/span> <span style=\"color: #008000;\">-Aprender a vivir-<\/span><br \/>\n<span style=\"color: #800000;\">Ojala usted logre ese prop\u00f3sito..!<\/span><\/strong><\/em><\/h3>\n<h4><em><strong><span style=\"color: #800000;\">Es un esfuerzo m\u00e1s en este sentido, en su lectura usted encontrar\u00e1 una serie de expresiones escritas con la exactitud con que fueron manifestadas por una gran cantidad de personas atendidas por m\u00ed durante un cuarto de siglo de pr\u00e1ctica profesional ininterrumpida,<\/span><span style=\"color: #0000ff;\"> -ellas reflejan mecanismos reactivo-adaptativos- que conspiran contra el crecimiento personal de quienes las pronuncian, como-:<\/span><\/strong><\/em><\/h4>\n<h3 style=\"text-align: center;\"><em><strong><span style=\"color: #008000;\">Las encargadas de justificar un<\/span> <span style=\"color: #0000ff;\">-comportamiento anormal,<\/span><br \/>\n<span style=\"color: #0000ff;\"> las de defensa para culpar a otros de lo que les ocurre por su propia manera de comportarse-,<\/span><span style=\"color: #008000;\"> e impiden la introspecci\u00f3n,<\/span><br \/>\n<span style=\"color: #008000;\"> las que obstaculizan alcanzar el autoconocimiento y las que hacen m\u00e1s<\/span><br \/>\n<span style=\"color: #008000;\"> dif\u00edcil la soluci\u00f3n de las dificultades\u2026<\/span><\/strong><\/em><\/h3>\n<\/blockquote>\n<h3 style=\"text-align: center;\"><span style=\"color: #0000ff;\"><em><strong>\u2217 Quiero olvidar y no puedo.<\/strong><\/em><\/span><\/h3>\n<blockquote>\n<h4><span style=\"color: #008000;\"><em><strong><span style=\"color: #800000;\">Esto es frecuent\u00edsimo en personas que han estado envueltas en alg\u00fan acontecimiento doloroso:<\/span> <span style=\"color: #0000ff;\">-p\u00e9rdida de seres queridos, o de una relaci\u00f3n amorosa, situaci\u00f3n laboral frustrante, etc\u00e9tera-.<\/span><\/strong><\/em><\/span><\/h4>\n<h4><span style=\"color: #008000;\"><em><strong><span style=\"color: #800000;\">Esta expresi\u00f3n pudiera parecer adecuada, porque es muy l\u00f3gico para esa persona querer olvidar el acontecimiento causante de ese dolor moral. Para ella esto es normal.<\/span> <\/strong><\/em><\/span><\/h4>\n<\/blockquote>\n<h3 style=\"text-align: center;\"><span style=\"color: #008000;\"><em><strong>-Y ah\u00ed radica precisamente lo anormal de la expresi\u00f3n-<\/strong><\/em><\/span><\/h3>\n<blockquote>\n<h4><span style=\"color: #800000;\"><em><strong>El ser humano olvida cuando est\u00e1 enfermo del cerebro, de manera irreversible o de forma reversible a causa de una enfermedad local del propio \u00f3rgano, o de las sustancias que a \u00e9l llegan. Es lo que sucede en los ancianos dementes o arterioescler\u00f3ticos cuya memoria de fijaci\u00f3n est\u00e1 deteriorada, conserv\u00e1ndose en cierta medida la memoria de evocaci\u00f3n, es decir, la que le permite recordar hechos pasados. Al avanzar la enfermedad, esta memoria tambi\u00e9n sufre un deterioro significativo.<\/strong><\/em><\/span><\/h4>\n<\/blockquote>\n<h3 style=\"text-align: center;\"><span style=\"color: #008000;\"><em><strong>El ser humano olvida aquellos est\u00edmulos que no fueron<\/strong><\/em><\/span><br \/>\n<span style=\"color: #008000;\"> <em><strong> capaces de dejar una huella en el cerebro para ser evocada.<\/strong><\/em><\/span><\/h3>\n<blockquote>\n<h4><span style=\"color: #800000;\"><em><strong>Un ejemplo de ello es que nadie seguramente puede memorizar las vestimentas de todas las personas con las que se tropez\u00f3 durante el d\u00eda de hoy; o el color de los ojos de quien nos pas\u00f3 por delante en la tercera calle de nuestro recorrido. No recordamos tales hechos porque no les prestamos la debida atenci\u00f3n, pues no eran de nuestro inter\u00e9s y por tanto, los est\u00edmulos no dejaron huella alguna.<\/strong> <\/em><\/span><\/h4>\n<\/blockquote>\n<h3 style=\"text-align: center;\"><span style=\"color: #800000;\"><em><strong>Ser\u00eda agotador para el cerebro almacenar<br \/>\ntoda la informaci\u00f3n recibida sin discriminaci\u00f3n.<br \/>\n<\/strong><\/em><\/span><\/h3>\n<h3 style=\"text-align: center;\"><span style=\"color: #0000ff;\"><em><strong>Ahora bien, cuando un est\u00edmulo, un hecho,<br \/>\nes lo suficientemente significativo, usted no lo<br \/>\npuede ni lo podr\u00e1 olvidar nunca m\u00e1s.<\/strong><\/em><\/span><\/h3>\n<blockquote>\n<h4><em><strong><span style=\"color: #800000;\">A no ser que comience a padecer una enfermedad cerebral de las que hice referencia, no se le olvida nunca mientras est\u00e9 sano su cerebro:<\/span><br \/>\n&#8211;<span style=\"color: #0000ff;\">El nacimiento de un hijo, aunque ya no sienta los dolores de parto.<\/span><br \/>\n<span style=\"color: #0000ff;\"> -No se le olvida su primer amor, aunque ella o \u00e9l hicieran sus respectivas vidas.<\/span><br \/>\n<span style=\"color: #0000ff;\"> -No se le olvida su primer maestro, aunque hoy est\u00e9 fallecido.<\/span><br \/>\n<span style=\"color: #0000ff;\"> -No se le olvida cuando se divorci\u00f3, aunque ya el malestar de ese momento no existe.<\/span><br \/>\n<span style=\"color: #0000ff;\"> -No se le puede olvidar el fallecimiento de su ser querido, aunque se sonr\u00eda, r\u00eda a carcajadas o haga bromas hoy, que han transcurrido varios a\u00f1os de ese suceso doloroso.<\/span><\/strong><\/em><\/h4>\n<\/blockquote>\n<h3 style=\"text-align: center;\"><span style=\"color: #008000;\"><em><strong>La \u00fanica forma que existe de no recordar algo,<\/strong><\/em><\/span><br \/>\n<span style=\"color: #008000;\"> <em><strong> es que nunca hubiera ocurrido en nuestras vidas.<\/strong><\/em><\/span><br \/>\n<span style=\"color: #008000;\"> <em><strong> Por tanto, la estrategia no es querer olvidar lo sucedido,<\/strong><\/em><\/span><br \/>\n<span style=\"color: #008000;\"> <em><strong> sino recordarlo de otro modo.<\/strong><\/em><\/span><\/h3>\n<blockquote>\n<h3 style=\"text-align: center;\"><span style=\"color: #800000;\"><em><strong>\u00bfPor qu\u00e9 es menester evocar los sufrimientos de mi ser querido<\/strong><\/em><\/span><br \/>\n<span style=\"color: #800000;\"> <em><strong> antes de fallecer, y no sus buenas cualidades, su car\u00e1cter, su forma de ser conmigo, <\/strong><\/em><em><strong>los a\u00f1os pasados juntos?<\/strong><\/em><\/span><\/h3>\n<\/blockquote>\n<h3 style=\"text-align: center;\"><span style=\"color: #800000;\"><em><strong>\u00bfPor qu\u00e9 rememorar tristemente a la pareja que perd\u00ed, y<\/strong><\/em><\/span><br \/>\n<span style=\"color: #800000;\"> <em><strong> no complacerme por haberla tenido?<\/strong><\/em><\/span><\/h3>\n<blockquote>\n<h3 style=\"text-align: center;\"><span style=\"color: #800000;\"><em><strong>Por tanto, no se empe\u00f1e en olvidar lo que es inolvidable.<\/strong><\/em><\/span><br \/>\n<span style=\"color: #800000;\"> <em><strong> Recu\u00e9rdelo de una diferente manera, y el tiempo tambi\u00e9n le ayudar\u00e1.<\/strong><\/em><\/span><\/h3>\n<\/blockquote>\n<p>&nbsp;<\/p>\n<blockquote><p>Prof. Dr. Sergio Andr\u00e9s P\u00e9rez Barrero<br \/>\nArtista-Fred Calleri<\/p><\/blockquote>\n","protected":false},"excerpt":{"rendered":"<p>\u2217 Quiero olvidar y no puedo. Expresiones enga\u00f1osas.! \u2014 No siempre dicen, lo que quieres decir \u2014 La psicoterapia para aprender a vivir, es una compleja tarea que toma toda la vida, y no siempre se logra el resultado deseado. Esta psicoterapia fue escrita para -Aprender a vivir- Ojala usted logre ese prop\u00f3sito..! Es un [&hellip;]<\/p>\n","protected":false},"author":2,"featured_media":0,"parent":0,"menu_order":0,"comment_status":"closed","ping_status":"closed","template":"","meta":[],"_links":{"self":[{"href":"https:\/\/www.ceadin.org\/b\/wp-json\/wp\/v2\/pages\/2505"}],"collection":[{"href":"https:\/\/www.ceadin.org\/b\/wp-json\/wp\/v2\/pages"}],"about":[{"href":"https:\/\/www.ceadin.org\/b\/wp-json\/wp\/v2\/types\/page"}],"author":[{"embeddable":true,"href":"https:\/\/www.ceadin.org\/b\/wp-json\/wp\/v2\/users\/2"}],"replies":[{"embeddable":true,"href":"https:\/\/www.ceadin.org\/b\/wp-json\/wp\/v2\/comments?post=2505"}],"version-history":[{"count":0,"href":"https:\/\/www.ceadin.org\/b\/wp-json\/wp\/v2\/pages\/2505\/revisions"}],"wp:attachment":[{"href":"https:\/\/www.ceadin.org\/b\/wp-json\/wp\/v2\/media?parent=2505"}],"curies":[{"name":"wp","href":"https:\/\/api.w.org\/{rel}","templated":true}]}}