{"id":2494,"date":"2016-09-25T19:50:50","date_gmt":"2016-09-25T19:50:50","guid":{"rendered":"http:\/\/www.ceadin.org\/b\/?page_id=2494"},"modified":"2019-02-20T02:18:54","modified_gmt":"2019-02-20T02:18:54","slug":"expresiones-enganosas-dr-mi-vida-no-tiene-sentido","status":"publish","type":"page","link":"https:\/\/www.ceadin.org\/b\/expresiones-enganosas-dr-mi-vida-no-tiene-sentido\/","title":{"rendered":"EXPRESIONES ENGA\u00d1OSAS: Dr: -Mi vida no tiene sentido"},"content":{"rendered":"<h3 style=\"text-align: center;\"><em><strong><br \/>\n<span style=\"color: #0000ff;\">\u2217 Mi vida no tiene sentido.<br \/>\n<span style=\"color: #008000;\">Expresiones enga\u00f1osas.!<\/span><\/span><br \/>\n<span style=\"color: #0000ff;\">\u2014 No siempre dicen, lo que quieres decir \u2014<\/span><\/strong><\/em><\/h3>\n<h3 style=\"text-align: center;\"><span style=\"color: #800000;\"><em><strong>La psicoterapia para aprender a vivir,<br \/>\nes una compleja tarea que toma<br \/>\ntoda la vida, y no siempre se logra el resultado deseado.<\/strong><\/em><\/span><\/h3>\n<h3 style=\"text-align: center;\"><em><strong><span style=\"color: #993366;\"><br \/>\n<\/span><\/strong><\/em><a style=\"color: #993366;\" href=\"http:\/\/www.ceadin.org\/b\/wp-content\/uploads\/2016\/09\/fb-MARILART-di-Marialaura-Pedone-26.jpg\"><img decoding=\"async\" loading=\"lazy\" class=\"aligncenter wp-image-2501\" src=\"http:\/\/www.ceadin.org\/b\/wp-content\/uploads\/2016\/09\/fb-MARILART-di-Marialaura-Pedone-26.jpg\" alt=\"fb-marilart-di-marialaura-pedone-26\" width=\"700\" height=\"885\" srcset=\"https:\/\/www.ceadin.org\/b\/wp-content\/uploads\/2016\/09\/fb-MARILART-di-Marialaura-Pedone-26.jpg 759w, https:\/\/www.ceadin.org\/b\/wp-content\/uploads\/2016\/09\/fb-MARILART-di-Marialaura-Pedone-26-237x300.jpg 237w, https:\/\/www.ceadin.org\/b\/wp-content\/uploads\/2016\/09\/fb-MARILART-di-Marialaura-Pedone-26-619x783.jpg 619w\" sizes=\"(max-width: 700px) 100vw, 700px\" \/><\/a><em><strong><span style=\"color: #800000;\">Esta psicoterapia fue escrita para<\/span> <span style=\"color: #008000;\">-Aprender a vivir-<\/span><br \/>\n<span style=\"color: #800000;\">Ojala usted logre ese prop\u00f3sito..!<\/span><\/strong><\/em><\/h3>\n<blockquote>\n<h4><em><strong><span style=\"color: #800000;\">Es un esfuerzo m\u00e1s en este sentido, en su lectura usted encontrar\u00e1 una serie de expresiones escritas con la exactitud con que fueron manifestadas por una gran cantidad de personas atendidas por m\u00ed durante un cuarto de siglo de pr\u00e1ctica profesional ininterrumpida,<\/span> <span style=\"color: #0000ff;\">-ellas reflejan mecanismos reactivo-adaptativos-<\/span> <span style=\"color: #0000ff;\">que conspiran contra el crecimiento personal de quienes las pronuncian, como-:<\/span><\/strong><\/em><\/h4>\n<h3><em><strong><span style=\"color: #008000;\">Las encargadas de justificar un <\/span><span style=\"color: #0000ff;\">-comportamiento anormal,<\/span><br \/>\n<span style=\"color: #0000ff;\">las de defensa para culpar a otros de lo que les ocurre por su propia manera de comportarse-,<\/span> <span style=\"color: #008000;\">e impiden la introspecci\u00f3n,<\/span><br \/>\n<span style=\"color: #008000;\"> las que obstaculizan alcanzar el autoconocimiento y las que hacen m\u00e1s<\/span><br \/>\n<span style=\"color: #008000;\"> dif\u00edcil la soluci\u00f3n de las dificultades\u2026<\/span><\/strong><\/em><\/h3>\n<h3 style=\"text-align: center;\"><em><strong><span style=\"color: #0000ff;\">\u2217 Mi vida no tiene sentido.<\/span><\/strong><\/em><\/h3>\n<\/blockquote>\n<blockquote>\n<h4 style=\"text-align: left;\"><span style=\"color: #008000;\"><em><strong><span style=\"color: #800000;\">Cada vez que escucho esta expresi\u00f3n no dejo de sobrecogerme a pesar de la experiencia acumulada y de todo lo aprendido durante mis a\u00f1os de trabajo. Y es que cuando la vida carece de sentido, el pr\u00f3ximo paso para una cantidad no despreciable de seres humanos que as\u00ed se expresan, es la<\/span> <span style=\"color: #0000ff;\">-autodestrucci\u00f3n, ya sea por suicidio o mediante formas de vida insanas-.<\/span><\/strong><\/em><\/span><\/h4>\n<h4><span style=\"color: #800000;\"><em><strong>Una existencia sin sentido no tiene calidad. Es por ello que el ser humano debe empe\u00f1arse en encontrar la v\u00eda por la cual dirigir sus energ\u00edas hacia el logro de una trascendencia social cuyo resultado sea la satisfacci\u00f3n personal.<\/strong> <\/em><\/span><\/h4>\n<h4><span style=\"color: #008000;\"><em><strong><span style=\"color: #800000;\">Claro est\u00e1, el<\/span> -sentido de la vida-, <span style=\"color: #800000;\">no es algo com\u00fan para todos los individuos, es personal, porque lo que me lo da a m\u00ed no lo dar\u00e1 a mi pareja o a mis hijos.<\/span><\/strong> <\/em><\/span><\/h4>\n<h4><span style=\"color: #993366;\"><em><strong><span style=\"color: #008000;\"><span style=\"color: #800000;\">-Luego, lo primero que usted debe hacer para dar sentido a su vida, es<\/span> -preguntarse cu\u00e1l es su mejor atributo, su mejor cualidad, en qu\u00e9 aspecto es realmente bueno-.<\/span> <span style=\"color: #800000;\">Y de eso no es dif\u00edcil darse cuenta. Muchas personas a lo mejor lo buscan porque es buen conversador, o sabe arreglar bien los cabellos, o explicar bien las cosas para que otros la entiendan, o sabe de mec\u00e1nica o de computaci\u00f3n, o hace unos dulces de guayaba exquisitos, o cose muy bien, o escribe a m\u00e1quina de manera impecable&#8230;<\/span><\/strong><\/em><\/span><\/h4>\n<h4><span style=\"color: #800000;\"><em><strong><span style=\"color: #008000;\">-Una vez que descubra ese atributo-,<\/span> ded\u00edquele una parte de su tiempo para buscar la mayor perfecci\u00f3n, y h\u00e1galo de manera consciente, no como un pasatiempo, sino como una obligaci\u00f3n: usted le est\u00e1 dedicando a ese atributo una parte de su tiempo porque ello le dar\u00e1 un sentido a su existencia y su deber es perfeccionarlo al m\u00e1ximo.<\/strong> <\/em><\/span><\/h4>\n<h4><span style=\"color: #993366;\"><em><strong><span style=\"color: #008000;\">-Si sabe arreglar los cabellos, debe tratar de llegar a ser un estilista, estar al tanto de lo que se hace en otros lugares dentro y fuera de su pa\u00eds, de la \u00faltima moda-;<\/span> <span style=\"color: #800000;\">y si no desea ponerse metas tan ambiciosas, pues al menos debe conocer qu\u00e9 est\u00e1n haciendo los peluqueros de su ciudad o pueblo, y tratar de hacerlo, al menos igual, si no lo puede hacer mejor que ellos.<\/span><\/strong> <\/em><\/span><\/h4>\n<h4><span style=\"color: #800000;\"><em><strong>-Recuerde que esas personas tienen dos manos y un cerebro lo mismo que usted. Lo dem\u00e1s es la dedicaci\u00f3n personal y el amor con que haga lo suyo-. Cuando empiece a notar que arreglar los cabellos a las personas, dej\u00f3 de ser un trabajo y ya es otra cosa, no ajena a s\u00ed mismo, sino que es parte suya como lo puede ser un lunar o las canas, entonces, estar\u00e1 en el momento adecuado para empezar a dedicarle todo el tiempo de su vida, pues le est\u00e1 brindando un sentido a su existencia.<\/strong><\/em><\/span><\/h4>\n<h4><span style=\"color: #993366;\"><em><strong><span style=\"color: #800000;\">Otras veces no hay que descubrirse atributo alguno, ni competir con nadie.<\/span> <span style=\"color: #008000;\">-Simplemente mire a su alrededor y trate de encontrar la persona m\u00e1s necesitada de usted-, <span style=\"color: #800000;\">por ejemplo, su abuela, su peque\u00f1o hijo, su esposa enferma, su esposo con una gran cantidad de responsabilidades, etc. Ded\u00edquese a mejorar la calidad de vida de ellos y eso tambi\u00e9n mejorar\u00e1 la suya.<\/span><\/span><\/strong><\/em><\/span><\/h4>\n<h4><span style=\"color: #993366;\"><em><strong><span style=\"color: #800000;\">Dicho incentivo en ocasiones se puede encontrar en su propia tragedia.<\/span> &#8211;<span style=\"color: #008000;\">He conocido madres que han perdido un hijo por suicidio, y se han consagrado a ayudar a otras madres y familiares con una experiencia similar y ello le ha complacido-.<\/span> <span style=\"color: #0000ff;\">-Tambi\u00e9n hay padres que han tenido un hijo con S\u00edndrome Down (mongolismo) y se han entregado a su educaci\u00f3n en todos los sentidos, sumando en ese empe\u00f1o a quienes tienen hijos portadores de la misma enfermedad-.<\/span> <span style=\"color: #800000;\">Otros llegaron a darle un sentido a sus vidas, en la b\u00fasqueda de las causas de la enfermedad de su hijo, hasta ese momento desconocidas para la ciencia.<\/span><\/strong><\/em><\/span><\/h4>\n<h4><span style=\"color: #993366;\"><em><strong><span style=\"color: #008000;\">-Al parecer, para algunos no hay nada que los entusiasme, y en esos momentos tal vez un animal afectivo pueda lograrlo-.<\/span> <span style=\"color: #800000;\">Hemos encontrado en nuestra pr\u00e1ctica profesional sujetos que viven solos, sin pareja ni hijos, muy tristes, y junto con el tratamiento psicofarmacol\u00f3gico, se les ha sugerido criar un animal de compa\u00f1\u00eda al cual brindar afecto y atenci\u00f3n y as\u00ed han encontrado una raz\u00f3n para vivir.<\/span><\/strong><\/em><\/span><\/h4>\n<\/blockquote>\n<h3 style=\"text-align: center;\"><span style=\"color: #800000;\"><em><strong>Como puede darse cuenta, <\/strong><\/em><em><strong>siempre habr\u00e1 alguien o algo,<\/strong><\/em><\/span><br \/>\n<span style=\"color: #800000;\"> <em><strong> incluso cuando usted considere que no,<\/strong><\/em><\/span><br \/>\n<span style=\"color: #800000;\"> <em><strong> que abra un nuevo horizonte para su vida..!<\/strong><\/em><\/span><\/h3>\n<p>&nbsp;<\/p>\n<blockquote><p>Prof. Dr. Sergio Andr\u00e9s P\u00e9rez Barrero<br \/>\nArtista-Fred Calleri<\/p><\/blockquote>\n","protected":false},"excerpt":{"rendered":"<p>\u2217 Mi vida no tiene sentido. Expresiones enga\u00f1osas.! \u2014 No siempre dicen, lo que quieres decir \u2014 La psicoterapia para aprender a vivir, es una compleja tarea que toma toda la vida, y no siempre se logra el resultado deseado. Esta psicoterapia fue escrita para -Aprender a vivir- Ojala usted logre ese prop\u00f3sito..! Es un [&hellip;]<\/p>\n","protected":false},"author":2,"featured_media":0,"parent":0,"menu_order":0,"comment_status":"closed","ping_status":"closed","template":"","meta":[],"_links":{"self":[{"href":"https:\/\/www.ceadin.org\/b\/wp-json\/wp\/v2\/pages\/2494"}],"collection":[{"href":"https:\/\/www.ceadin.org\/b\/wp-json\/wp\/v2\/pages"}],"about":[{"href":"https:\/\/www.ceadin.org\/b\/wp-json\/wp\/v2\/types\/page"}],"author":[{"embeddable":true,"href":"https:\/\/www.ceadin.org\/b\/wp-json\/wp\/v2\/users\/2"}],"replies":[{"embeddable":true,"href":"https:\/\/www.ceadin.org\/b\/wp-json\/wp\/v2\/comments?post=2494"}],"version-history":[{"count":0,"href":"https:\/\/www.ceadin.org\/b\/wp-json\/wp\/v2\/pages\/2494\/revisions"}],"wp:attachment":[{"href":"https:\/\/www.ceadin.org\/b\/wp-json\/wp\/v2\/media?parent=2494"}],"curies":[{"name":"wp","href":"https:\/\/api.w.org\/{rel}","templated":true}]}}