{"id":2026,"date":"2016-07-19T18:56:17","date_gmt":"2016-07-19T18:56:17","guid":{"rendered":"http:\/\/www.ceadin.org\/b\/?page_id=2026"},"modified":"2022-11-26T12:47:27","modified_gmt":"2022-11-26T12:47:27","slug":"por-que-la-gente-no-se-cura","status":"publish","type":"page","link":"https:\/\/www.ceadin.org\/b\/por-que-la-gente-no-se-cura\/","title":{"rendered":"Por qu\u00e9 la gente no se cura"},"content":{"rendered":"<blockquote>\n<blockquote>\n<h3 style=\"text-align: center;\"><em><strong><span style=\"color: #008000;\"><br \/>\n<span style=\"color: #008080;\">Un m\u00e9dico intuitivo tuvo<\/span><br \/>\n<span style=\"color: #008080;\">una perspectiva \u00fanica sobre, por qu\u00e9 las personas no se curan.<\/span><a href=\"http:\/\/www.ceadin.org\/b\/wp-content\/uploads\/2022\/11\/Ewa-Lanrecz-701.jpg\"><img decoding=\"async\" loading=\"lazy\" class=\"alignright size-full wp-image-6798\" src=\"http:\/\/www.ceadin.org\/b\/wp-content\/uploads\/2022\/11\/Ewa-Lanrecz-701.jpg\" alt=\"\" width=\"960\" height=\"765\" srcset=\"https:\/\/www.ceadin.org\/b\/wp-content\/uploads\/2022\/11\/Ewa-Lanrecz-701.jpg 960w, https:\/\/www.ceadin.org\/b\/wp-content\/uploads\/2022\/11\/Ewa-Lanrecz-701-300x239.jpg 300w, https:\/\/www.ceadin.org\/b\/wp-content\/uploads\/2022\/11\/Ewa-Lanrecz-701-768x612.jpg 768w, https:\/\/www.ceadin.org\/b\/wp-content\/uploads\/2022\/11\/Ewa-Lanrecz-701-619x493.jpg 619w\" sizes=\"(max-width: 960px) 100vw, 960px\" \/><\/a><br \/>\n<\/span><\/strong><\/em><\/h3>\n<h3 style=\"text-align: center;\"><span style=\"color: #ba38cf;\"><em><strong>\u00c9l sol\u00eda pensar que todo el mundo<br \/>\nquer\u00eda ser sanado, y lleg\u00f3 a la conclusi\u00f3n de que la sanaci\u00f3n<br \/>\nes muy poco atractiva.<\/strong><\/em><\/span><\/h3>\n<h4 style=\"text-align: left;\"><span style=\"color: #808000;\"><em><strong>Los impedimentos para la curaci\u00f3n incluyen renunciar a vivir en el pasado, dejar de ser v\u00edctima, y el miedo al cambio.<br \/>\n<\/strong><\/em><\/span><\/h4>\n<h4 style=\"text-align: left;\"><span style=\"color: #808000;\"><em><strong>Dirigir el pensamiento y la energ\u00eda hacia el pasado desv\u00eda la fuerza vital<br \/>\nde las c\u00e9lulas y los \u00f3rganos que necesitan esa energ\u00eda para funcionar y sanar.<\/strong><\/em><\/span><\/h4>\n<h4 style=\"text-align: left;\"><span style=\"color: #808000;\"><em><strong>La curaci\u00f3n requiere vivir en el presente, recuperando la energ\u00eda de los traumas y heridas del pasado.<\/strong><\/em><\/span><\/h4>\n<h4 style=\"text-align: left;\"><span style=\"color: #808000;\"><em><strong>Dice que la \u00fanica raz\u00f3n para alimentar y mantener vivo el pasado es a causa de la amargura de lo que pas\u00f3. <\/strong><\/em><\/span><\/h4>\n<h4 style=\"text-align: left;\"><span style=\"color: #808000;\"><em><strong>Negarse a perdonar un evento o a una persona del pasado produce fugas energ\u00e9ticas del cuerpo.<\/strong><\/em><\/span><\/h4>\n<h3 style=\"text-align: center;\"><span style=\"color: #008080;\"><em><strong>El perd\u00f3n sana estas filtraciones.<\/strong><\/em><\/span><\/h3>\n<h3 style=\"text-align: center;\"><span style=\"color: #808000;\"> <em><strong> El perd\u00f3n no tiene nada que ver con no culpar a otros<br \/>\npor las heridas que causaron.<\/strong><\/em><\/span><\/h3>\n<h3 style=\"text-align: center;\"><span style=\"color: #ba38cf;\"><em><strong>Tiene m\u00e1s que ver con<br \/>\n&#8211; liberarnos de la percepci\u00f3n de v\u00edctima &#8211;<\/strong><\/em><\/span><\/h3>\n<h4 style=\"text-align: left;\"><span style=\"color: #808000;\"><em><strong>Cuando podemos ver un acto doloroso, como parte del proceso de la vida, como un mensaje o un desaf\u00edo, en lugar de una traici\u00f3n personal, la energ\u00eda vital fluye de vuelta a los circuitos de energ\u00eda del cuerpo f\u00edsico.<\/strong><\/em><\/span><\/h4>\n<h3 style=\"text-align: center;\"><span style=\"color: #008080;\"><em><strong>Las personas no se curan porque no<br \/>\nse han liberado de la ilusi\u00f3n de ser v\u00edctima.<\/strong><\/em><\/span><\/h3>\n<h4 style=\"text-align: left;\"><span style=\"color: #808000;\"><em><strong>Con demasiada frecuencia, la gente obtiene poder con sus heridas porque han encontrado que suscita el apoyo de otros. Las heridas se convierten en un medio de manipular y controlar a los dem\u00e1s.<\/strong><\/em><\/span><\/h4>\n<h3 style=\"text-align: center;\"><span style=\"color: #008000;\"><em><strong><span style=\"color: #ba38cf;\">Generalmente, la recuperaci\u00f3n requiere hacer<\/span><br \/>\n<span style=\"color: #ba38cf;\">cambios en el estilo de vida, medio ambiente, y relaciones.<\/span><br \/>\n<\/strong><\/em><\/span><\/h3>\n<h3 style=\"text-align: center;\"><span style=\"color: #008080;\"><em><strong>El cambio puede ser aterrador.<br \/>\nEs f\u00e1cil mantenerse en un comp\u00e1s de espera,<br \/>\nalegando que uno no sabe qu\u00e9 hacer, pero rara vez es cierto.<\/strong><\/em><\/span><\/h3>\n<h4 style=\"text-align: left;\"><span style=\"color: #808000;\"><em><strong>Cuando estamos en un comp\u00e1s de espera, es porque sabemos exactamente<br \/>\nlo que debemos hacer, pero estamos aterrorizados para actuar en consecuencia\u2026 el cambio es alarmante, y la espera da sensaci\u00f3n de seguridad, cuando la \u00fanica manera de adquirir ese sentimiento<br \/>\nde seguridad es entrar en el torbellino de los cambios y salir<br \/>\npor otro lado, sentirse vivo otra vez.<\/strong><\/em><\/span><\/h4>\n<h3 style=\"text-align: center;\"><span style=\"color: #008000;\"><em><strong><span style=\"color: #008080;\">La sanaci\u00f3n requiere acci\u00f3n.<\/span><br \/>\n<span style=\"color: #ba38cf;\">Comer adecuadamente, hacer ejercicio<br \/>\ndiario y tomar el medicamento adecuado, genera cambios<br \/>\nsaludables en el f\u00edsico.<\/span><\/strong><\/em><\/span><\/h3>\n<h3 style=\"text-align: center;\"><span style=\"color: #008080;\"><em><strong>Soltar el pasado, dejar puestos de<br \/>\ntrabajo estresantes o relaciones inadecuadas, son acciones que<br \/>\nsostienen la energ\u00eda del cuerpo.<\/strong><\/em><\/span><\/h3>\n<h3 style=\"text-align: center;\"><span style=\"color: #993366;\"><em><strong><span style=\"color: #808000;\">Lo que apoya al uno apoya<\/span><br \/>\n<span style=\"color: #808000;\">al otro, porque la energ\u00eda f\u00edsica y energ\u00e9tica est\u00e1n<\/span><br \/>\n<span style=\"color: #808000;\">intr\u00ednsicamente unidas.<\/span> <\/strong><\/em><\/span><\/h3>\n<h3 style=\"text-align: center;\"><span style=\"color: #ba38cf;\"><em><strong>Incluso el proceso de morir,<br \/>\nal que todos nos enfrentamos, puede convertirse en<br \/>\nun acto de sanaci\u00f3n de viejas heridas que son<br \/>\nliberadas resolviendo asuntos pendientes<br \/>\ncon los seres queridos.<\/strong><\/em><\/span><\/h3>\n<h3 style=\"text-align: center;\"><span style=\"color: #ba38cf;\"><em><strong>&#8211; &#8211; &#8211; &#8211;<\/strong> <\/em><\/span><\/h3>\n<h4><span style=\"color: #008080;\"><em><strong>Busque ayuda inmediatamente si:<\/strong><\/em><\/span><br \/>\n<span style=\"color: #008080;\"><em><strong>Se siente abrumado.<\/strong><\/em><\/span><br \/>\n<span style=\"color: #008080;\"><em><strong>\u2028Est\u00e1 pensando en hacerse da\u00f1o o en da\u00f1ar a otra persona.<\/strong><\/em><\/span><br \/>\n<span style=\"color: #008080;\"><em><strong>Es incapaz de controlar su comportamiento.<\/strong><\/em><\/span><br \/>\n<span style=\"color: #008080;\"><em><strong>Tiene otros s\u00edntomas muy angustiantes de trastorno<\/strong><\/em><\/span><br \/>\n<span style=\"color: #008080;\"><em><strong>de estr\u00e9s postraum\u00e1tico.<\/strong><\/em><\/span><\/h4>\n<h4><span style=\"color: #ba38cf;\"><em><strong>EN CASO NECESARIO:<\/strong><\/em><\/span><br \/>\n<span style=\"color: #ba38cf;\"><em><strong>Llame a su m\u00e9dico.<\/strong><\/em><\/span><br \/>\n<span style=\"color: #ba38cf;\"><em><strong>Llame al 911 para servicios de emergencia\u2028 o vaya<\/strong><\/em><\/span><br \/>\n<span style=\"color: #ba38cf;\"><em><strong>a la sala de emergencias m\u00e1s cercana.<\/strong><\/em><\/span><br \/>\n<span style=\"color: #ba38cf;\"><em><strong>En un caso de emergencia, puede llamar a:<\/strong><\/em><\/span><br \/>\n<span style=\"color: #ba38cf;\"><em><strong>SAPTEL \u201cSistema Nacional de Apoyo, Consejo \u2028Psicol\u00f3gico<\/strong><\/em><\/span><br \/>\n<span style=\"color: #ba38cf;\"><em><strong>e Intervenci\u00f3n en Crisis por Tel\u00e9fono\u201d<\/strong><\/em><\/span><br \/>\n<span style=\"color: #ba38cf;\"><em><strong>(Cruz Roja Mexicana\u2013 24 Hrs.) sin costo<\/strong><\/em><\/span><\/h4>\n<h4><span style=\"color: #ba38cf;\"><em><strong>SAPTEL<\/strong><\/em><\/span><br \/>\n<span style=\"color: #ba38cf;\"><em><strong>A<span style=\"color: #ba38cf;\">v M\u00e9xico #37, Hip\u00f3dromo,<\/span><\/strong><\/em><\/span><br \/>\n<span style=\"color: #ba38cf;\"><em><strong>Cuauht\u00e9moc, Ciudad de M\u00e9xico.<\/strong><\/em><\/span><br \/>\n<span style=\"color: #ba38cf;\"><em><strong>Tel\u00e9fono:(55) 52598121<\/strong><\/em><\/span><br \/>\n<span style=\"color: #ba38cf;\"><em><strong>E-mail: <a class=\"col1\" style=\"color: #ba38cf;\" href=\"https:\/\/www.saptel.org.mx\/contacto.html#\">saptel.crlyc@gmail.com<\/a><\/strong><\/em><\/span><\/h4>\n<p><span style=\"color: #ba38cf;\"><em>Artista-Ewa Lanrecz\u00a0<\/em><\/span><\/p><\/blockquote>\n<\/blockquote>\n","protected":false},"excerpt":{"rendered":"<p>Un m\u00e9dico intuitivo tuvo una perspectiva \u00fanica sobre, por qu\u00e9 las personas no se curan. \u00c9l sol\u00eda pensar que todo el mundo quer\u00eda ser sanado, y lleg\u00f3 a la conclusi\u00f3n de que la sanaci\u00f3n es muy poco atractiva. Los impedimentos para la curaci\u00f3n incluyen renunciar a vivir en el pasado, dejar de ser v\u00edctima, y [&hellip;]<\/p>\n","protected":false},"author":2,"featured_media":0,"parent":0,"menu_order":14,"comment_status":"closed","ping_status":"closed","template":"","meta":[],"_links":{"self":[{"href":"https:\/\/www.ceadin.org\/b\/wp-json\/wp\/v2\/pages\/2026"}],"collection":[{"href":"https:\/\/www.ceadin.org\/b\/wp-json\/wp\/v2\/pages"}],"about":[{"href":"https:\/\/www.ceadin.org\/b\/wp-json\/wp\/v2\/types\/page"}],"author":[{"embeddable":true,"href":"https:\/\/www.ceadin.org\/b\/wp-json\/wp\/v2\/users\/2"}],"replies":[{"embeddable":true,"href":"https:\/\/www.ceadin.org\/b\/wp-json\/wp\/v2\/comments?post=2026"}],"version-history":[{"count":0,"href":"https:\/\/www.ceadin.org\/b\/wp-json\/wp\/v2\/pages\/2026\/revisions"}],"wp:attachment":[{"href":"https:\/\/www.ceadin.org\/b\/wp-json\/wp\/v2\/media?parent=2026"}],"curies":[{"name":"wp","href":"https:\/\/api.w.org\/{rel}","templated":true}]}}