{"id":1043,"date":"2015-08-24T00:19:17","date_gmt":"2015-08-24T00:19:17","guid":{"rendered":"http:\/\/www.ceadin.org\/b\/"},"modified":"2018-06-18T02:48:19","modified_gmt":"2018-06-18T02:48:19","slug":"otra-variante-para-el-manejo-de-la-persona-con-riesgo-suicida","status":"publish","type":"page","link":"https:\/\/www.ceadin.org\/b\/otra-variante-para-el-manejo-de-la-persona-con-riesgo-suicida\/","title":{"rendered":"Otra variante para el manejo de la persona con riesgo suicida"},"content":{"rendered":"<h3 style=\"text-align: center;\"><span style=\"color: #ff6600;\"><em><strong><span style=\"color: #800080;\"><br \/>\n<span style=\"text-decoration: underline; color: #0000ff;\">TEMAS DE SUICIDIO<\/span><\/span><\/strong><\/em><\/span><\/h3>\n<blockquote>\n<h3 style=\"text-align: center;\"><span style=\"color: #993300;\"><em><strong><span style=\"text-decoration: underline; color: #0000ff;\">-Lo primero-<\/span> que se debe hacer cuando una persona<br \/>\nnos conf\u00eda sus ideas suicidas, es:<\/strong><\/em><\/span><\/h3>\n<\/blockquote>\n<h3 style=\"text-align: center;\"><em><strong><span style=\"color: #800080;\"><span style=\"text-decoration: underline; color: #ff0000;\">&#8211; TOMARLO EN SERIO &#8211;<\/span><br \/>\n<\/span><\/strong><\/em><\/h3>\n<blockquote>\n<h3 style=\"text-align: center;\"><span style=\"color: #800080;\"><em><strong><span style=\"text-decoration: underline; color: #0000ff;\">D\u00e1ndole la importancia requerida a la situaci\u00f3n,<\/span><br \/>\n<span style=\"text-decoration: underline; color: #0000ff;\"> pues muchos cometen el grave error de considerar a quienes<\/span><br \/>\n<span style=\"text-decoration: underline; color: #0000ff;\"> intentan el suicidio como chantajistas,<br \/>\nmanipuladores, que se est\u00e1n haciendo los locos,<\/span><br \/>\n<span style=\"text-decoration: underline; color: #0000ff;\"> que eso es un teatro o un alarde.<\/span><br \/>\n<\/strong><\/em><\/span><\/h3>\n<\/blockquote>\n<h3 style=\"text-align: center;\"><em><strong><a href=\"http:\/\/www.ceadin.org\/b\/wp-content\/uploads\/2015\/08\/Patricia+Perrier-Radix+-su6-e1529289275979.jpg\"><img decoding=\"async\" loading=\"lazy\" class=\"aligncenter wp-image-1089\" title=\"Patricia+Perrier-Radix+-su6\" src=\"http:\/\/www.ceadin.org\/b\/wp-content\/uploads\/2015\/08\/Patricia+Perrier-Radix+-su6-e1440363569778.jpg\" alt=\"\" width=\"550\" height=\"780\" \/><\/a><\/strong><\/em><span style=\"color: #993300;\"><em><strong>Si piensan asi\u0301, no podr\u00e1n nunca comprender<br \/>\nni ayudar a un presunto suicida.<\/strong><\/em><\/span><\/h3>\n<blockquote>\n<h4><em><strong><span style=\"text-decoration: underline; color: #0000ff;\">-Un segundo paso- <\/span><span style=\"color: #993300;\">en este manejo, es tratar de comprender al sujeto, los motivos que tuvo para atentar contra su vida, y para lograrlo, es important\u00edsimo escuchar con real inter\u00e9s lo que \u00e9l dice, detenidamente, con atenci\u00f3n, asi\u0301 se facilita la liberaci\u00f3n de emociones y sentimientos lo cual cumple una funci\u00f3n cat\u00e1rtica, vomitiva, con el consiguiente alivio, aunque sea moment\u00e9neo, pero alivio al fin.<\/span><\/strong><\/em><\/h4>\n<\/blockquote>\n<h3 style=\"text-align: center;\"><em><span style=\"color: #993300;\"><strong>Todo lo anterior favorecera\u0301 la relaci\u00f3n con \u00e9l y<br \/>\nla ayuda que se desea brindar.<\/strong><\/span><\/em><\/h3>\n<blockquote>\n<h4><em><strong><span style=\"text-decoration: underline; color: #0000ff;\">-En tercer lugar-, <\/span><span style=\"color: #993300;\">debemos tratar de facilitar en el individuo la b\u00fasqueda por si\u0301 mismo de soluciones a su problem\u00e1tica actual, de alternativas realistas y posibles, pues en momentos de crisis \u00e9stas est\u00e1n sustancialmente reducidas, y predominan los sentimientos de autodestrucci\u00f3n.<\/span><\/strong><\/em><\/h4>\n<h4><span style=\"text-decoration: underline; color: #993300;\"><em><strong>-No es conveniente erigirse en juez supremo de los actos del sujeto o querer responsabilizarse con su vida si \u00e9l esta\u0301 en condiciones de hacerlo por si\u0301 mismo-.<\/strong><\/em><\/span><\/h4>\n<h4><em><strong><span style=\"text-decoration: underline; color: #0000ff;\">-Lo cuarto-, <\/span><span style=\"color: #993300;\">es desterrar del pensamiento la idea falsa de minimizar el motivo por el cual una persona puede intentar el suicidio con expresiones como:<\/span> <span style=\"text-decoration: underline; color: #0000ff;\">-No lo hara\u0301 pues lo que le esta\u0301 pasando no es motivo para quitarse la vida-.<\/span> <span style=\"color: #993300;\">Para usted u otro individuo sin riesgo suicida, puede que ese motivo no desencadene dicho acto, pero para el sujeto en riesgo, un motivo similar puede precipitarlo.<\/span><\/strong><\/em><\/h4>\n<h4><em><strong><span style=\"text-decoration: underline; color: #0000ff;\">-Lo quinto que <span style=\"color: #ff0000; text-decoration: underline;\">NUNCA DEBE HACERSE<\/span> es retarlo-,<\/span> <span style=\"color: #993300;\">sugiri\u00e9ndole m\u00e9todos de mayor letalidad del que haya empleado en caso de ser sobreviviente de un intento de suicidio, como:<\/span><span style=\"text-decoration: underline; color: #0000ff;\"> -\u00bfY si ten\u00edas tantos deseos de morir por que\u0301 no te tiraste delante del tren?-,<\/span><span style=\"color: #993300;\"> y el sujeto s\u00f3lo hab\u00eda ingerido tabletas de un ansiol\u00edtico de acci\u00f3n breve; o<\/span><span style=\"text-decoration: underline; color: #0000ff;\"> -Acaba de matarte de una vez que me tienes aburrido- o -Usted no se mata nada, no este\u0301 haciendo papelazos-,<\/span> <span style=\"color: #993300;\">estas expresiones deben ser abolidas de nuestro l\u00e9xico y criticar a quien las pronuncie porque, evidentemente, no sabe la hostilidad que este tipo de personas genera en \u00e9l.<\/span><\/strong><\/em><\/h4>\n<h4><em><strong><span style=\"text-decoration: underline; color: #0000ff;\">-Pierda el temor de enfrentarse a personas con ideas suicidas-, <\/span><span style=\"color: #993300;\">quienes, por lo general, son capaces de establecer una buena relaci\u00f3n con usted, est\u00e1n muy necesitados de ser escuchados y desean seguir viviendo con solo que ocurran peque\u00f1as modificaciones en sus vidas.<\/span><\/strong><\/em><\/h4>\n<h3 style=\"text-align: center;\"><span style=\"text-decoration: underline; color: #0000ff;\"><em><strong>Y no olvide nunca que si intuitivamente considera que el sujeto esta\u0301 en crisis suicida y puede consumar el suicidio, trate por todos los medios de dirigirlo a un centro m\u00e9dico para su tratamiento especializado.<\/strong><\/em><\/span><\/h3>\n<h4>Prof. Dr. Sergio Andres Perez Barrero<\/h4>\n<\/blockquote>\n<div>\n<blockquote>\n<h4><span style=\"color: #993300;\"><em><strong>Busque ayuda inmediatamente si:<\/strong><\/em><\/span><br \/>\n<span style=\"color: #993300;\"> <em><strong> Se siente abrumado.<\/strong><\/em><\/span><br \/>\n<span style=\"color: #993300;\"> <em><strong> \u2028Est\u00e1 pensando en hacerse da\u00f1o o en da\u00f1ar a otra persona.<\/strong><\/em><\/span><br \/>\n<span style=\"color: #993300;\"> <em><strong> Es incapaz de controlar su comportamiento.<\/strong><\/em><\/span><br \/>\n<span style=\"color: #993300;\"> <em><strong> Tiene otros s\u00edntomas muy angustiantes de trastorno<br \/>\nde estr\u00e9s postraum\u00e1tico.<\/strong><\/em><\/span><\/h4>\n<h4><span style=\"color: #993300;\"><em><strong>EN CASO NECESARIO:<\/strong><\/em><\/span><br \/>\n<span style=\"color: #993300;\"> <em><strong> Llame a su m\u00e9dico.<\/strong><\/em><\/span><br \/>\n<span style=\"color: #993300;\"> <em><strong> Llame al 911 para servicios de emergencia\u2028 o vaya<\/strong><\/em><\/span><br \/>\n<span style=\"color: #993300;\"> <em><strong> a la sala de emergencias m\u00e1s cercana.<br \/>\nEn un caso de emergencia, puede llamar a:<br \/>\n52-59-81-21<br \/>\n01-800-472-78-35<\/strong><\/em><\/span><\/h4>\n<h4><span style=\"color: #008000;\"><em><strong>SAPTEL \u201cSistema Nacional de Apoyo, Consejo \u2028Psicol\u00f3gico<br \/>\ne Intervenci\u00f3n en Crisis por Tel\u00e9fono\u201d<\/strong><\/em><\/span><br \/>\n<span style=\"color: #008000;\"> <em><strong> (Cruz Roja Mexicana\u2013 24 Hrs.) sin costo<\/strong><\/em><\/span><br \/>\n<span style=\"color: #008000;\"> <em><strong> Tel.- 52-59-81-21\u00a0\u00a0 \u2013<\/strong><\/em><\/span><br \/>\n<span style=\"color: #008000;\"> <em><strong> 01-800-472-78-35<\/strong><\/em><\/span><br \/>\n<span style=\"color: #008000;\"> <em><strong> saptel@prodigy.net.mx<\/strong><\/em><\/span><br \/>\n<span style=\"color: #008000;\"> <em><strong> \u2028http:\/\/www.saptel.org.mx\/<\/strong><\/em><\/span><\/h4>\n<\/blockquote>\n<\/div>\n<blockquote>\n<h4>Imagenes-Patricia Perrier Radix<\/h4>\n<\/blockquote>\n","protected":false},"excerpt":{"rendered":"<p>TEMAS DE SUICIDIO -Lo primero- que se debe hacer cuando una persona nos conf\u00eda sus ideas suicidas, es: &#8211; TOMARLO EN SERIO &#8211; D\u00e1ndole la importancia requerida a la situaci\u00f3n, pues muchos cometen el grave error de considerar a quienes intentan el suicidio como chantajistas, manipuladores, que se est\u00e1n haciendo los locos, que eso es [&hellip;]<\/p>\n","protected":false},"author":2,"featured_media":0,"parent":0,"menu_order":7,"comment_status":"open","ping_status":"open","template":"","meta":[],"_links":{"self":[{"href":"https:\/\/www.ceadin.org\/b\/wp-json\/wp\/v2\/pages\/1043"}],"collection":[{"href":"https:\/\/www.ceadin.org\/b\/wp-json\/wp\/v2\/pages"}],"about":[{"href":"https:\/\/www.ceadin.org\/b\/wp-json\/wp\/v2\/types\/page"}],"author":[{"embeddable":true,"href":"https:\/\/www.ceadin.org\/b\/wp-json\/wp\/v2\/users\/2"}],"replies":[{"embeddable":true,"href":"https:\/\/www.ceadin.org\/b\/wp-json\/wp\/v2\/comments?post=1043"}],"version-history":[{"count":0,"href":"https:\/\/www.ceadin.org\/b\/wp-json\/wp\/v2\/pages\/1043\/revisions"}],"wp:attachment":[{"href":"https:\/\/www.ceadin.org\/b\/wp-json\/wp\/v2\/media?parent=1043"}],"curies":[{"name":"wp","href":"https:\/\/api.w.org\/{rel}","templated":true}]}}