{"id":1038,"date":"2015-05-18T23:29:41","date_gmt":"2015-05-18T23:29:41","guid":{"rendered":"http:\/\/www.ceadin.org\/b\/"},"modified":"2018-06-17T19:46:06","modified_gmt":"2018-06-17T19:46:06","slug":"la-persona-con-riesgo-suicida-y-su-manejo","status":"publish","type":"page","link":"https:\/\/www.ceadin.org\/b\/la-persona-con-riesgo-suicida-y-su-manejo\/","title":{"rendered":"La persona con riesgo suicida y su manejo"},"content":{"rendered":"<h3 style=\"text-align: center;\"><span style=\"color: #993366;\"><em><strong><span style=\"color: #800080;\"><br \/>\n<span style=\"text-decoration: underline; color: #0000ff;\">TEMAS DE SUICIDIO<\/span><\/span><\/strong><\/em><\/span><\/h3>\n<h3 style=\"text-align: center;\"><span style=\"text-decoration: underline; color: #0000ff;\"><em><strong>-Prevenci\u00f3n-<\/strong><\/em><\/span><\/h3>\n<blockquote>\n<h3 style=\"text-align: center;\"><span style=\"color: #993300;\"><em><strong>A continuaci\u00f3n expondre\u0301 varias<br \/>\nmaneras de manejar a una persona con la posibilidad<br \/>\nde realizar un acto suicida y alerto al lector<br \/>\nde que cualquier m\u00e9todo,<br \/>\nsiempre que sea aut\u00e9ntico, armonice con las caracter\u00edsticas<br \/>\nde la personalidad de quien lo emplea, sea utilizado por quien crea en<br \/>\nsu efectividad y persiga como objetivo impedir la consumaci\u00f3n<br \/>\nde dicho acto, puede lograr buenos resultados<br \/>\nen la prevenci\u00f3n del suicidio.<\/strong><\/em><\/span><\/h3>\n<h3 style=\"text-align: center;\"><span style=\"color: #ff6600;\"><em><strong><a href=\"http:\/\/www.ceadin.org\/b\/wp-content\/uploads\/2015\/08\/Patricia+Perrier9899aaaa-e1528987869877.jpg\"><img decoding=\"async\" loading=\"lazy\" class=\"aligncenter wp-image-1087\" title=\"Patricia+Perrier9899aaaa\" src=\"http:\/\/www.ceadin.org\/b\/wp-content\/uploads\/2015\/08\/Patricia+Perrier9899aaaa-e1440360036881.jpg\" alt=\"\" width=\"550\" height=\"501\" \/><\/a><\/strong><\/em><\/span><span style=\"text-decoration: underline; color: #0000ff;\"><em><strong>Frente a todo paciente con riesgo de suicidio lo primero que se eval\u00faa es si el sujeto puede responsabilizarse con su vida o,<\/strong><\/em><\/span><br \/>\n<span style=\"text-decoration: underline; color: #0000ff;\"> <em><strong>no esta\u0301 en condiciones para ello. <\/strong><\/em><\/span><\/h3>\n<h4><span style=\"color: #993300;\"><em><strong>Esto implica considerar qui\u00e9n ha sido esta persona, qui\u00e9n es ahora, compar\u00e1ndola con los datos recabados previamente, para hacer patente las diferencias, si existieran, y que pueden precipitar un acto suicida.<\/strong><\/em><\/span><\/h4>\n<h4 style=\"text-align: left;\"><span style=\"color: #800080;\"><em><strong><span style=\"text-decoration: underline; color: #0000ff;\"><span style=\"color: #993300; text-decoration: underline;\">-Aqui\u0301 queda incluida tambi\u00e9n, la b\u00fasqueda de<\/span> -la parte sana e inteligente- <span style=\"color: #993300; text-decoration: underline;\">del paciente, con la que debemos trabajar para disminuir las probabilidades de llevar a v\u00edas de hecho los prop\u00f3sitos autolesivos-.<\/span> <\/span><span style=\"color: #993300;\">Paralelamente, se debe explorar que\u0301 otros recursos en la familia y en el medio est\u00e1n disponibles para evitar el intento o el suicidio de la persona.<\/span><\/strong><\/em><\/span><\/h4>\n<\/blockquote>\n<h3 style=\"text-align: center;\"><span style=\"text-decoration: underline; color: #0000ff;\"><em><strong>Al igual que se eval\u00faa la parte sana,<br \/>\ndebe evaluarse la parte enferma del individuo,<br \/>\nes decir, su grado de perturbaci\u00f3n mental. <\/strong><\/em><\/span><\/h3>\n<blockquote>\n<h4><span style=\"color: #800080;\"><em><strong><span style=\"text-decoration: underline; color: #0000ff;\">-Si esta\u0301 privado o no de sus facultades mentales y si es capaz de participar de manera constructiva o no en su autoayuda-.<\/span><span style=\"text-decoration: underline; color: #993300;\"> Y tambi\u00e9n si esta persona tiene reales motivos para seguir viviendo, por lo que se hace necesario averiguar si esta\u0301 casado, si tiene hijos, si trabaja y se siente satisfecho con lo que hace, si tiene amigos o pertenece a alguna organizaci\u00f3n pol\u00edtica, religiosa, fraternal, etc., su estado de salud f\u00edsica y sensaci\u00f3n de bienestar, entre otras cuestiones.<\/span><\/strong><\/em><\/span><\/h4>\n<h3 style=\"text-align: center;\"><span style=\"text-decoration: underline; color: #993300;\"><em><strong>Luego de este an\u00e1lisis entre qui\u00e9n era este sujeto y qui\u00e9n es ahora,<br \/>\nen este momento de riesgo, se pueden dividir las personas potencialmente<br \/>\nsuicidas en tres categor\u00edas:<\/strong><\/em><\/span><\/h3>\n<h4><span style=\"color: #008000;\"><em><strong><span style=\"text-decoration: underline; color: #0000ff;\">* PRIMERA CATEGORIA:<\/span><br \/>\n<span style=\"text-decoration: underline; color: #0000ff;\">-Personas imposibilitadas de hacerse responsables de sus vidas-.<\/span><br \/>\n<span style=\"color: #993300;\"> En esta categor\u00eda se incluyen a los que tienen muy pocos motivos para seguir viviendo, como los ancianos solos y sin familia que se ocupe de ellos y tengan otros factores de riesgo suicida sobrea\u00f1adidos, como enfermedad dolorosa, incapacitante, que requiera varias intervenciones quir\u00fargicas, mala situaci\u00f3n econ\u00f3mica, tristeza, llanto, ideas suicidas, amenazas de quitarse la vida, ingesti\u00f3n frecuente de alcohol, insomnio marcado, demencia incipiente, etc\u00e9tera.<\/span><\/strong><\/em><\/span><\/h4>\n<h4><span style=\"text-decoration: underline; color: #0000ff;\"><em><strong>-Los individuos portadores de enfermedades psiqui\u00e1tricas graves como las esquizofrenias, los trastornos del humor, la depresi\u00f3n y el alcoholismo complicado; los dementes y los retrasados mentales moderados a severos, asi\u0301 como aquellos enfermos f\u00edsicos portadores de c\u00e1ncer o SIDA, y los que padezcan de dolor cr\u00f3nico intenso-.<\/strong><\/em><\/span><\/h4>\n<h4><span style=\"color: #993300;\"><em><strong>Por \u00faltimo, los ni\u00f1os deben quedar entre las personas que no son responsables de sus vidas, pues, realmente, no lo son.<\/strong><\/em><\/span><\/h4>\n<h4><em><strong><span style=\"text-decoration: underline; color: #0000ff;\">* SEGUNDA CATEGORIA:<\/span><br \/>\n<span style=\"text-decoration: underline; color: #0000ff;\">-Personas con responsabilidad parcial sobre sus vidas-.<\/span><br \/>\n<span style=\"color: #993300;\"> Se incluyen tambi\u00e9n los retrasados mentales ligeros, los alcoh\u00f3licos no complicados y, desde luego, a los adolescentes, que aunque no son enfermos al igual que los ni\u00f1os, requieren a diferencia de \u00e9stos, no tutelaje, sino orientaci\u00f3n y consejos.<\/span><\/strong><\/em><\/h4>\n<h4><span style=\"color: #993300;\"><em><strong><span style=\"text-decoration: underline; color: #0000ff;\">* TERCERA CATEGORIA:<\/span><br \/>\nAqui\u0301 se incluyen a las personas con plena responsabilidad sobre sus vidas, como los que presentan trastornos de la personalidad, enfermedades psiqui\u00e1tricas menores o no graves, enfermedades f\u00edsicas con repercusi\u00f3n psicol\u00f3gica pero con conciencia l\u00facida, problemas situacionales sin s\u00edntomas de graves alteraciones del funcionamiento ps\u00edquico; y desde luego, los adultos sin trastornos psiqui\u00e1tricos.<\/strong><\/em><\/span><\/h4>\n<h4 style=\"text-align: left;\"><span style=\"color: #993300;\"><em><strong>Este manejo se propone en lo fundamental, comprobar si el sujeto puede colaborar con el cuidado de su propia vida y con quienes le quieren ayudar a que se la cuide. Mientras menos cooperaci\u00f3n haya, se deben extremar las precauciones pues es m\u00e1s probable la realizaci\u00f3n del acto suicida, independientemente del grado de responsabilidad que tenga sobre su vida.<\/strong><\/em><\/span><\/h4>\n<h4>Prof. Dr. Sergio Andres Perez Barrero<\/h4>\n<h4><span style=\"color: #993300;\"><em><strong>Busque ayuda inmediatamente si:<\/strong><\/em><\/span><br \/>\n<span style=\"color: #993300;\"> <em><strong> Se siente abrumado.<\/strong><\/em><\/span><br \/>\n<span style=\"color: #993300;\"> <em><strong> \u2028Est\u00e1 pensando en hacerse da\u00f1o o en da\u00f1ar a otra persona.<\/strong><\/em><\/span><br \/>\n<span style=\"color: #993300;\"> <em><strong> Es incapaz de controlar su comportamiento.<\/strong><\/em><\/span><br \/>\n<span style=\"color: #993300;\"> <em><strong> Tiene otros s\u00edntomas muy angustiantes de trastorno<br \/>\nde estr\u00e9s postraum\u00e1tico.<\/strong><\/em><\/span><\/h4>\n<h4><span style=\"color: #993300;\"><em><strong>EN CASO NECESARIO:<\/strong><\/em><\/span><br \/>\n<span style=\"color: #993300;\"> <em><strong> Llame a su m\u00e9dico.<\/strong><\/em><\/span><br \/>\n<span style=\"color: #993300;\"> <em><strong> Llame al 911 para servicios de emergencia\u2028 o vaya<\/strong><\/em><\/span><br \/>\n<span style=\"color: #993300;\"> <em><strong> a la sala de emergencias m\u00e1s cercana.<br \/>\nEn un caso de emergencia, puede llamar a:<br \/>\n52-59-81-21<br \/>\n01-800-472-78-35<\/strong><\/em><\/span><\/h4>\n<h4><span style=\"color: #008000;\"><em><strong>SAPTEL \u201cSistema Nacional de Apoyo, Consejo \u2028Psicol\u00f3gico<br \/>\ne Intervenci\u00f3n en Crisis por Tel\u00e9fono\u201d<\/strong><\/em><\/span><br \/>\n<span style=\"color: #008000;\"> <em><strong> (Cruz Roja Mexicana\u2013 24 Hrs.) sin costo<\/strong><\/em><\/span><br \/>\n<span style=\"color: #008000;\"> <em><strong> Tel.- 52-59-81-21\u00a0\u00a0 \u2013<\/strong><\/em><\/span><br \/>\n<span style=\"color: #008000;\"> <em><strong> 01-800-472-78-35<\/strong><\/em><\/span><br \/>\n<span style=\"color: #008000;\"> <em><strong> saptel@prodigy.net.mx<\/strong><\/em><\/span><br \/>\n<span style=\"color: #008000;\"> <em><strong> \u2028http:\/\/www.saptel.org.mx\/<\/strong><\/em><\/span><\/h4>\n<h4>Imagenes-Patricia Perrier Radix<em><strong><em><br \/>\n<\/em><\/strong><\/em><\/h4>\n<\/blockquote>\n","protected":false},"excerpt":{"rendered":"<p>TEMAS DE SUICIDIO -Prevenci\u00f3n- A continuaci\u00f3n expondre\u0301 varias maneras de manejar a una persona con la posibilidad de realizar un acto suicida y alerto al lector de que cualquier m\u00e9todo, siempre que sea aut\u00e9ntico, armonice con las caracter\u00edsticas de la personalidad de quien lo emplea, sea utilizado por quien crea en su efectividad y persiga [&hellip;]<\/p>\n","protected":false},"author":2,"featured_media":0,"parent":0,"menu_order":5,"comment_status":"open","ping_status":"closed","template":"","meta":[],"_links":{"self":[{"href":"https:\/\/www.ceadin.org\/b\/wp-json\/wp\/v2\/pages\/1038"}],"collection":[{"href":"https:\/\/www.ceadin.org\/b\/wp-json\/wp\/v2\/pages"}],"about":[{"href":"https:\/\/www.ceadin.org\/b\/wp-json\/wp\/v2\/types\/page"}],"author":[{"embeddable":true,"href":"https:\/\/www.ceadin.org\/b\/wp-json\/wp\/v2\/users\/2"}],"replies":[{"embeddable":true,"href":"https:\/\/www.ceadin.org\/b\/wp-json\/wp\/v2\/comments?post=1038"}],"version-history":[{"count":0,"href":"https:\/\/www.ceadin.org\/b\/wp-json\/wp\/v2\/pages\/1038\/revisions"}],"wp:attachment":[{"href":"https:\/\/www.ceadin.org\/b\/wp-json\/wp\/v2\/media?parent=1038"}],"curies":[{"name":"wp","href":"https:\/\/api.w.org\/{rel}","templated":true}]}}